-- http://www.phpmyadmin.net
--
-- Počítač: localhost
-- Vygenerováno: Pondělí 27. října 2008, 14:15
-- Verze MySQL: 5.0.51
-- Verze PHP: 5.2.6


--
-- Databáze: `webis`
--

-- --------------------------------------------------------

--
-- Struktura tabulky `Area`
--

CREATE TABLE IF NOT EXISTS `Area` (
  `Id` int(11) NOT NULL auto_increment,
  `ItemId` int(11) NOT NULL,
  `Author` int(11) NOT NULL,
  `ValidTimeFrom` datetime default NULL,
  `ValidTimeTo` datetime default NULL,
  `CreationTime` datetime default NULL,
  `DeletionTime` datetime default NULL,
  `Name` varchar(255) collate utf8_czech_ci NOT NULL,
  `NetworkIPAddress` varchar(255) collate utf8_czech_ci NOT NULL,
  `IPAddressMask` varchar(255) collate utf8_czech_ci NOT NULL,
  `DNSPrimary` varchar(255) collate utf8_czech_ci NOT NULL,
  `DNSSecondary` varchar(255) collate utf8_czech_ci NOT NULL,
  `DHCP` varchar(255) collate utf8_czech_ci NOT NULL,
  `Domain` varchar(255) collate utf8_czech_ci NOT NULL,
  `Workgroup` varchar(255) collate utf8_czech_ci NOT NULL,
  `WINS` varchar(255) collate utf8_czech_ci NOT NULL,
  `HostList` int(11) NOT NULL,
  PRIMARY KEY  (`Id`)
) ENGINE=MyISAM  DEFAULT CHARSET=utf8 COLLATE=utf8_czech_ci AUTO_INCREMENT=10 ;

--
-- Vypisuji data pro tabulku `Area`
--

INSERT INTO `Area` (`Id`, `ItemId`, `Author`, `ValidTimeFrom`, `ValidTimeTo`, `CreationTime`, `DeletionTime`, `Name`, `NetworkIPAddress`, `IPAddressMask`, `DNSPrimary`, `DNSSecondary`, `DHCP`, `Domain`, `Workgroup`, `WINS`, `HostList`) VALUES
(1, 4, 0, '0000-00-00 00:00:00', '0000-00-00 00:00:00', '0000-00-00 00:00:00', NULL, 'Bytovky dolní konec', '192.168.12.0', '255.255.255.0', '192.168.0.22', '46.33.1.2', '192.168.12.1', 'freenet.cz', 'FREENET', '192.168.0.23', 0),
(2, 3, 0, '0000-00-00 00:00:00', '0000-00-00 00:00:00', '0000-00-00 00:00:00', NULL, 'Centrum Komořany', '192.168.10.0', '255.255.255.0', '192.168.0.22', '', '192.168.10.1', 'centrum.freenet.cz', 'CENTRUM', '192.168.0.23', 0),
(3, 4, 0, '0000-00-00 00:00:00', '0000-00-00 00:00:00', '0000-00-00 00:00:00', NULL, 'Serverovna', '192.168.0.0', '255.255.255.0', '192.168.0.22', '44.55.22.34', '19ě.168.0.1', 'freenet.cz', 'FREENET', '192.168.0.23', 0),
(4, 4, 0, '0000-00-00 00:00:00', '0000-00-00 00:00:00', '0000-00-00 00:00:00', NULL, 'Kůlna', '10.198.0.0', '255.255.0.0', '192.168.0.1', '129.168.0.22', '10.198.0.1', 'kulna.freenet.cz', 'KULNA', '192.168.0.23', 0),
(5, 1, 0, '0000-00-00 00:00:00', '0000-00-00 00:00:00', '2008-10-09 14:02:11', '2008-10-13 07:59:09', 'ss', 'ss', 'ss', '', '', '', '', '', '', 0),
(6, 2, 5, '0000-00-00 00:00:00', '0000-00-00 00:00:00', '2008-10-09 14:04:59', NULL, 'kk', '', '', '', '', '', '', '', '', 0),
(7, 2, 0, '2008-10-09 14:09:48', NULL, '2008-10-09 14:09:48', NULL, 'kk', 'sss', '', '', '', '', '', '', '', 0),
(8, 2, 5, '2008-10-09 14:43:13', NULL, '2008-10-09 14:43:13', '2008-10-13 07:56:32', 'Ahoj', 'sss', '', '', '', '', '', '', '', 0),
(9, 5, 5, '2008-10-19 20:00:47', NULL, '2008-10-19 20:00:47', NULL, 'Czfree', '10.0.0.0', '255.0.0.0', '', '', '', 'czf', 'czfree', '', 0);

-- --------------------------------------------------------

--
-- Struktura tabulky `Asset`
--

CREATE TABLE IF NOT EXISTS `Asset` (
  `Id` int(11) NOT NULL auto_increment,
  `ItemId` int(11) NOT NULL,
  `Author` int(11) NOT NULL,
  `ValidTimeFrom` datetime default NULL,
  `ValidTimeTo` datetime default NULL,
  `CreationTime` datetime default NULL,
  `DeletionTime` datetime default NULL,
  `Name` varchar(255) collate utf8_czech_ci NOT NULL,
  `TimeEnlistment` datetime NOT NULL,
  `TimeElimination` datetime NOT NULL,
  `Price` float NOT NULL,
  `State` int(11) NOT NULL,
  `SerialNumber` varchar(255) collate utf8_czech_ci NOT NULL,
  `PurcheasedFrom` int(11) NOT NULL,
  PRIMARY KEY  (`Id`)
) ENGINE=MyISAM  DEFAULT CHARSET=utf8 COLLATE=utf8_czech_ci AUTO_INCREMENT=17 ;

--
-- Vypisuji data pro tabulku `Asset`
--

INSERT INTO `Asset` (`Id`, `ItemId`, `Author`, `ValidTimeFrom`, `ValidTimeTo`, `CreationTime`, `DeletionTime`, `Name`, `TimeEnlistment`, `TimeElimination`, `Price`, `State`, `SerialNumber`, `PurcheasedFrom`) VALUES
(1, 1, 5, '0000-00-00 00:00:00', '0000-00-00 00:00:00', '0000-00-00 00:00:00', NULL, 'Ovislink WL-1120AP', '0000-00-00 00:00:00', '0000-00-00 00:00:00', 563, 2, 'WL1120AP111353', 2),
(2, 2, 5, '0000-00-00 00:00:00', '0000-00-00 00:00:00', '0000-00-00 00:00:00', NULL, 'Routerboard RB-433', '0000-00-00 00:00:00', '0000-00-00 00:00:00', 3200, 1, 'RB433-3366264', 9),
(3, 3, 5, '0000-00-00 00:00:00', '0000-00-00 00:00:00', '0000-00-00 00:00:00', NULL, 'Ovislink WL-5460AP', '0000-00-00 00:00:00', '0000-00-00 00:00:00', 800, 3, 'WL5460A-4372-333362', 9),
(4, 4, 5, '0000-00-00 00:00:00', '0000-00-00 00:00:00', '0000-00-00 00:00:00', NULL, 'StraightCore WRT-312', '0000-00-00 00:00:00', '0000-00-00 00:00:00', 1110, 0, 'SC-WRT312-112', 7),
(5, 5, 5, '0000-00-00 00:00:00', '0000-00-00 00:00:00', '0000-00-00 00:00:00', NULL, 'UTP kabel 100 m', '0000-00-00 00:00:00', '0000-00-00 00:00:00', 600, 2, '', 7),
(6, 6, 5, '0000-00-00 00:00:00', '0000-00-00 00:00:00', '0000-00-00 00:00:00', NULL, 'Anténa UNIMAX 12 dBi 2,4 GHz', '0000-00-00 00:00:00', '0000-00-00 00:00:00', 600, 2, '4234234234', 7),
(7, 7, 5, '0000-00-00 00:00:00', '0000-00-00 00:00:00', '0000-00-00 00:00:00', NULL, 'UTP kabel Belden CAT-5 305 m ', '0000-00-00 00:00:00', '0000-00-00 00:00:00', 1766, 1, '', 9),
(8, 8, 5, '0000-00-00 00:00:00', '0000-00-00 00:00:00', '0000-00-00 00:00:00', NULL, 'Paměť DDR2 2 GB 800 MHz', '0000-00-00 00:00:00', '0000-00-00 00:00:00', 734, 2, 'DDR2422622a', 9),
(9, 9, 5, '0000-00-00 00:00:00', '0000-00-00 00:00:00', '0000-00-00 00:00:00', NULL, 'Všesměrová anténa Omni 10 dBi', '0000-00-00 00:00:00', '0000-00-00 00:00:00', 1043, 2, 'OMNI123533', 9),
(10, 10, 5, '0000-00-00 00:00:00', '0000-00-00 00:00:00', '0000-00-00 00:00:00', NULL, 'Notebook Asus EEE PC 901', '0000-00-00 00:00:00', '0000-00-00 00:00:00', 6232, 2, 'ASUSEEE901-2414aa53', 9),
(11, 11, 5, '0000-00-00 00:00:00', '0000-00-00 00:00:00', '0000-00-00 00:00:00', NULL, '10x UTP konektory drát', '0000-00-00 00:00:00', '0000-00-00 00:00:00', 30, 1, '', 9),
(12, 12, 5, '0000-00-00 00:00:00', '0000-00-00 00:00:00', '0000-00-00 00:00:00', NULL, 'Edimax gigabit switch 8-port', '0000-00-00 00:00:00', '0000-00-00 00:00:00', 750, 2, 'EDW8-423423-333', 9),
(13, 13, 5, '0000-00-00 00:00:00', '0000-00-00 00:00:00', '0000-00-00 00:00:00', NULL, 'VoIP adaptér Zyxel VO-112', '0000-00-00 00:00:00', '0000-00-00 00:00:00', 1342, 2, 'ZXS422Z33', 9),
(14, 14, 5, '0000-00-00 00:00:00', '0000-00-00 00:00:00', '0000-00-00 00:00:00', NULL, 'IP kamera Vivotek IP-224', '0000-00-00 00:00:00', '0000-00-00 00:00:00', 3744, 2, 'VOWW623335', 9),
(15, 9, 5, '2008-10-14 07:20:25', NULL, '2008-10-14 07:20:25', '2008-10-16 12:24:44', 'Všesměrová anténa Omni 10 dBi', '2001-01-01 00:00:00', '2066-01-01 00:00:00', 1043, 2, 'OMNI123533', 9),
(16, 9, 5, '2008-10-16 12:24:44', NULL, '2008-10-16 12:24:44', NULL, 'Všesměrová anténa Omni 10 dBi', '2001-01-01 00:00:00', '2066-01-01 00:00:00', 1050, 2, 'OMNI123533', 9);

-- --------------------------------------------------------

--
-- Struktura tabulky `BankAccount`
--

CREATE TABLE IF NOT EXISTS `BankAccount` (
  `Id` int(11) NOT NULL auto_increment,
  `ItemId` int(11) NOT NULL,
  `Author` int(11) NOT NULL,
  `ValidTimeFrom` datetime default NULL,
  `ValidTimeTo` datetime default NULL,
  `CreationTime` datetime default NULL,
  `DeletionTime` datetime default NULL,
  `Name` varchar(255) collate utf8_czech_ci NOT NULL,
  `BankName` varchar(255) collate utf8_czech_ci NOT NULL,
  `Number` varchar(255) collate utf8_czech_ci NOT NULL,
  `BankCode` varchar(255) collate utf8_czech_ci NOT NULL,
  `Type` int(11) NOT NULL,
  `User` int(11) NOT NULL,
  PRIMARY KEY  (`Id`)
) ENGINE=MyISAM  DEFAULT CHARSET=utf8 COLLATE=utf8_czech_ci AUTO_INCREMENT=4 ;

--
-- Vypisuji data pro tabulku `BankAccount`
--

INSERT INTO `BankAccount` (`Id`, `ItemId`, `Author`, `ValidTimeFrom`, `ValidTimeTo`, `CreationTime`, `DeletionTime`, `Name`, `BankName`, `Number`, `BankCode`, `Type`, `User`) VALUES
(1, 1, 5, '0000-00-00 00:00:00', '0000-00-00 00:00:00', '0000-00-00 00:00:00', NULL, 'Hlavní účet', 'Poštovní spořitelna', '22653446', '0200', 1, 1),
(2, 2, 5, '0000-00-00 00:00:00', '0000-00-00 00:00:00', '0000-00-00 00:00:00', NULL, 'Vedlejší účet', 'Komerční banka', '5543332', '0400', 2, 2),
(3, 3, 4, '0000-00-00 00:00:00', '0000-00-00 00:00:00', '0000-00-00 00:00:00', NULL, 'Pomocný - vedení zdarma', 'Mbank', '24522266', '0156', 1, 2);

-- --------------------------------------------------------

--
-- Struktura tabulky `CableTV`
--

CREATE TABLE IF NOT EXISTS `CableTV` (
  `Id` int(11) NOT NULL auto_increment,
  `Name` varchar(16) character set utf8 collate utf8_czech_ci NOT NULL,
  `Frequency` int(11) NOT NULL default '0',
  `Norm` varchar(8) character set utf8 collate utf8_czech_ci NOT NULL,
  `Homepage` varchar(255) character set utf8 collate utf8_czech_ci NOT NULL,
  `Language` varchar(32) character set utf8 collate utf8_czech_ci NOT NULL,
  `ShortName` varchar(16) character set utf8 collate utf8_czech_ci NOT NULL,
  `ItemId` int(11) NOT NULL,
  `Author` int(11) NOT NULL,
  `ValidTimeFrom` datetime default NULL,
  `ValidTimeTo` datetime default NULL,
  `CreationTime` datetime default NULL,
  `DeletionTime` datetime default NULL,
  PRIMARY KEY  (`Id`)
) ENGINE=MyISAM  DEFAULT CHARSET=latin2 AUTO_INCREMENT=25 ;

--
-- Vypisuji data pro tabulku `CableTV`
--

INSERT INTO `CableTV` (`Id`, `Name`, `Frequency`, `Norm`, `Homepage`, `Language`, `ShortName`, `ItemId`, `Author`, `ValidTimeFrom`, `ValidTimeTo`, `CreationTime`, `DeletionTime`) VALUES
(1, 'STV 1', 49218, 'pal-bg', 'http://www.stv.sk/', 'slovensky', 'stv1', 1, 5, NULL, NULL, '2008-10-21 16:05:26', NULL),
(2, 'Galaxie Sport', 230687, 'pal-bg', 'http://www.galaxie-sport.cz/', 'česky', 'galaxia_sport', 2, 5, NULL, NULL, '2008-10-21 16:05:26', NULL),
(3, 'STV 2', 76650, 'pal-bg', 'http://www.stv.sk/', 'slovensky', 'stv2', 3, 5, NULL, NULL, '2008-10-21 16:05:26', NULL),
(4, 'TVN', 150937, 'pal-bg', 'http://tvn.pl/', 'polsky', 'tvn', 4, 5, NULL, NULL, '2008-10-21 16:05:26', NULL),
(5, 'CNN', 158718, 'pal-bg', 'http://www.cnn.com/', 'anglicky', 'cnn', 5, 5, NULL, NULL, '2008-10-21 16:05:26', NULL),
(6, 'Nova', 175381, 'pal-dk', 'http://www.nova.cz/', 'česky', 'nova', 6, 5, NULL, NULL, '2008-10-21 16:05:26', NULL),
(7, 'Prima', 190781, 'pal-dk', 'http://www.iprima.cz/', 'česky', 'prima', 7, 5, NULL, NULL, '2008-10-21 16:05:26', NULL),
(8, 'JOJ', 198718, 'pal-bg', 'http://www.joj.sk/', 'slovensky', 'joj', 8, 5, NULL, NULL, '2008-10-21 16:05:26', NULL),
(9, 'ČT2', 206937, 'pal-dk', 'http://www.ceskatelevize.cz/', 'česky', 'ct2', 9, 5, NULL, NULL, '2008-10-21 16:05:26', NULL),
(10, 'Infokanál', 214843, 'pal-bg', '', 'česky', 'infokanal', 10, 5, NULL, NULL, '2008-10-21 16:05:26', NULL),
(11, 'ČT1', 223125, 'pal-dk', 'http://www.ceskatelevize.cz/', 'česky', 'ct1', 11, 5, NULL, NULL, '2008-10-21 16:05:26', NULL),
(12, 'Markíza', 58781, 'pal-bg', 'http://www.markiza.sk/', 'slovenky', 'markiza', 12, 5, NULL, NULL, '2008-10-21 16:05:26', NULL),
(13, 'Discovery', 237781, 'pal-bg', 'http://www.discoverychannel.cz/', 'česky', 'discovery', 13, 5, NULL, NULL, '2008-10-21 16:05:26', NULL),
(14, 'Eurosport', 470781, 'pal-bg', 'http://www.eurosport.cz/', 'česky', 'eurosport', 14, 5, NULL, NULL, '2008-10-21 16:05:26', NULL),
(15, 'DSF', 486718, 'pal-bg', 'http://www.dsf.de/', 'německy', 'dsf', 15, 5, NULL, NULL, '2008-10-21 16:05:26', NULL),
(16, 'VIVA 1', 502718, 'pal-bg', 'http://www.viva.tv/', 'německy', 'viva1', 16, 5, NULL, NULL, '2008-10-21 16:05:26', NULL),
(17, 'VIVA 2', 518718, 'pal-bg', 'http://www.viva.tv/', 'německy', 'viva2', 17, 5, NULL, NULL, '2008-10-21 16:05:26', NULL),
(18, 'MTV', 534718, 'pal-bg', 'http://www.mtv.tv/', 'německy', 'mtv', 18, 5, NULL, NULL, '2008-10-21 16:05:26', NULL),
(19, 'ZDF', 550718, 'pal-bg', 'http://www.zdf.de/', 'německy', 'zdf', 19, 5, NULL, NULL, '2008-10-21 16:05:26', NULL),
(20, 'Noe', 244781, 'pal-bg', 'http://www.tvnoe.cz/', 'česky', 'noe', 20, 5, NULL, NULL, '2008-10-21 16:05:26', NULL),
(21, 'RTL', 166718, 'pal-bg', 'http://www.rtl.de/', 'německy', 'rtl', 21, 5, NULL, NULL, '2008-10-21 16:05:26', NULL),
(22, 'NOVA Cinema', 252250, 'pal-bg', 'http://novacinema.nova.cz/', 'česky', 'nova_cinema', 22, 5, NULL, NULL, '2008-10-21 16:05:26', NULL),
(23, 'ČT 24', 273250, 'pal-bg', 'http://www.ct24.cz/', 'česky', 'ct24', 23, 5, NULL, NULL, '2008-10-21 16:05:26', NULL),
(24, 'ČT 4 Sport', 280250, 'pal-bg', 'http://www.ct24.cz/sport/', 'česky', 'ct4sport', 24, 5, NULL, NULL, '2008-10-21 16:05:26', NULL);

-- --------------------------------------------------------

--
-- Struktura tabulky `dd`
--

CREATE TABLE IF NOT EXISTS `dd` (
  `Id` int(11) NOT NULL auto_increment,
  `ItemId` int(11) NOT NULL,
  `Author` int(11) NOT NULL,
  `ValidTimeFrom` datetime default NULL,
  `ValidTimeTo` datetime default NULL,
  `CreationTime` datetime default NULL,
  `DeletionTime` datetime default NULL,
  PRIMARY KEY  (`Id`)
) ENGINE=MyISAM DEFAULT CHARSET=utf8 COLLATE=utf8_czech_ci AUTO_INCREMENT=1 ;

--
-- Vypisuji data pro tabulku `dd`
--


-- --------------------------------------------------------

--
-- Struktura tabulky `FinanceTransaction`
--

CREATE TABLE IF NOT EXISTS `FinanceTransaction` (
  `Id` int(11) NOT NULL auto_increment,
  `ItemId` int(11) NOT NULL,
  `Author` int(11) NOT NULL,
  `ValidTimeFrom` datetime default NULL,
  `ValidTimeTo` datetime default NULL,
  `CreationTime` datetime default NULL,
  `DeletionTime` datetime default NULL,
  `Description` varchar(255) collate utf8_czech_ci NOT NULL,
  `Amount` float NOT NULL,
  `SourceSubject` int(11) NOT NULL,
  `TargetSubject` int(11) NOT NULL,
  `Time` datetime NOT NULL,
  `Type` int(11) NOT NULL,
  `InsertedByUser` int(11) NOT NULL,
  `Document` int(11) NOT NULL,
  PRIMARY KEY  (`Id`)
) ENGINE=MyISAM  DEFAULT CHARSET=utf8 COLLATE=utf8_czech_ci AUTO_INCREMENT=32 ;

--
-- Vypisuji data pro tabulku `FinanceTransaction`
--

INSERT INTO `FinanceTransaction` (`Id`, `ItemId`, `Author`, `ValidTimeFrom`, `ValidTimeTo`, `CreationTime`, `DeletionTime`, `Description`, `Amount`, `SourceSubject`, `TargetSubject`, `Time`, `Type`, `InsertedByUser`, `Document`) VALUES
(1, 1, 5, '0000-00-00 00:00:00', '0000-00-00 00:00:00', '0000-00-00 00:00:00', NULL, 'Internet 2 Mbit 2008/05', 360, 2, 11, '0000-00-00 00:00:00', 0, 1, 0),
(2, 2, 5, '0000-00-00 00:00:00', '0000-00-00 00:00:00', '0000-00-00 00:00:00', NULL, 'Zřízení přípojky', 4300, 10, 11, '0000-00-00 00:00:00', 1, 11, 0),
(3, 3, 5, '0000-00-00 00:00:00', '0000-00-00 00:00:00', '0000-00-00 00:00:00', NULL, 'Internet 8 Mbit 2008/05', 750, 8, 11, '0000-00-00 00:00:00', 0, 11, 0),
(4, 4, 5, '0000-00-00 00:00:00', '0000-00-00 00:00:00', '0000-00-00 00:00:00', NULL, 'Vrácení přeplatku', 231, 11, 8, '0000-00-00 00:00:00', 0, 11, 0),
(31, 2, 5, '2008-10-14 09:20:19', NULL, '2008-10-14 09:20:19', NULL, 'Zřízení přípojky', 4300, 10, 11, '1900-01-01 00:00:00', 1, 11, 4),
(30, 2, 5, '2008-10-14 09:17:42', NULL, '2008-10-14 09:17:42', NULL, 'Zřízení přípojky', 4300, 10, 11, '1900-01-01 00:00:00', 1, 11, 0),
(29, 2, 5, '2008-10-14 09:16:57', NULL, '2008-10-14 09:16:57', NULL, 'Zřízení přípojky', 4300, 10, 11, '1900-01-01 00:00:00', 1, 11, 0),
(28, 3, 5, '2008-10-14 09:16:34', NULL, '2008-10-14 09:16:34', NULL, 'Internet 8 Mbit 2008/05', 750, 8, 11, '1900-01-01 00:00:00', 0, 11, 3),
(27, 4, 5, '2008-10-14 09:16:00', NULL, '2008-10-14 09:16:00', NULL, 'Vrácení přeplatku', 231, 11, 8, '1900-01-01 00:00:00', 0, 11, 2),
(26, 4, 5, '2008-10-14 09:07:57', NULL, '2008-10-14 09:07:57', NULL, 'Vrácení přeplatku', 231, 11, 8, '1900-01-01 00:00:00', 0, 11, 0),
(25, 4, 5, '2008-10-14 09:05:45', NULL, '2008-10-14 09:05:45', NULL, 'Vrácení přeplatku', 231, 11, 8, '1900-01-01 00:00:00', 0, 11, 0),
(24, 4, 5, '2008-10-14 09:03:32', NULL, '2008-10-14 09:03:32', NULL, 'Vrácení přeplatku', 231, 11, 8, '1900-01-01 00:00:00', 0, 11, 1),
(23, 4, 5, '2008-10-14 09:02:31', NULL, '2008-10-14 09:02:31', NULL, 'Vrácení přeplatku', 231, 11, 8, '1900-01-01 00:00:00', 0, 11, 0),
(22, 4, 5, '2008-10-14 09:01:39', NULL, '2008-10-14 09:01:39', NULL, 'Vrácení přeplatku', 231, 11, 8, '1900-01-01 00:00:00', 0, 11, 0);

-- --------------------------------------------------------

--
-- Struktura tabulky `Host`
--

CREATE TABLE IF NOT EXISTS `Host` (
  `Id` int(11) NOT NULL auto_increment,
  `ItemId` int(11) NOT NULL,
  `Author` int(11) NOT NULL,
  `ValidTimeFrom` datetime default NULL,
  `ValidTimeTo` datetime default NULL,
  `CreationTime` datetime default NULL,
  `DeletionTime` datetime default NULL,
  `DomainName` varchar(225) character set latin1 NOT NULL,
  `NetBIOSName` varchar(255) character set latin1 NOT NULL,
  `LocalIPAddress` varchar(255) character set latin1 NOT NULL,
  `PublicIPAddress` varchar(255) character set latin1 NOT NULL,
  `LastOnlineDate` date NOT NULL,
  `Type` int(11) NOT NULL,
  `Interface` int(11) NOT NULL,
  `ParentHost` int(11) NOT NULL,
  `Member` int(11) NOT NULL,
  `Area` int(11) NOT NULL,
  `SubHostList` int(11) NOT NULL,
  PRIMARY KEY  (`Id`)
) ENGINE=MyISAM  DEFAULT CHARSET=utf8 COLLATE=utf8_czech_ci AUTO_INCREMENT=15 ;

--
-- Vypisuji data pro tabulku `Host`
--

INSERT INTO `Host` (`Id`, `ItemId`, `Author`, `ValidTimeFrom`, `ValidTimeTo`, `CreationTime`, `DeletionTime`, `DomainName`, `NetBIOSName`, `LocalIPAddress`, `PublicIPAddress`, `LastOnlineDate`, `Type`, `Interface`, `ParentHost`, `Member`, `Area`, `SubHostList`) VALUES
(1, 1, 5, '0000-00-00 00:00:00', '0000-00-00 00:00:00', '0000-00-00 00:00:00', NULL, 'george', 'GEORGE', '192.168.0.23', '', '0000-00-00', 1, 0, 4, 0, 0, 0),
(2, 2, 5, '0000-00-00 00:00:00', '0000-00-00 00:00:00', '0000-00-00 00:00:00', '2008-10-22 08:05:42', 'stroj', 'STROJ', '192.168.1.44', '33.66.44.77', '0000-00-00', 5, 0, 0, 0, 0, 0),
(3, 3, 5, '0000-00-00 00:00:00', '0000-00-00 00:00:00', '0000-00-00 00:00:00', NULL, 'telefon', 'TELEFON', '192.168.1.45', '', '0000-00-00', 2, 0, 4, 1, 2, 0),
(4, 4, 5, '0000-00-00 00:00:00', '0000-00-00 00:00:00', '0000-00-00 00:00:00', NULL, 'router-inet', 'ROUTER-INET', '192.168.0.2', '77.33.55.12', '0000-00-00', 4, 0, 1, 1, 4, 0),
(5, 5, 5, '0000-00-00 00:00:00', '0000-00-00 00:00:00', '0000-00-00 00:00:00', NULL, 'muhehe', 'MUHEHE', '192.168.0.4', '', '0000-00-00', 1, 0, 1, 1, 2, 0),
(6, 6, 5, '0000-00-00 00:00:00', '0000-00-00 00:00:00', '0000-00-00 00:00:00', NULL, 'jonny', 'JONNY', '192.168.0.6', '', '0000-00-00', 1, 0, 1, 1, 1, 0),
(7, 7, 5, '0000-00-00 00:00:00', '0000-00-00 00:00:00', '0000-00-00 00:00:00', '2008-10-19 20:01:24', 'laserovka-samsung', 'LASEROVKA-SAMSUNG', '192.168.12.4', '', '0000-00-00', 6, 0, 0, 0, 0, 0),
(8, 8, 5, '0000-00-00 00:00:00', '0000-00-00 00:00:00', '0000-00-00 00:00:00', NULL, 'www', 'WWW', '192.168.0.7', '34.22.1.4', '0000-00-00', 5, 0, 0, 0, 0, 0),
(9, 9, 5, '0000-00-00 00:00:00', '0000-00-00 00:00:00', '0000-00-00 00:00:00', NULL, 'peklo', 'PEKLO', '192.168.66.66', '', '0000-00-00', 7, 0, 4, 2, 0, 0),
(10, 1, 5, '2008-10-13 13:52:04', NULL, '2008-10-13 13:52:04', NULL, 'george', 'GEORGE', '192.168.0.23', '', '1900-01-01', 1, 0, 4, 1, 4, 0),
(11, 7, 5, '2008-10-19 20:01:24', NULL, '2008-10-19 20:01:24', '2008-10-19 20:03:14', 'laserovka-samsung', 'LASEROVKA-SAMSUNG', '192.168.12.4', '', '1900-01-01', 6, 0, 4, 2, 5, 0),
(12, 7, 5, '2008-10-19 20:03:14', NULL, '2008-10-19 20:03:14', '2008-10-19 20:03:19', 'laserovka-samsung', 'LASEROVKA-SAMSUNG', '192.168.12.4', '', '1900-01-01', 6, 0, 4, 2, 5, 0),
(13, 7, 5, '2008-10-19 20:03:19', NULL, '2008-10-19 20:03:19', NULL, 'laserovka-samsung', 'LASEROVKA-SAMSUNG', '192.168.12.4', '', '1900-01-01', 6, 0, 4, 2, 2, 0),
(14, 2, 28, '2008-10-22 08:05:42', NULL, '2008-10-22 08:05:42', NULL, 'stroj', 'STROJ', '192.168.1.44', '33.66.44.77', '1900-01-01', 5, 0, 4, 4, 3, 0);

-- --------------------------------------------------------

--
-- Struktura tabulky `Interface`
--

CREATE TABLE IF NOT EXISTS `Interface` (
  `Id` int(11) NOT NULL auto_increment,
  `ItemId` int(11) NOT NULL,
  `Author` int(11) NOT NULL,
  `ValidTimeFrom` datetime default NULL,
  `ValidTimeTo` datetime default NULL,
  `CreationTime` datetime default NULL,
  `DeletionTime` datetime default NULL,
  `Name` varchar(255) collate utf8_czech_ci NOT NULL,
  `Type` int(11) NOT NULL,
  `Area` int(11) NOT NULL,
  `Host` int(11) NOT NULL,
  `MAC` varchar(255) collate utf8_czech_ci NOT NULL,
  `ParentHost` int(11) NOT NULL,
  PRIMARY KEY  (`Id`)
) ENGINE=MyISAM  DEFAULT CHARSET=utf8 COLLATE=utf8_czech_ci AUTO_INCREMENT=9 ;

--
-- Vypisuji data pro tabulku `Interface`
--

INSERT INTO `Interface` (`Id`, `ItemId`, `Author`, `ValidTimeFrom`, `ValidTimeTo`, `CreationTime`, `DeletionTime`, `Name`, `Type`, `Area`, `Host`, `MAC`, `ParentHost`) VALUES
(1, 1, 5, '0000-00-00 00:00:00', '0000-00-00 00:00:00', '0000-00-00 00:00:00', '2008-10-19 19:13:18', 'Kabel', 2, 0, 1, '00:00:00:00:00:00', 0),
(2, 2, 5, '0000-00-00 00:00:00', '0000-00-00 00:00:00', '0000-00-00 00:00:00', '2008-10-19 19:13:33', 'eth0', 3, 0, 3, 'A5:00:00:11:CD:2F', 0),
(3, 3, 5, '0000-00-00 00:00:00', '0000-00-00 00:00:00', '0000-00-00 00:00:00', NULL, 'Bezdrát', 0, 0, 5, '00:00:00:A5:53:26', 0),
(4, 4, 5, '0000-00-00 00:00:00', '0000-00-00 00:00:00', '0000-00-00 00:00:00', '2008-10-19 20:07:04', 'eth0', 2, 0, 6, '45:00:12:54:FE:C2', 0),
(5, 1, 5, '2008-10-19 19:13:18', NULL, '2008-10-19 19:13:18', '2008-10-19 19:13:25', 'Kabel', 2, 0, 1, '00:00:00:00:00:00', 1),
(6, 1, 5, '2008-10-19 19:13:25', NULL, '2008-10-19 19:13:25', NULL, 'Kabel', 2, 0, 1, '00:00:00:00:00:00', 2),
(7, 2, 5, '2008-10-19 19:13:33', NULL, '2008-10-19 19:13:33', NULL, 'eth0', 3, 0, 3, 'A5:00:00:11:CD:2F', 8),
(8, 4, 5, '2008-10-19 20:07:04', NULL, '2008-10-19 20:07:04', NULL, 'eth0', 2, 0, 6, '45:00:12:54:FE:C2', 4);

-- --------------------------------------------------------

--
-- Struktura tabulky `Member`
--

CREATE TABLE IF NOT EXISTS `Member` (
  `Id` int(11) NOT NULL auto_increment,
  `ItemId` int(11) NOT NULL,
  `Author` int(11) NOT NULL,
  `ValidTimeFrom` datetime NOT NULL,
  `ValidTimeTo` datetime NOT NULL,
  `CreationTime` datetime NOT NULL,
  `DeletionTime` datetime NOT NULL,
  `Subject` int(11) NOT NULL,
  `ResponsibleUser` int(11) NOT NULL,
  `FamilyMemberCount` int(11) NOT NULL,
  `MembershipDate` date NOT NULL,
  `MemberState` int(11) NOT NULL,
  `HostList` int(11) NOT NULL,
  `Tariff` int(11) NOT NULL,
  `UserList` int(11) NOT NULL,
  `GPS` int(11) NOT NULL,
  PRIMARY KEY  (`Id`)
) ENGINE=MyISAM  DEFAULT CHARSET=utf8 COLLATE=utf8_czech_ci AUTO_INCREMENT=37 ;

--
-- Vypisuji data pro tabulku `Member`
--

INSERT INTO `Member` (`Id`, `ItemId`, `Author`, `ValidTimeFrom`, `ValidTimeTo`, `CreationTime`, `DeletionTime`, `Subject`, `ResponsibleUser`, `FamilyMemberCount`, `MembershipDate`, `MemberState`, `HostList`, `Tariff`, `UserList`, `GPS`) VALUES
(1, 1, 5, '0000-00-00 00:00:00', '0000-00-00 00:00:00', '0000-00-00 00:00:00', '2008-10-21 10:11:56', 2, 1, 3, '0000-00-00', 2, 0, 3, 0, 0),
(2, 2, 5, '0000-00-00 00:00:00', '0000-00-00 00:00:00', '0000-00-00 00:00:00', '2008-10-21 10:13:08', 3, 6, 2, '0000-00-00', 2, 0, 4, 0, 0),
(3, 3, 5, '0000-00-00 00:00:00', '0000-00-00 00:00:00', '0000-00-00 00:00:00', '2008-10-21 10:18:03', 7, 8, 0, '0000-00-00', 2, 0, 2, 0, 0),
(4, 4, 5, '0000-00-00 00:00:00', '0000-00-00 00:00:00', '0000-00-00 00:00:00', '2008-10-21 10:20:38', 8, 11, 0, '0000-00-00', 2, 0, 3, 0, 0),
(5, 5, 5, '0000-00-00 00:00:00', '0000-00-00 00:00:00', '0000-00-00 00:00:00', '0000-00-00 00:00:00', 10, 1, 2, '0000-00-00', 1, 0, 3, 0, 0),
(6, 6, 5, '0000-00-00 00:00:00', '0000-00-00 00:00:00', '0000-00-00 00:00:00', '0000-00-00 00:00:00', 12, 12, 1, '0000-00-00', 3, 0, 1, 0, 0),
(7, 3, 5, '2008-10-21 10:18:03', '0000-00-00 00:00:00', '2008-10-21 10:18:03', '0000-00-00 00:00:00', 7, 8, 0, '1900-01-01', 2, 0, 2, 0, 0),
(8, 4, 5, '2008-10-21 10:20:38', '0000-00-00 00:00:00', '2008-10-21 10:20:38', '2008-10-21 10:21:01', 8, 11, 0, '1900-01-01', 2, 0, 3, 0, 3),
(9, 4, 5, '2008-10-21 10:21:01', '0000-00-00 00:00:00', '2008-10-21 10:21:01', '2008-10-21 10:22:36', 8, 11, 0, '1900-01-01', 2, 0, 3, 0, 4),
(10, 4, 5, '2008-10-21 10:22:36', '0000-00-00 00:00:00', '2008-10-21 10:22:36', '2008-10-21 10:30:03', 8, 11, 0, '1900-01-01', 2, 0, 3, 0, 5),
(11, 4, 5, '2008-10-21 10:30:03', '0000-00-00 00:00:00', '2008-10-21 10:30:03', '2008-10-21 10:35:47', 8, 11, 0, '1900-01-01', 2, 0, 3, 0, 6),
(12, 4, 5, '2008-10-21 10:35:47', '0000-00-00 00:00:00', '2008-10-21 10:35:47', '2008-10-21 10:36:21', 8, 11, 0, '1900-01-01', 2, 0, 3, 0, 7),
(13, 4, 5, '2008-10-21 10:36:21', '0000-00-00 00:00:00', '2008-10-21 10:36:21', '2008-10-21 10:36:36', 8, 11, 0, '1900-01-01', 2, 0, 3, 0, 8),
(14, 4, 5, '2008-10-21 10:36:36', '0000-00-00 00:00:00', '2008-10-21 10:36:36', '2008-10-21 10:38:25', 8, 11, 0, '1900-01-01', 2, 0, 3, 0, 9),
(15, 4, 5, '2008-10-21 10:38:25', '0000-00-00 00:00:00', '2008-10-21 10:38:25', '2008-10-21 10:39:52', 8, 11, 0, '1900-01-01', 2, 0, 3, 0, 10),
(16, 4, 5, '2008-10-21 10:39:52', '0000-00-00 00:00:00', '2008-10-21 10:39:52', '2008-10-21 10:39:57', 8, 11, 0, '1900-01-01', 2, 0, 3, 0, 11),
(17, 4, 5, '2008-10-21 10:39:57', '0000-00-00 00:00:00', '2008-10-21 10:39:57', '2008-10-21 11:40:16', 8, 11, 0, '1900-01-01', 2, 0, 3, 0, 12),
(18, 4, 5, '2008-10-21 11:40:16', '0000-00-00 00:00:00', '2008-10-21 11:40:16', '2008-10-21 11:41:33', 8, 11, 0, '1900-01-01', 2, 0, 3, 0, 13),
(19, 4, 5, '2008-10-21 11:41:33', '0000-00-00 00:00:00', '2008-10-21 11:41:33', '2008-10-21 11:41:42', 8, 11, 0, '1900-01-01', 2, 0, 3, 0, 14),
(20, 4, 5, '2008-10-21 11:41:42', '0000-00-00 00:00:00', '2008-10-21 11:41:42', '2008-10-21 11:41:50', 8, 11, 0, '1900-01-01', 2, 0, 3, 0, 15),
(21, 4, 5, '2008-10-21 11:41:50', '0000-00-00 00:00:00', '2008-10-21 11:41:50', '2008-10-21 11:41:54', 8, 11, 0, '1900-01-01', 2, 0, 3, 0, 16),
(22, 4, 5, '2008-10-21 11:41:54', '0000-00-00 00:00:00', '2008-10-21 11:41:54', '2008-10-21 11:42:30', 8, 11, 0, '1900-01-01', 2, 0, 3, 0, 17),
(23, 4, 5, '2008-10-21 11:42:30', '0000-00-00 00:00:00', '2008-10-21 11:42:30', '2008-10-21 11:42:36', 8, 11, 0, '1900-01-01', 2, 0, 3, 0, 18),
(24, 4, 5, '2008-10-21 11:42:36', '0000-00-00 00:00:00', '2008-10-21 11:42:36', '2008-10-21 11:42:41', 8, 11, 0, '1900-01-01', 2, 0, 3, 0, 19),
(25, 4, 5, '2008-10-21 11:42:41', '0000-00-00 00:00:00', '2008-10-21 11:42:41', '2008-10-21 11:47:30', 8, 11, 0, '1900-01-01', 2, 0, 3, 0, 20),
(26, 4, 5, '2008-10-21 11:47:30', '0000-00-00 00:00:00', '2008-10-21 11:47:30', '2008-10-21 11:47:39', 8, 11, 0, '1900-01-01', 2, 0, 3, 0, 21),
(27, 4, 5, '2008-10-21 11:47:39', '0000-00-00 00:00:00', '2008-10-21 11:47:39', '2008-10-21 11:49:23', 8, 11, 0, '1900-01-01', 2, 0, 3, 0, 22),
(28, 4, 5, '2008-10-21 11:49:23', '0000-00-00 00:00:00', '2008-10-21 11:49:23', '2008-10-21 11:53:36', 8, 11, 0, '1900-01-01', 2, 0, 3, 0, 23),
(29, 4, 5, '2008-10-21 11:53:36', '0000-00-00 00:00:00', '2008-10-21 11:53:36', '2008-10-21 11:53:42', 8, 11, 0, '1900-01-01', 2, 0, 3, 0, 24),
(30, 4, 5, '2008-10-21 11:53:42', '0000-00-00 00:00:00', '2008-10-21 11:53:42', '2008-10-21 11:56:52', 8, 11, 0, '1900-01-01', 2, 0, 3, 0, 25),
(31, 4, 5, '2008-10-21 11:56:52', '0000-00-00 00:00:00', '2008-10-21 11:56:52', '2008-10-21 12:04:01', 8, 11, 0, '1900-01-01', 2, 0, 3, 0, 26),
(32, 4, 5, '2008-10-21 12:04:01', '0000-00-00 00:00:00', '2008-10-21 12:04:01', '2008-10-21 12:05:49', 8, 11, 0, '1900-01-01', 2, 0, 3, 0, 27),
(33, 4, 5, '2008-10-21 12:05:49', '0000-00-00 00:00:00', '2008-10-21 12:05:49', '2008-10-21 12:07:48', 8, 11, 0, '1900-01-01', 2, 0, 3, 0, 28),
(34, 4, 5, '2008-10-21 12:07:48', '0000-00-00 00:00:00', '2008-10-21 12:07:48', '0000-00-00 00:00:00', 8, 11, 6, '2000-01-01', 2, 0, 3, 0, 29),
(35, 7, 28, '2008-10-21 15:53:47', '0000-00-00 00:00:00', '2008-10-21 15:53:47', '0000-00-00 00:00:00', 15, 1, 0, '1900-01-01', 2, 0, 2, 0, 30),
(36, 8, 28, '2008-10-21 15:54:04', '0000-00-00 00:00:00', '2008-10-21 15:54:04', '0000-00-00 00:00:00', 0, 0, 0, '0000-00-00', 0, 0, 0, 0, 31);

-- --------------------------------------------------------

--
-- Struktura tabulky `MemberReport`
--

CREATE TABLE IF NOT EXISTS `MemberReport` (
  `Id` int(11) NOT NULL auto_increment,
  `ItemId` int(11) NOT NULL,
  `Author` int(11) NOT NULL,
  `ValidTimeFrom` datetime NOT NULL,
  `ValidTimeTo` datetime NOT NULL,
  `CreationTime` datetime NOT NULL,
  `DeletionTime` datetime NOT NULL,
  `Member` int(11) NOT NULL,
  `Text` varchar(255) collate utf8_czech_ci NOT NULL,
  `Date` date NOT NULL,
  `Type` int(11) NOT NULL,
  `Creator` int(11) NOT NULL,
  PRIMARY KEY  (`Id`)
) ENGINE=MyISAM  DEFAULT CHARSET=utf8 COLLATE=utf8_czech_ci AUTO_INCREMENT=17 ;

--
-- Vypisuji data pro tabulku `MemberReport`
--

INSERT INTO `MemberReport` (`Id`, `ItemId`, `Author`, `ValidTimeFrom`, `ValidTimeTo`, `CreationTime`, `DeletionTime`, `Member`, `Text`, `Date`, `Type`, `Creator`) VALUES
(1, 1, 5, '0000-00-00 00:00:00', '0000-00-00 00:00:00', '0000-00-00 00:00:00', '0000-00-00 00:00:00', 1, 'Nefunguje mi internet', '0000-00-00', 1, 11),
(2, 2, 5, '0000-00-00 00:00:00', '0000-00-00 00:00:00', '0000-00-00 00:00:00', '0000-00-00 00:00:00', 1, 'Poslední dobu jede internet nějak pomalu. Podívejte se na to prosím.', '0000-00-00', 1, 7),
(3, 3, 5, '0000-00-00 00:00:00', '0000-00-00 00:00:00', '0000-00-00 00:00:00', '0000-00-00 00:00:00', 1, 'Uživatel se přestěhoval mimo dosah sítě', '0000-00-00', 3, 11),
(4, 4, 5, '0000-00-00 00:00:00', '0000-00-00 00:00:00', '0000-00-00 00:00:00', '0000-00-00 00:00:00', 4, 'Během bouřky spadl strom na vedení a roztrhl jej. Bylo nutno natáhnout kabel znova.', '0000-00-00', 3, 2),
(5, 5, 5, '0000-00-00 00:00:00', '0000-00-00 00:00:00', '0000-00-00 00:00:00', '0000-00-00 00:00:00', 2, 'Nefunguje odesílání pošty.', '0000-00-00', 1, 10),
(6, 6, 5, '0000-00-00 00:00:00', '0000-00-00 00:00:00', '0000-00-00 00:00:00', '0000-00-00 00:00:00', 1, 'Změna tarifu na Internet 2 Mbit', '0000-00-00', 2, 11),
(7, 7, 5, '0000-00-00 00:00:00', '0000-00-00 00:00:00', '0000-00-00 00:00:00', '0000-00-00 00:00:00', 2, 'Chce se stát správcem tamního úseku.', '0000-00-00', 3, 11),
(16, 1, 5, '2008-10-13 07:22:24', '0000-00-00 00:00:00', '2008-10-13 07:22:24', '0000-00-00 00:00:00', 1, 'Nefunguje mi internet', '2008-10-01', 1, 11),
(15, 1, 5, '2008-10-13 07:20:29', '0000-00-00 00:00:00', '2008-10-13 07:20:29', '0000-00-00 00:00:00', 1, 'Nefunguje mi internet, opravte to prosím', '1900-01-01', 0, 11);

-- --------------------------------------------------------

--
-- Struktura tabulky `NewsGroup`
--

CREATE TABLE IF NOT EXISTS `NewsGroup` (
  `Id` int(11) NOT NULL auto_increment,
  `ItemId` int(11) NOT NULL,
  `Author` int(11) NOT NULL,
  `ValidTimeFrom` datetime default NULL,
  `ValidTimeTo` datetime default NULL,
  `CreationTime` datetime default NULL,
  `DeletionTime` datetime default NULL,
  `Name` varchar(255) collate utf8_czech_ci NOT NULL,
  `NewsItems` int(11) NOT NULL,
  PRIMARY KEY  (`Id`)
) ENGINE=MyISAM  DEFAULT CHARSET=utf8 COLLATE=utf8_czech_ci AUTO_INCREMENT=9 ;

--
-- Vypisuji data pro tabulku `NewsGroup`
--

INSERT INTO `NewsGroup` (`Id`, `ItemId`, `Author`, `ValidTimeFrom`, `ValidTimeTo`, `CreationTime`, `DeletionTime`, `Name`, `NewsItems`) VALUES
(1, 1, 28, '2008-10-21 14:51:50', NULL, '2008-10-21 14:51:50', NULL, 'Různé informace', 0),
(2, 2, 28, '2008-10-21 14:52:11', NULL, '2008-10-21 14:52:11', NULL, 'Bazar', 0),
(3, 3, 28, '2008-10-21 14:52:25', NULL, '2008-10-21 14:52:25', NULL, 'Dění v obci', 0),
(4, 4, 28, '2008-10-21 14:52:39', NULL, '2008-10-21 14:52:39', NULL, 'Správa sítě - oznámení', 0),
(5, 5, 28, '2008-10-21 14:52:53', NULL, '2008-10-21 14:52:53', NULL, 'Správa sítě - změny zařízení', 0),
(6, 6, 28, '2008-10-21 14:53:07', NULL, '2008-10-21 14:53:07', NULL, 'Multimediální archív', 0),
(7, 7, 28, '2008-10-21 14:53:51', NULL, '2008-10-21 14:53:51', NULL, 'Správa sítě - výpadky', 0),
(8, 8, 28, '2008-10-21 14:58:03', NULL, '2008-10-21 14:58:03', NULL, 'Sport', 0);

-- --------------------------------------------------------

--
-- Struktura tabulky `NewsItem`
--

CREATE TABLE IF NOT EXISTS `NewsItem` (
  `Id` int(11) NOT NULL auto_increment,
  `ItemId` int(11) NOT NULL,
  `Author` int(11) NOT NULL,
  `ValidTimeFrom` datetime default NULL,
  `ValidTimeTo` datetime default NULL,
  `CreationTime` datetime default NULL,
  `DeletionTime` datetime default NULL,
  `Title` varchar(255) collate utf8_czech_ci NOT NULL,
  `Content` varchar(255) collate utf8_czech_ci NOT NULL,
  `NewsGroup` int(11) NOT NULL,
  `Enclosure` int(11) NOT NULL,
  PRIMARY KEY  (`Id`)
) ENGINE=MyISAM  DEFAULT CHARSET=utf8 COLLATE=utf8_czech_ci AUTO_INCREMENT=6 ;

--
-- Vypisuji data pro tabulku `NewsItem`
--

INSERT INTO `NewsItem` (`Id`, `ItemId`, `Author`, `ValidTimeFrom`, `ValidTimeTo`, `CreationTime`, `DeletionTime`, `Title`, `Content`, `NewsGroup`, `Enclosure`) VALUES
(1, 1, 28, '2008-10-21 14:57:33', NULL, '2008-10-21 14:57:33', NULL, 'Ukončovačka', '!!!POZOR!!! V sobotu 25.10.2008 \\UKONČOVACÍ AKCE\\ v kasíně. Rum + kofola 25Kč Vodka + fanta 25Kč Vodka + džus 25Kč', 1, 0),
(2, 2, 28, '2008-10-21 14:58:16', NULL, '2008-10-21 14:58:16', NULL, 'Fotbalové utkání', 'dsdada', 8, 0),
(3, 3, 28, '2008-10-21 15:57:44', NULL, '2008-10-21 15:57:44', NULL, 'Čistota', 'Na 1100 speciálně školených pracovníků je připraveno přesvědčit Vás o významu slova čistota.', 1, 0),
(4, 4, 28, '2008-10-21 15:58:31', NULL, '2008-10-21 15:58:31', NULL, 'Hokej v 15:00(19.10)', 'Zitra v nedeli 19.10 v 15:00 hod. si p pridte zahrat jako kazdy tyden hokej .Dnes(sobota)jsme si byli zapinkat.tak pridte at je nas co nejvic Aktualni vysledky poctu lidi na hristi najdete na web kamere .Sportu zdar a hokeji zvlast', 8, 0),
(5, 5, 28, '2008-10-21 15:59:35', NULL, '2008-10-21 15:59:35', NULL, 'Apokalipsa', 'Přírodní živel zničil celou síť.', 7, 0);

-- --------------------------------------------------------

--
-- Struktura tabulky `Permission`
--

CREATE TABLE IF NOT EXISTS `Permission` (
  `Id` int(11) NOT NULL auto_increment,
  `ItemId` int(11) NOT NULL,
  `Author` int(11) NOT NULL,
  `ValidTimeFrom` datetime default NULL,
  `ValidTimeTo` datetime default NULL,
  `CreationTime` datetime default NULL,
  `DeletionTime` datetime default NULL,
  `List` int(11) NOT NULL,
  `Item` int(11) NOT NULL,
  `Right` int(11) NOT NULL,
  `PermissionGroup` int(11) NOT NULL,
  PRIMARY KEY  (`Id`)
) ENGINE=MyISAM  DEFAULT CHARSET=utf8 COLLATE=utf8_czech_ci AUTO_INCREMENT=49 ;

--
-- Vypisuji data pro tabulku `Permission`
--

INSERT INTO `Permission` (`Id`, `ItemId`, `Author`, `ValidTimeFrom`, `ValidTimeTo`, `CreationTime`, `DeletionTime`, `List`, `Item`, `Right`, `PermissionGroup`) VALUES
(1, 1, 5, '2008-10-13 10:45:28', NULL, '2008-10-13 10:45:28', '2008-10-13 13:17:44', 1, 0, 0, 7),
(2, 2, 5, '2008-10-13 10:47:10', NULL, '2008-10-13 10:47:10', NULL, 1, 0, 2, 2),
(3, 3, 5, '2008-10-13 10:49:22', NULL, '2008-10-13 10:49:22', NULL, 2, 0, 2, 2),
(4, 4, 5, '2008-10-13 11:08:44', NULL, '2008-10-13 11:08:44', NULL, 3, 0, 2, 2),
(5, 5, 5, '2008-10-13 11:10:14', NULL, '2008-10-13 11:10:14', NULL, 4, 0, 2, 2),
(6, 6, 0, '2008-10-13 12:43:44', NULL, '2008-10-13 12:43:44', '2008-10-13 13:17:41', 7, 0, 2, 2),
(7, 7, 0, '2008-10-13 12:43:59', NULL, '2008-10-13 12:43:59', '2008-10-13 13:17:40', 7, 0, 2, 2),
(8, 8, 0, '2008-10-13 12:45:14', NULL, '2008-10-13 12:45:14', '2008-10-13 13:17:38', 7, 0, 2, 2),
(9, 9, 0, '2008-10-13 12:48:25', NULL, '2008-10-13 12:48:25', NULL, 7, 0, 2, 2),
(10, 10, 0, '2008-10-13 12:50:52', NULL, '2008-10-13 12:50:52', '2008-10-13 13:17:35', 7, 0, 2, 2),
(11, 11, 0, '2008-10-13 12:58:32', NULL, '2008-10-13 12:58:32', NULL, 8, 0, 2, 2),
(12, 12, 5, '2008-10-13 13:00:34', NULL, '2008-10-13 13:00:34', NULL, 9, 0, 2, 2),
(13, 9, 5, '2008-10-13 13:04:26', NULL, '2008-10-13 13:04:26', NULL, 7, 0, 2, 2),
(14, 9, 5, '2008-10-13 13:19:17', NULL, '2008-10-13 13:19:17', '2008-10-13 13:19:27', 7, 0, 2, 2),
(15, 13, 5, '2008-10-13 14:05:54', NULL, '2008-10-13 14:05:54', NULL, 8, 0, 1, 5),
(16, 14, 5, '2008-10-13 14:06:21', NULL, '2008-10-13 14:06:21', NULL, 2, 0, 1, 5),
(17, 15, 5, '2008-10-21 07:06:14', NULL, '2008-10-21 07:06:14', NULL, 1, 0, 2, 1),
(18, 16, 5, '2008-10-21 08:10:57', NULL, '2008-10-21 08:10:57', NULL, 21, 0, 2, 1),
(19, 17, 5, '2008-10-21 08:51:03', NULL, '2008-10-21 08:51:03', NULL, 7, 0, 0, 1),
(20, 18, 5, '2008-10-21 12:44:55', NULL, '2008-10-21 12:44:55', '2008-10-21 13:14:45', 8, 0, 1, 1),
(21, 19, 5, '2008-10-21 12:57:35', NULL, '2008-10-21 12:57:35', '2008-10-21 12:58:43', 3, 0, 0, 1),
(22, 20, 5, '2008-10-21 12:57:54', NULL, '2008-10-21 12:57:54', '2008-10-21 12:58:23', 20, 0, 0, 1),
(23, 21, 5, '2008-10-21 12:58:11', NULL, '2008-10-21 12:58:11', NULL, 14, 0, 2, 1),
(24, 20, 5, '2008-10-21 12:58:23', NULL, '2008-10-21 12:58:23', '2008-10-21 13:11:11', 20, 0, 2, 1),
(25, 19, 5, '2008-10-21 12:58:43', NULL, '2008-10-21 12:58:43', NULL, 3, 0, 2, 1),
(26, 22, 5, '2008-10-21 12:58:54', NULL, '2008-10-21 12:58:54', NULL, 11, 0, 2, 1),
(27, 23, 5, '2008-10-21 12:59:08', NULL, '2008-10-21 12:59:08', NULL, 19, 0, 2, 1),
(28, 24, 5, '2008-10-21 12:59:15', NULL, '2008-10-21 12:59:15', NULL, 18, 0, 2, 1),
(29, 20, 5, '2008-10-21 13:11:11', NULL, '2008-10-21 13:11:11', NULL, 20, 0, 1, 1),
(30, 25, 5, '2008-10-21 13:14:20', NULL, '2008-10-21 13:14:20', NULL, 4, 0, 2, 1),
(31, 18, 5, '2008-10-21 13:14:45', NULL, '2008-10-21 13:14:45', '2008-10-21 13:18:52', 8, 0, 0, 1),
(32, 26, 5, '2008-10-21 13:18:17', NULL, '2008-10-21 13:18:17', '2008-10-21 13:18:39', 0, 0, 0, 1),
(33, 26, 5, '2008-10-21 13:18:39', NULL, '2008-10-21 13:18:39', NULL, 5, 0, 1, 1),
(34, 18, 5, '2008-10-21 13:18:52', NULL, '2008-10-21 13:18:52', NULL, 8, 0, 1, 1),
(35, 27, 5, '2008-10-21 13:19:36', NULL, '2008-10-21 13:19:36', NULL, 13, 0, 2, 1),
(36, 28, 5, '2008-10-21 13:48:35', NULL, '2008-10-21 13:48:35', NULL, 7, 0, 1, 5),
(37, 29, 5, '2008-10-21 13:49:05', NULL, '2008-10-21 13:49:05', '2008-10-21 14:36:27', 21, 0, 1, 5),
(38, 30, 5, '2008-10-21 13:49:48', NULL, '2008-10-21 13:49:48', NULL, 15, 0, 1, 1),
(39, 29, 28, '2008-10-21 14:36:27', NULL, '2008-10-21 14:36:27', NULL, 21, 0, 0, 5),
(40, 31, 28, '2008-10-21 14:45:36', NULL, '2008-10-21 14:45:36', NULL, 23, 0, 2, 1),
(41, 32, 28, '2008-10-21 14:54:31', NULL, '2008-10-21 14:54:31', NULL, 22, 0, 2, 1),
(42, 33, 28, '2008-10-21 16:09:19', NULL, '2008-10-21 16:09:19', NULL, 24, 0, 1, 1),
(43, 34, 28, '2008-10-22 07:13:27', NULL, '2008-10-22 07:13:27', NULL, 12, 0, 2, 1),
(44, 35, 28, '2008-10-22 07:43:39', NULL, '2008-10-22 07:43:39', NULL, 2, 0, 2, 1),
(45, 36, 5, '2008-10-22 11:50:06', NULL, '2008-10-22 11:50:06', NULL, 6, 0, 2, 1),
(46, 37, 5, '2008-10-22 11:50:30', NULL, '2008-10-22 11:50:30', NULL, 10, 0, 2, 1),
(47, 38, 5, '2008-10-27 14:04:48', NULL, '2008-10-27 14:04:48', NULL, 28, 0, 2, 1),
(48, 39, 5, '2008-10-27 14:14:03', NULL, '2008-10-27 14:14:03', NULL, 33, 0, 2, 1);

-- --------------------------------------------------------

--
-- Struktura tabulky `PermissionGroup`
--

CREATE TABLE IF NOT EXISTS `PermissionGroup` (
  `Id` int(11) NOT NULL auto_increment,
  `ItemId` int(11) NOT NULL,
  `Author` int(11) NOT NULL,
  `ValidTimeFrom` datetime default NULL,
  `ValidTimeTo` datetime default NULL,
  `CreationTime` datetime default NULL,
  `DeletionTime` datetime default NULL,
  `Name` varchar(255) collate utf8_czech_ci NOT NULL,
  `PermissionList` int(11) NOT NULL,
  `UserList` int(11) NOT NULL,
  PRIMARY KEY  (`Id`)
) ENGINE=MyISAM  DEFAULT CHARSET=utf8 COLLATE=utf8_czech_ci AUTO_INCREMENT=8 ;

--
-- Vypisuji data pro tabulku `PermissionGroup`
--

INSERT INTO `PermissionGroup` (`Id`, `ItemId`, `Author`, `ValidTimeFrom`, `ValidTimeTo`, `CreationTime`, `DeletionTime`, `Name`, `PermissionList`, `UserList`) VALUES
(1, 1, 5, '2008-10-13 09:54:31', NULL, '2008-10-13 09:54:31', NULL, 'Administrátor', 0, 0),
(2, 1, 5, '2008-10-13 09:55:09', NULL, '2008-10-13 09:55:09', NULL, 'Systémoví správci', 0, 0),
(3, 2, 5, '2008-10-13 09:55:23', NULL, '2008-10-13 09:55:23', NULL, 'Správci sítě', 0, 0),
(4, 3, 5, '2008-10-13 09:55:39', NULL, '2008-10-13 09:55:39', NULL, 'Klienti', 0, 0),
(5, 3, 5, '2008-10-13 09:55:56', NULL, '2008-10-13 09:55:56', NULL, 'Zástupci subjektů', 0, 0),
(6, 4, 5, '2008-10-13 09:56:13', NULL, '2008-10-13 09:56:13', NULL, 'Připojení uživatelé', 0, 0),
(7, 5, 5, '2008-10-13 09:56:20', NULL, '2008-10-13 09:56:20', NULL, 'Ostatní', 0, 0);

-- --------------------------------------------------------

--
-- Struktura tabulky `Subject`
--

CREATE TABLE IF NOT EXISTS `Subject` (
  `Id` int(11) NOT NULL auto_increment,
  `ItemId` int(11) NOT NULL,
  `Author` int(11) NOT NULL,
  `ValidTimeFrom` datetime default NULL,
  `ValidTimeTo` datetime default NULL,
  `CreationTime` datetime default NULL,
  `DeletionTime` datetime default NULL,
  `Name` varchar(255) collate utf8_czech_ci NOT NULL,
  `AddressStreet` varchar(255) collate utf8_czech_ci NOT NULL,
  `AddressTown` varchar(255) collate utf8_czech_ci NOT NULL,
  `AddressZIP` varchar(255) collate utf8_czech_ci NOT NULL,
  `IC` varchar(255) collate utf8_czech_ci NOT NULL,
  `DIC` varchar(255) collate utf8_czech_ci NOT NULL,
  `Notice` varchar(255) collate utf8_czech_ci NOT NULL,
  `PurcheasedAsset` int(11) NOT NULL,
  `UserList` int(11) NOT NULL,
  `WWW` varchar(255) collate utf8_czech_ci NOT NULL,
  `MemberList` int(11) NOT NULL,
  PRIMARY KEY  (`Id`)
) ENGINE=MyISAM  DEFAULT CHARSET=utf8 COLLATE=utf8_czech_ci AUTO_INCREMENT=22 ;

--
-- Vypisuji data pro tabulku `Subject`
--

INSERT INTO `Subject` (`Id`, `ItemId`, `Author`, `ValidTimeFrom`, `ValidTimeTo`, `CreationTime`, `DeletionTime`, `Name`, `AddressStreet`, `AddressTown`, `AddressZIP`, `IC`, `DIC`, `Notice`, `PurcheasedAsset`, `UserList`, `WWW`, `MemberList`) VALUES
(2, 2, 5, '0000-00-00 00:00:00', '0000-00-00 00:00:00', '0000-00-00 00:00:00', NULL, 'Ing. Karel Milosrdný', 'Na ústraní 302', 'Otrokovice', '45667', '', '', 'Dodavatel wifi techniky', 0, 0, '', 0),
(3, 3, 5, '0000-00-00 00:00:00', '0000-00-00 00:00:00', '0000-00-00 00:00:00', NULL, 'Poskytovatel', 'Těsná 23', 'Prachatice', '56678', '33445633', '', '', 0, 0, '', 0),
(4, 4, 5, '0000-00-00 00:00:00', '0000-00-00 00:00:00', '0000-00-00 00:00:00', NULL, 'Finanční úřad Brno', 'Brněnská 1', 'Brno', '44134', '45773325', 'CZ44337778', '', 0, 0, '', 0),
(5, 5, 5, '0000-00-00 00:00:00', '0000-00-00 00:00:00', '0000-00-00 00:00:00', NULL, 'GTS Novera', 'U skládky 9', 'Kladno', '47353', '3216346365', '423432', 'Hlavní dodavatel internetu', 0, 0, 'http://www.gtsnovera.cz', 0),
(6, 6, 5, '0000-00-00 00:00:00', '0000-00-00 00:00:00', '0000-00-00 00:00:00', NULL, 'České radiokomunikace', 'Na rozcestí 5', 'Ostrava', '12445', '23132312', 'CZ342342342', 'Záložní linka', 0, 0, '', 0),
(7, 7, 5, '0000-00-00 00:00:00', '0000-00-00 00:00:00', '0000-00-00 00:00:00', NULL, 'Lucie Dobrovolná', 'Čajkovského 3', 'Pardubice', '73322', '', '', 'Neplatí včas', 0, 0, '', 0),
(8, 8, 5, '0000-00-00 00:00:00', '0000-00-00 00:00:00', '0000-00-00 00:00:00', NULL, 'Obecní úřad Nové Milošice', 'Nové Milošice 24', 'Nové Milošice', '44222', '31231312312', 'CZ31231231', '', 0, 0, '', 0),
(9, 9, 5, '0000-00-00 00:00:00', '0000-00-00 00:00:00', '0000-00-00 00:00:00', NULL, 'SOFTCOM', 'Pod vodou 9', 'Praha', '42044', '2323324234234', 'CZ6565622', 'Prodej výpočetní techniky', 0, 0, 'http://www.softcom.cz/', 0),
(10, 10, 5, '0000-00-00 00:00:00', '0000-00-00 00:00:00', '0000-00-00 00:00:00', NULL, 'Honza Procházka', 'Za bukem 3', 'Chvojkovice', '44332', '', '', '', 0, 0, '', 0),
(11, 11, 5, '0000-00-00 00:00:00', '0000-00-00 00:00:00', '0000-00-00 00:00:00', NULL, 'Freenet s.r.o.', 'Bezdrátová 11', 'Nové síťovice', '434223', '43423423423', 'CZ42423423', 'Hlavní kontakt na tuto síť', 0, 0, '', 0),
(12, 12, 5, '0000-00-00 00:00:00', '0000-00-00 00:00:00', '0000-00-00 00:00:00', NULL, 'Fantomas', 'Tajná 10', 'Pod vodou', '11223', '', '', '', 0, 0, '', 0),
(13, 13, 5, '0000-00-00 00:00:00', '0000-00-00 00:00:00', '0000-00-00 00:00:00', NULL, 'Czech computer', 'Pod disketou 44', 'Mechanika', '35555', '424234234', 'CZ423423423', 'Prodejce výpočetní techniky', 0, 0, 'http://www.czechcomputer.cz/', 0),
(14, 13, 5, '2008-10-11 22:38:49', '0000-00-00 00:00:00', '2008-10-11 22:38:49', NULL, 'Czech computer', 'Pod disketou 44', 'Mechanika', '35555', '424234234', 'CZ423423423', 'Prodejce výpočetní techniky', 0, 0, '', 0),
(15, 13, 5, '2008-10-11 22:41:56', '0000-00-00 00:00:00', '2008-10-11 22:41:56', NULL, 'Czech computer', 'Pod disketou 44', 'Mechanika', '35555', '424234234', 'CZ423423423', 'Prodejce výpočetní techniky', 0, 0, '', 0),
(16, 13, 5, '2008-10-11 22:46:30', '0000-00-00 00:00:00', '2008-10-11 22:46:30', NULL, 'Czech computer', 'Pod disketou 44', 'Mechanika', '35555', '424234234', 'CZ423423423', 'Prodejce výpočetní techniky', 0, 0, 'http://www.czechcomputer.cz/', 0),
(17, 13, 5, '2008-10-11 22:47:36', '0000-00-00 00:00:00', '2008-10-11 22:47:36', NULL, 'Czech computer', 'Pod disketou 44', 'Mechanika', '35555', '424234234', 'CZ423423423', 'Prodejce výpočetní techniky', 0, 0, 'http://www.czechcomputer.cz/', 0),
(18, 13, 5, '2008-10-13 08:46:07', NULL, '2008-10-13 08:46:07', NULL, 'Czech computer', 'Pod disketou 44', 'Mechanika', '35555', '424234234', 'CZ423423423', 'Prodejce výpočetní techniky', 0, 0, 'http://www.czechcomputer.cz/', 0),
(19, 14, 5, '2008-10-21 13:02:40', NULL, '2008-10-21 13:02:40', '2008-10-21 13:02:59', 'Alza', 'Pod vodou 12', 'Praha', '12012', '2312312', 'CZ34523423', '(please note if any errors come up you have not followed this guide properly also make sure your web server is on if you are running XAMPP start the top 2 \\APACHE\\ and \\MYSQL\\ tabs)', 0, 0, 'http://www.alza.cz/', 0),
(20, 14, 5, '2008-10-21 13:02:59', NULL, '2008-10-21 13:02:59', NULL, 'Alza', 'Pod vodou 12', 'Praha', '12012', '2312312', 'CZ34523423', 'As the name of topic says i''m wondering will the ACE problems be fixed for windows (of any distro) users ? Because i didn''t see nothing that gives hope for the past few days .I know it is not a easy way to fix it but i have a strange feeling that for us a', 0, 0, 'http://www.alza.cz/', 0),
(21, 15, 28, '2008-10-21 15:51:24', NULL, '2008-10-21 15:51:24', NULL, 'Kačer Skrblík', 'U trezoru', 'Kačerov', '123', '442342343', '55252345252', '', 0, 0, '', 0);

-- --------------------------------------------------------

--
-- Struktura tabulky `SystemEnumerationState`
--

CREATE TABLE IF NOT EXISTS `SystemEnumerationState` (
  `Id` int(11) NOT NULL auto_increment,
  `ItemId` int(11) NOT NULL,
  `Author` int(11) NOT NULL,
  `ValidTimeFrom` datetime default NULL,
  `ValidTimeTo` datetime default NULL,
  `CreationTime` datetime default NULL,
  `DeletionTime` datetime default NULL,
  `Name` varchar(255) collate utf8_czech_ci NOT NULL,
  `ParentParameter` int(11) NOT NULL,
  PRIMARY KEY  (`Id`)
) ENGINE=MyISAM DEFAULT CHARSET=utf8 COLLATE=utf8_czech_ci AUTO_INCREMENT=1 ;

--
-- Vypisuji data pro tabulku `SystemEnumerationState`
--


-- --------------------------------------------------------

--
-- Struktura tabulky `SystemGPS`
--

CREATE TABLE IF NOT EXISTS `SystemGPS` (
  `Id` int(11) NOT NULL auto_increment,
  `Longitude` double NOT NULL,
  `Latitude` double NOT NULL,
  PRIMARY KEY  (`Id`)
) ENGINE=MyISAM  DEFAULT CHARSET=utf8 COLLATE=utf8_czech_ci AUTO_INCREMENT=32 ;

--
-- Vypisuji data pro tabulku `SystemGPS`
--

INSERT INTO `SystemGPS` (`Id`, `Longitude`, `Latitude`) VALUES
(1, 0, 0),
(2, 0, 1.0341666666667),
(3, 0, 12.067777777778),
(4, 5.1019444444444, 12.067777777778),
(5, 5.0516666666667, 12.117777777778),
(6, 5.0516666666667, -11.882222222222),
(7, 5.0516666666667, -11.085555555556),
(8, 5.0516666666667, -11.084444444444),
(9, 5.0516666666667, -11.083611111111),
(10, 5.0516666666667, -11.083611111111),
(11, 5.0516666666667, 11.084722222222),
(12, 5.0516666666667, 11.084444444444),
(13, 5.0519444444444, 11.084166666667),
(14, 5.0522222222222, 11.084166666667),
(15, 5.0519444444444, 11.084166666667),
(16, 5.0516666666667, 11.084444444444),
(17, 5.0516666666667, 11.084166666667),
(18, 5.0516666666667, 11.084166666667),
(19, 5.0516666666667, 11.083888888889),
(20, 5.0516666666667, 11.089444444444),
(21, 5.0516666666667, 11.089444444444),
(22, 5.0516666666667, 11.089166666667),
(23, 5.0516666666667, 11.089166666667),
(24, 5.0516666666667, 11.089166666667),
(25, 5.0516666666667, 11.089444444444),
(26, 5.0516666666667, 11.089444444444),
(27, 18.080528888889, 49.257925555556),
(28, 18.077825, 49.258213611111),
(29, 18.077825, 49.258213611111),
(30, 0, 0),
(31, 0, 0);

-- --------------------------------------------------------

--
-- Struktura tabulky `SystemList`
--

CREATE TABLE IF NOT EXISTS `SystemList` (
  `Id` int(11) NOT NULL auto_increment,
  `ItemId` int(11) NOT NULL,
  `Author` int(11) NOT NULL,
  `ValidTimeFrom` datetime default NULL,
  `ValidTimeTo` datetime default NULL,
  `CreationTime` datetime default NULL,
  `DeletionTime` datetime default NULL,
  `TableName` varchar(255) collate utf8_czech_ci NOT NULL,
  `Title` varchar(255) collate utf8_czech_ci NOT NULL,
  `Items` varchar(255) collate utf8_czech_ci NOT NULL,
  `Menu` int(11) NOT NULL,
  PRIMARY KEY  (`Id`)
) ENGINE=MyISAM  DEFAULT CHARSET=utf8 COLLATE=utf8_czech_ci AUTO_INCREMENT=84 ;

--
-- Vypisuji data pro tabulku `SystemList`
--

INSERT INTO `SystemList` (`Id`, `ItemId`, `Author`, `ValidTimeFrom`, `ValidTimeTo`, `CreationTime`, `DeletionTime`, `TableName`, `Title`, `Items`, `Menu`) VALUES
(1, 1, 5, '0000-00-00 00:00:00', '0000-00-00 00:00:00', '2008-10-22 08:15:01', '2008-10-21 08:19:21', 'User', 'Uživatelé', '', 0),
(2, 2, 5, '0000-00-00 00:00:00', '0000-00-00 00:00:00', '2008-10-22 08:15:01', '2008-10-21 08:20:07', 'Host', 'Zařízení', '', 0),
(3, 3, 5, '0000-00-00 00:00:00', '0000-00-00 00:00:00', '2008-10-22 08:15:01', '2008-10-21 08:19:30', 'Subject', 'Finanční subjekty', '', 0),
(4, 4, 5, '0000-00-00 00:00:00', '0000-00-00 00:00:00', '2008-10-22 08:15:01', '2008-10-21 08:20:12', 'Member', 'Členové sítě', '', 0),
(5, 5, 5, '0000-00-00 00:00:00', '0000-00-00 00:00:00', '2008-10-22 08:15:01', '2008-10-21 08:19:35', 'Area', 'Oblasti', '', 0),
(6, 6, 5, '0000-00-00 00:00:00', '0000-00-00 00:00:00', '2008-10-22 08:15:01', '2008-10-21 08:20:16', 'Interface', 'Rozhraní zařízení', '', 0),
(7, 7, 5, '0000-00-00 00:00:00', '0000-00-00 00:00:00', '2008-10-22 08:15:01', '2008-10-21 08:19:41', 'Asset', 'Majetek', '', 0),
(8, 8, 5, '0000-00-00 00:00:00', '0000-00-00 00:00:00', '2008-10-22 08:15:01', '2008-10-21 08:20:20', 'Tariff', 'Tarify', '', 0),
(9, 9, 5, '0000-00-00 00:00:00', '0000-00-00 00:00:00', '2008-10-22 08:15:01', '2008-10-21 08:19:46', 'MemberReport', 'Hlášení členů', '', 0),
(10, 10, 5, '0000-00-00 00:00:00', '0000-00-00 00:00:00', '2008-10-22 08:15:01', '2008-10-21 08:19:58', 'BankAccount', 'Bankovní účty', '', 0),
(11, 11, 5, '0000-00-00 00:00:00', '0000-00-00 00:00:00', '2008-10-22 08:15:01', '2008-10-21 08:20:25', 'SystemType', 'Definice typů', '', 0),
(12, 12, 5, '0000-00-00 00:00:00', '0000-00-00 00:00:00', '2008-10-22 08:15:01', '2008-10-21 08:20:28', 'FinanceTransaction', 'Platební operace', '', 0),
(13, 13, 5, '0000-00-00 00:00:00', '0000-00-00 00:00:00', '2008-10-22 08:15:01', '2008-10-21 08:11:18', 'SystemList', 'Definice tabulek', '', 0),
(14, 14, 5, '0000-00-00 00:00:00', '0000-00-00 00:00:00', '2008-10-22 08:15:01', '2008-10-21 08:20:33', 'SystemListItem', 'Definice položek formulářů', '', 0),
(15, 15, 5, '0000-00-00 00:00:00', '0000-00-00 00:00:00', '2008-10-22 08:15:01', '2008-10-21 08:20:39', 'UserOnline', 'Přihlášení uživatelé', '', 0),
(16, 16, 5, '0000-00-00 00:00:00', '0000-00-00 00:00:00', '2008-10-22 08:15:01', '2008-10-21 08:20:48', 'History', 'Historie záznamů', '', 0),
(34, 20, 5, '2008-10-13 12:12:05', NULL, '2008-10-22 08:15:01', '2008-10-21 08:20:54', 'SystemLog', 'Deník změn', '', 0),
(26, 17, 5, '2008-10-12 18:38:17', '0000-00-00 00:00:00', '2008-10-22 08:15:01', '2008-10-13 12:16:59', 'Test', 'Testovací tabulka', '', 0),
(33, 19, 5, '2008-10-13 10:19:34', NULL, '2008-10-22 08:15:01', '2008-10-21 08:20:58', 'Permission', 'Oprávnění', '', 0),
(32, 18, 5, '2008-10-13 09:53:03', NULL, '2008-10-22 08:15:01', '2008-10-21 08:21:03', 'PermissionGroup', 'Skupiny oprávnění', '', 0),
(35, 21, 5, '2008-10-21 07:46:53', NULL, '2008-10-22 08:15:01', '2008-10-21 08:06:34', 'Menu', 'Nabídka', '', 0),
(36, 21, 5, '2008-10-21 08:06:34', NULL, '2008-10-22 08:15:01', '2008-10-21 08:07:02', 'dd', 'Nabídka', '', 0),
(37, 21, 5, '2008-10-21 08:07:02', NULL, '2008-10-22 08:15:01', '2008-10-21 08:07:20', 'dd', 'Nabídka', '', 0),
(38, 21, 5, '2008-10-21 08:07:20', NULL, '2008-10-22 08:15:01', '2008-10-21 08:10:18', 'Menu', 'Nabídka', '', 0),
(39, 21, 5, '2008-10-21 08:10:18', NULL, '2008-10-22 08:15:01', '2008-10-21 08:10:28', 'Menuf', 'Nabídka', '', 0),
(40, 21, 5, '2008-10-21 08:10:28', NULL, '2008-10-22 08:15:01', '2008-10-21 08:10:38', 'Menu', 'Nabídka', '', 0),
(41, 21, 5, '2008-10-21 08:10:38', NULL, '2008-10-22 08:15:01', '2008-10-21 08:21:07', 'SystemMenu', 'Nabídka', '', 0),
(42, 13, 5, '2008-10-21 08:11:18', NULL, '2008-10-22 08:15:01', '2008-10-21 08:19:13', 'SystemList', 'Definice seznamů', '', 0),
(43, 13, 5, '2008-10-21 08:19:13', NULL, '2008-10-22 08:15:01', NULL, 'SystemList', 'Definice seznamů', '', 1),
(44, 1, 5, '2008-10-21 08:19:21', NULL, '2008-10-22 08:15:01', '2008-10-21 08:55:47', 'User', 'Uživatelé', '', 1),
(45, 3, 5, '2008-10-21 08:19:30', NULL, '2008-10-22 08:15:01', NULL, 'Subject', 'Finanční subjekty', '', 2),
(46, 5, 5, '2008-10-21 08:19:35', NULL, '2008-10-22 08:15:01', NULL, 'Area', 'Oblasti', '', 2),
(47, 7, 5, '2008-10-21 08:19:41', NULL, '2008-10-22 08:15:01', NULL, 'Asset', 'Majetek', '', 2),
(48, 9, 5, '2008-10-21 08:19:46', NULL, '2008-10-22 08:15:01', '2008-10-21 08:56:03', 'MemberReport', 'Hlášení členů', '', 1),
(49, 10, 5, '2008-10-21 08:19:58', NULL, '2008-10-22 08:15:01', NULL, 'BankAccount', 'Bankovní účty', '', 2),
(50, 2, 5, '2008-10-21 08:20:07', NULL, '2008-10-22 08:15:01', NULL, 'Host', 'Zařízení', '', 2),
(51, 4, 5, '2008-10-21 08:20:12', NULL, '2008-10-22 08:15:01', NULL, 'Member', 'Členové sítě', '', 2),
(52, 6, 5, '2008-10-21 08:20:16', NULL, '2008-10-22 08:15:01', NULL, 'Interface', 'Rozhraní zařízení', '', 2),
(53, 8, 5, '2008-10-21 08:20:20', NULL, '2008-10-22 08:15:01', NULL, 'Tariff', 'Tarify', '', 2),
(54, 11, 5, '2008-10-21 08:20:25', NULL, '2008-10-22 08:15:01', NULL, 'SystemType', 'Definice typů', '', 1),
(55, 12, 5, '2008-10-21 08:20:28', NULL, '2008-10-22 08:15:01', NULL, 'FinanceTransaction', 'Platební operace', '', 2),
(56, 14, 5, '2008-10-21 08:20:33', NULL, '2008-10-22 08:15:01', '2008-10-21 13:20:18', 'SystemListItem', 'Definice položek formulářů', '', 1),
(57, 15, 5, '2008-10-21 08:20:39', NULL, '2008-10-22 08:15:01', '2008-10-21 08:56:29', 'UserOnline', 'Přihlášení uživatelé', '', 1),
(58, 16, 5, '2008-10-21 08:20:48', NULL, '2008-10-22 08:15:01', '2008-10-21 08:38:31', 'History', 'Historie záznamů', '', 2),
(59, 20, 5, '2008-10-21 08:20:54', NULL, '2008-10-22 08:15:01', NULL, 'SystemLog', 'Deník změn', '', 1),
(60, 19, 5, '2008-10-21 08:20:58', NULL, '2008-10-22 08:15:01', '2008-10-21 08:56:11', 'Permission', 'Oprávnění', '', 1),
(61, 18, 5, '2008-10-21 08:21:03', NULL, '2008-10-22 08:15:01', '2008-10-21 08:56:22', 'PermissionGroup', 'Skupiny oprávnění', '', 1),
(62, 21, 5, '2008-10-21 08:21:07', NULL, '2008-10-22 08:15:01', NULL, 'SystemMenu', 'Nabídka', '', 1),
(63, 1, 5, '2008-10-21 08:55:47', NULL, '2008-10-22 08:15:01', NULL, 'User', 'Uživatelé', '', 3),
(64, 9, 5, '2008-10-21 08:56:03', NULL, '2008-10-22 08:15:01', NULL, 'MemberReport', 'Hlášení členů', '', 2),
(65, 19, 5, '2008-10-21 08:56:11', NULL, '2008-10-22 08:15:01', '2008-10-21 13:19:58', 'Permission', 'Oprávnění', '', 3),
(66, 18, 5, '2008-10-21 08:56:22', NULL, '2008-10-22 08:15:01', NULL, 'PermissionGroup', 'Skupiny oprávnění', '', 3),
(67, 15, 5, '2008-10-21 08:56:29', NULL, '2008-10-22 08:15:01', NULL, 'UserOnline', 'Přihlášení uživatelé', '', 3),
(68, 19, 5, '2008-10-21 13:19:58', NULL, '2008-10-22 08:15:01', NULL, 'Permission', 'Oprávnění', '', 0),
(69, 14, 5, '2008-10-21 13:20:18', NULL, '2008-10-22 08:15:01', NULL, 'SystemListItem', 'Definice položek formulářů', '', 0),
(70, 22, 28, '2008-10-21 14:38:25', NULL, '2008-10-22 08:15:01', '2008-10-21 14:38:44', 'NewsItem', 'Aktuality', '', 0),
(71, 22, 28, '2008-10-21 14:38:44', NULL, '2008-10-22 08:15:01', '2008-10-21 14:39:54', 'NewsItem', 'Aktuality', '', 4),
(72, 23, 28, '2008-10-21 14:39:36', NULL, '2008-10-22 08:15:01', NULL, 'NewsGroup', 'Skupiny aktualit', '', 4),
(73, 22, 28, '2008-10-21 14:39:54', NULL, '2008-10-22 08:15:01', NULL, 'NewsItem', 'Aktuality', '', 0),
(74, 24, 28, '2008-10-21 16:06:09', NULL, '2008-10-22 08:15:01', NULL, 'CableTV', 'Kabelová televize', '', 4),
(75, 25, 5, '2008-10-22 12:49:17', NULL, '2008-10-22 12:49:17', '2008-10-22 12:50:21', 'Test', 'test', '', 0),
(76, 26, 5, '2008-10-22 12:50:58', NULL, '2008-10-22 12:50:58', '2008-10-27 13:52:40', 'test', 'test', '', 0),
(77, 27, 5, '2008-10-22 12:52:24', NULL, '2008-10-22 12:52:24', '2008-10-27 13:52:34', 'test', 'test', '', 0),
(78, 28, 5, '2008-10-27 10:35:54', NULL, '2008-10-27 10:35:54', NULL, 'SystemTypeParameter', 'Parametr typu', '', 0),
(79, 29, 5, '2008-10-27 11:03:03', NULL, '2008-10-27 11:03:03', '2008-10-27 13:55:21', 'SystemTypeParameter', 'Parametr typu', '', 0),
(80, 30, 5, '2008-10-27 12:05:17', NULL, '2008-10-27 12:05:17', '2008-10-27 12:18:24', 'SystemTypeParameter', 'Parametr typu', '', 0),
(81, 31, 5, '2008-10-27 12:11:07', NULL, '2008-10-27 12:11:07', '2008-10-27 12:18:22', 'SystemTypeParameter', 'Parametr typu', '', 0),
(82, 32, 5, '2008-10-27 13:55:28', NULL, '2008-10-27 13:55:28', '2008-10-27 13:55:49', 'dd', 'dd', '', 0),
(83, 33, 5, '2008-10-27 14:10:43', NULL, '2008-10-27 14:10:43', NULL, 'SystemEnumerationState', 'Stavy výčtů', '', 0);

-- --------------------------------------------------------

--
-- Struktura tabulky `SystemListItem`
--

CREATE TABLE IF NOT EXISTS `SystemListItem` (
  `Id` int(11) NOT NULL auto_increment,
  `ItemId` int(11) NOT NULL,
  `Author` int(11) NOT NULL,
  `ValidTimeFrom` datetime default NULL,
  `ValidTimeTo` datetime default NULL,
  `CreationTime` datetime default NULL,
  `DeletionTime` datetime default NULL,
  `Name` varchar(255) collate utf8_czech_ci NOT NULL,
  `TextBefore` varchar(255) collate utf8_czech_ci NOT NULL,
  `TextAfter` varchar(255) collate utf8_czech_ci NOT NULL,
  `Type` varchar(255) collate utf8_czech_ci NOT NULL,
  `Help` varchar(255) collate utf8_czech_ci NOT NULL,
  `Default` varchar(255) collate utf8_czech_ci NOT NULL,
  `Required` tinyint(1) NOT NULL default '1',
  `Editable` tinyint(1) NOT NULL default '1',
  `VisibleInList` tinyint(1) NOT NULL default '0',
  `VisibleInPointer` tinyint(1) NOT NULL default '0',
  `List` int(11) NOT NULL,
  PRIMARY KEY  (`Id`)
) ENGINE=MyISAM  DEFAULT CHARSET=utf8 COLLATE=utf8_czech_ci AUTO_INCREMENT=196 ;

--
-- Vypisuji data pro tabulku `SystemListItem`
--

INSERT INTO `SystemListItem` (`Id`, `ItemId`, `Author`, `ValidTimeFrom`, `ValidTimeTo`, `CreationTime`, `DeletionTime`, `Name`, `TextBefore`, `TextAfter`, `Type`, `Help`, `Default`, `Required`, `Editable`, `VisibleInList`, `VisibleInPointer`, `List`) VALUES
(1, 1, 5, '0000-00-00 00:00:00', '0000-00-00 00:00:00', '2008-10-22 08:15:09', NULL, 'FirstName', 'Jméno', '', '3', 'Zadejte jméno', '', 1, 1, 1, 1, 1),
(2, 2, 5, '0000-00-00 00:00:00', '0000-00-00 00:00:00', '2008-10-22 08:15:09', NULL, 'SecondName', 'Příjmení', '', '3', 'Zadejte příjmení', '', 1, 1, 1, 1, 1),
(3, 3, 5, '0000-00-00 00:00:00', '0000-00-00 00:00:00', '2008-10-22 08:15:09', NULL, 'Email', 'E-mail', '', '3', 'Zadejte emailovou adresu', '', 1, 1, 1, 0, 1),
(4, 4, 5, '0000-00-00 00:00:00', '0000-00-00 00:00:00', '2008-10-22 08:15:09', NULL, 'ICQ', 'ICQ', '', '1', 'Zadejte kontaktní číslo textového komunikačního programu ICQ.', '', 0, 1, 0, 0, 1),
(5, 5, 5, '0000-00-00 00:00:00', '0000-00-00 00:00:00', '2008-10-22 08:15:09', NULL, 'Sex', 'Pohlaví', '', '5', 'Vyberte pohlaví osoby', '', 0, 1, 0, 0, 1),
(6, 6, 5, '0000-00-00 00:00:00', '0000-00-00 00:00:00', '2008-10-22 08:15:09', NULL, 'BirthDay', 'Datum narození', '', '2', 'Vyberte datum narození', '', 0, 1, 0, 0, 1),
(7, 7, 5, '0000-00-00 00:00:00', '0000-00-00 00:00:00', '2008-10-22 08:15:09', NULL, 'DomainName', 'Doménové jméno', '', '3', 'Zadejte jméno počítače v doméně', '', 1, 1, 1, 1, 2),
(8, 8, 5, '0000-00-00 00:00:00', '0000-00-00 00:00:00', '2008-10-22 08:15:09', NULL, 'NetBIOSName', 'NetBIOSové jméno', '', '3', 'Zadejte jméno počítače v rámci protokolů NetBIOS a sdílení souborů', '', 0, 1, 0, 0, 2),
(9, 9, 5, '0000-00-00 00:00:00', '0000-00-00 00:00:00', '2008-10-22 08:15:09', NULL, 'LocalIPAddress', 'Místní IP adresa', '', '3', 'Zadejte síťovou adresu používanou v rámci místní sítě', '', 1, 1, 1, 0, 2),
(10, 10, 5, '0000-00-00 00:00:00', '0000-00-00 00:00:00', '2008-10-22 08:15:09', NULL, 'PublicIPAddress', 'Veřejná IP adresa', '', '3', 'Zadejte síťovou adresu používanou v rámci Internetu', '', 0, 1, 1, 0, 2),
(11, 11, 5, '0000-00-00 00:00:00', '0000-00-00 00:00:00', '2008-10-22 08:15:09', NULL, 'LastOnlineDate', 'Naposledy online', '', '2', 'Čas posledního úspěšného měření dostupnosti počítače', '', 0, 0, 0, 0, 2),
(12, 12, 5, '0000-00-00 00:00:00', '0000-00-00 00:00:00', '2008-10-22 08:15:09', NULL, 'Name', 'Jméno', '', '3', 'Jméno subjektu', '', 1, 1, 1, 1, 3),
(13, 13, 5, '0000-00-00 00:00:00', '0000-00-00 00:00:00', '2008-10-22 08:15:09', NULL, 'AddressStreet', 'Ulice', '', '3', 'Ulice', '', 1, 1, 1, 0, 3),
(14, 14, 5, '0000-00-00 00:00:00', '0000-00-00 00:00:00', '2008-10-22 08:15:09', NULL, 'AddressTown', 'Město', '', '3', 'Město', '', 1, 1, 1, 0, 3),
(15, 15, 5, '0000-00-00 00:00:00', '0000-00-00 00:00:00', '2008-10-22 08:15:09', NULL, 'AddressZIP', 'PSČ', '', '3', '', '', 1, 1, 1, 0, 3),
(16, 16, 5, '0000-00-00 00:00:00', '0000-00-00 00:00:00', '2008-10-22 08:15:09', NULL, 'IC', 'IČ', '', '3', 'Identifikační číslo subjektu', '', 0, 1, 0, 0, 3),
(17, 17, 5, '0000-00-00 00:00:00', '0000-00-00 00:00:00', '2008-10-22 08:15:09', NULL, 'DIC', 'DIČ', '', '3', 'Daňové identifikační číslo', '', 0, 1, 0, 0, 3),
(18, 18, 5, '0000-00-00 00:00:00', '0000-00-00 00:00:00', '2008-10-22 08:15:09', '2008-10-21 10:01:03', 'MapPositionX', 'Horizontálně pozice', '', '1', 'Vodorovná pozice na mapě', '', 0, 1, 0, 0, 4),
(19, 19, 5, '0000-00-00 00:00:00', '0000-00-00 00:00:00', '2008-10-22 08:15:09', '2008-10-21 10:00:27', 'MapPositionY', 'Vertikální pozice', '', '1', 'Svislá pozice na mapě', '', 0, 1, 0, 0, 4),
(20, 20, 5, '0000-00-00 00:00:00', '0000-00-00 00:00:00', '2008-10-22 08:15:09', NULL, 'MembershipDate', 'Začátek členství', '', '2', 'Datum přípojení do sítě', '', 0, 1, 0, 0, 4),
(21, 21, 5, '0000-00-00 00:00:00', '0000-00-00 00:00:00', '2008-10-22 08:15:09', NULL, 'FamilyMemberCount', 'Osob v rodině', '', '1', 'Počet osob v připojené domácnosti', '', 0, 1, 0, 0, 4),
(22, 22, 5, '0000-00-00 00:00:00', '0000-00-00 00:00:00', '2008-10-22 08:15:09', NULL, 'ResponsibleUser', 'Zodpovědný uživatel', '', '37', '', '', 1, 1, 1, 1, 4),
(23, 23, 5, '0000-00-00 00:00:00', '0000-00-00 00:00:00', '2008-10-22 08:15:09', NULL, 'Subject', 'Subjekt', '', '33', '', '', 1, 1, 0, 0, 4),
(24, 24, 5, '0000-00-00 00:00:00', '0000-00-00 00:00:00', '2008-10-22 08:15:09', NULL, 'Type', 'Druh', '', '7', '', '1', 0, 1, 1, 0, 2),
(25, 25, 5, '0000-00-00 00:00:00', '0000-00-00 00:00:00', '2008-10-22 08:15:09', NULL, 'Phone', 'Telefón', '', '3', '', '', 0, 1, 0, 0, 1),
(26, 26, 5, '0000-00-00 00:00:00', '0000-00-00 00:00:00', '2008-10-22 08:15:09', NULL, 'Notice', 'Poznámka', '', '3', '', '', 0, 1, 0, 0, 3),
(27, 27, 5, '0000-00-00 00:00:00', '0000-00-00 00:00:00', '2008-10-22 08:15:09', NULL, 'MemberState', 'Stav připojení', '', '6', '', '', 1, 1, 1, 0, 4),
(28, 28, 5, '0000-00-00 00:00:00', '0000-00-00 00:00:00', '2008-10-22 08:15:09', NULL, 'HostList', 'Registrované zařízení', '', '23', '', '', 0, 1, 0, 0, 4),
(29, 29, 5, '0000-00-00 00:00:00', '0000-00-00 00:00:00', '2008-10-22 08:15:09', NULL, 'Name', 'Označení', '', '3', '', '', 1, 1, 1, 1, 5),
(30, 30, 5, '0000-00-00 00:00:00', '0000-00-00 00:00:00', '2008-10-22 08:15:09', NULL, 'NetworkIPAddress', 'Adresa sítě', '', '3', '', '', 1, 1, 1, 0, 5),
(31, 31, 5, '0000-00-00 00:00:00', '0000-00-00 00:00:00', '2008-10-22 08:15:09', NULL, 'IPAddressMask', 'Maska sítě', '', '3', '', '', 1, 1, 1, 0, 5),
(32, 32, 5, '0000-00-00 00:00:00', '0000-00-00 00:00:00', '2008-10-22 08:15:09', NULL, 'DNSPrimary', 'Primární DNS server', '', '3', '', '', 0, 1, 0, 0, 5),
(33, 33, 5, '0000-00-00 00:00:00', '0000-00-00 00:00:00', '2008-10-22 08:15:09', NULL, 'DNSSecondary', 'Sukundární DNS server', '', '3', '', '', 0, 1, 0, 0, 5),
(34, 34, 5, '0000-00-00 00:00:00', '0000-00-00 00:00:00', '2008-10-22 08:15:09', NULL, 'DHCP', 'DHCP server', '', '3', '', '', 0, 1, 0, 0, 5),
(35, 35, 5, '0000-00-00 00:00:00', '0000-00-00 00:00:00', '2008-10-22 08:15:09', NULL, 'Domain', 'Doména', '', '3', '', '', 0, 1, 0, 0, 5),
(36, 36, 5, '0000-00-00 00:00:00', '0000-00-00 00:00:00', '2008-10-22 08:15:09', NULL, 'Workgroup', 'Pracovní skupina', '', '3', '', '', 0, 1, 0, 0, 5),
(37, 37, 5, '0000-00-00 00:00:00', '0000-00-00 00:00:00', '2008-10-22 08:15:09', NULL, 'WINS', 'WINS server', '', '3', '', '', 0, 1, 0, 0, 5),
(38, 38, 5, '0000-00-00 00:00:00', '0000-00-00 00:00:00', '2008-10-22 08:15:09', NULL, 'Name', 'Označení', '', '3', '', '', 1, 1, 1, 1, 6),
(39, 39, 5, '0000-00-00 00:00:00', '0000-00-00 00:00:00', '2008-10-22 08:15:09', NULL, 'Type', 'Typ', '', '8', '', '', 1, 1, 1, 0, 6),
(40, 40, 5, '0000-00-00 00:00:00', '0000-00-00 00:00:00', '2008-10-22 08:15:09', NULL, 'Host', 'Zařízení', '', '31', 'Vyberte zařízení, ke kterému patří toto rozhraní.', '', 1, 1, 1, 0, 6),
(41, 41, 5, '0000-00-00 00:00:00', '0000-00-00 00:00:00', '2008-10-22 08:15:09', NULL, 'ParentHost', 'Připojeno k bodu', '', '31', '', '', 1, 1, 1, 0, 6),
(42, 42, 5, '0000-00-00 00:00:00', '0000-00-00 00:00:00', '2008-10-22 08:15:09', NULL, 'Interface', 'Rozhraní', '', '24', '', '', 0, 1, 0, 0, 2),
(43, 43, 5, '0000-00-00 00:00:00', '0000-00-00 00:00:00', '2008-10-22 08:15:09', NULL, 'MAC', 'Fyzická adresa', '', '3', 'Zadejte fyzickou adresu síťové karty též nazývanou MAC adresa.', '', 1, 1, 0, 0, 6),
(44, 44, 5, '0000-00-00 00:00:00', '0000-00-00 00:00:00', '2008-10-22 08:15:09', NULL, 'ParentHost', 'Nadřazený uzel', '', '31', '', '', 0, 1, 0, 0, 2),
(45, 45, 5, '0000-00-00 00:00:00', '0000-00-00 00:00:00', '2008-10-22 08:15:09', NULL, 'SubHostList', 'Připojené zařízení', '', '38', 'Seznam podřízených zařízení ve virtuálním stromu propojení.', '', 0, 1, 0, 0, 2),
(46, 46, 5, '0000-00-00 00:00:00', '0000-00-00 00:00:00', '2008-10-22 08:15:09', NULL, 'Name', 'Označení', '', '3', '', '', 1, 1, 1, 1, 7),
(47, 47, 5, '0000-00-00 00:00:00', '0000-00-00 00:00:00', '2008-10-22 08:15:09', NULL, 'TimeEnlistment', 'Čas zařazení', '', '2', '', '', 1, 1, 0, 0, 7),
(48, 48, 5, '0000-00-00 00:00:00', '0000-00-00 00:00:00', '2008-10-22 08:15:09', NULL, 'TimeElimination', 'Čas vyřazení', '', '2', '', '', 0, 1, 0, 0, 7),
(49, 49, 5, '0000-00-00 00:00:00', '0000-00-00 00:00:00', '2008-10-22 08:15:09', NULL, 'Price', 'Pořizovací cena', '', '1', '', '', 1, 1, 1, 0, 7),
(50, 50, 5, '0000-00-00 00:00:00', '0000-00-00 00:00:00', '2008-10-22 08:15:09', NULL, 'State', 'Stav', '', '9', '', '', 1, 1, 1, 0, 7),
(51, 51, 5, '0000-00-00 00:00:00', '0000-00-00 00:00:00', '2008-10-22 08:15:09', NULL, 'SerialNumber', 'Sériové číslo', '', '3', '', '', 0, 1, 0, 0, 7),
(52, 52, 5, '0000-00-00 00:00:00', '0000-00-00 00:00:00', '2008-10-22 08:15:09', NULL, 'PurcheasedFrom', 'Zakoupeno od', '', '33', '', '', 0, 1, 0, 0, 7),
(53, 53, 5, '0000-00-00 00:00:00', '0000-00-00 00:00:00', '2008-10-22 08:15:09', NULL, 'PurcheasedAsset', 'Nakoupené zboží', '', '21', '', '', 0, 1, 0, 0, 3),
(54, 54, 5, '0000-00-00 00:00:00', '0000-00-00 00:00:00', '2008-10-22 08:15:09', NULL, 'Member', 'Člen', '', '32', '', '', 0, 1, 0, 0, 1),
(113, 113, 5, '0000-00-00 00:00:00', '0000-00-00 00:00:00', '2008-10-22 08:15:09', '2008-10-21 10:17:25', 'ValidFromTime', 'Platnost od', '', '2', '', '', 1, 1, 0, 0, 4),
(57, 57, 5, '0000-00-00 00:00:00', '0000-00-00 00:00:00', '2008-10-22 08:15:09', NULL, 'Price', 'Cena', '', '1', '', '', 1, 1, 1, 0, 8),
(56, 56, 5, '0000-00-00 00:00:00', '0000-00-00 00:00:00', '2008-10-22 08:15:09', NULL, 'Name', 'Označení', '', '3', '', '', 1, 1, 1, 1, 8),
(58, 58, 5, '0000-00-00 00:00:00', '0000-00-00 00:00:00', '2008-10-22 08:15:09', NULL, 'MinUploadSpeed', 'Minimální odchozí rychlost', '', '1', '', '', 1, 1, 0, 0, 8),
(59, 59, 5, '0000-00-00 00:00:00', '0000-00-00 00:00:00', '2008-10-22 08:15:09', NULL, 'MaxUploadSpeed', 'Maximální odchozí rychlost', '', '1', '', '', 1, 1, 1, 0, 8),
(60, 60, 5, '0000-00-00 00:00:00', '0000-00-00 00:00:00', '2008-10-22 08:15:09', NULL, 'MinDownloadSpeed', 'Minimální příchozí rychlost', '', '1', '', '', 1, 1, 0, 0, 8),
(61, 61, 5, '0000-00-00 00:00:00', '0000-00-00 00:00:00', '2008-10-22 08:15:09', NULL, 'MaxDownloadSpeed', 'Max příchozí rychlost', '', '1', '', '', 1, 1, 1, 0, 8),
(62, 62, 5, '0000-00-00 00:00:00', '0000-00-00 00:00:00', '2008-10-22 08:15:09', NULL, 'UserName', 'Uživatelské jméno', '', '3', '', '', 1, 1, 0, 0, 1),
(63, 63, 5, '0000-00-00 00:00:00', '0000-00-00 00:00:00', '2008-10-22 08:15:09', NULL, 'Password', 'Heslo', '', '15', '', '', 1, 1, 0, 0, 1),
(64, 64, 5, '0000-00-00 00:00:00', '0000-00-00 00:00:00', '2008-10-22 08:15:09', NULL, 'Member', 'Členové', '', '26', '', '', 0, 1, 0, 0, 8),
(65, 65, 5, '0000-00-00 00:00:00', '0000-00-00 00:00:00', '2008-10-22 08:15:09', NULL, 'Tariff', 'Tarif', '', '36', '', '', 1, 1, 1, 0, 4),
(66, 66, 5, '0000-00-00 00:00:00', '0000-00-00 00:00:00', '2008-10-22 08:15:09', NULL, 'Member', 'Vlastník', '', '32', '', '', 0, 1, 0, 0, 2),
(67, 67, 5, '0000-00-00 00:00:00', '0000-00-00 00:00:00', '2008-10-22 08:15:09', NULL, 'WWW', 'Internetové stránky', '', '18', '', '', 0, 1, 0, 0, 3),
(68, 68, 5, '0000-00-00 00:00:00', '0000-00-00 00:00:00', '2008-10-22 08:15:09', NULL, 'Text', 'Text zprávy', '', '3', '', '', 1, 1, 1, 1, 9),
(69, 69, 5, '0000-00-00 00:00:00', '0000-00-00 00:00:00', '2008-10-22 08:15:09', NULL, 'Date', 'Datum', '', '2', '', '', 1, 1, 1, 0, 9),
(70, 70, 5, '0000-00-00 00:00:00', '0000-00-00 00:00:00', '2008-10-22 08:15:09', NULL, 'Member', 'Člen', '', '32', '', '', 1, 1, 1, 0, 9),
(71, 71, 5, '0000-00-00 00:00:00', '0000-00-00 00:00:00', '2008-10-22 08:15:09', NULL, 'Type', 'Typ zprávy', '', '10', '', '', 1, 1, 1, 0, 9),
(72, 72, 5, '0000-00-00 00:00:00', '0000-00-00 00:00:00', '2008-10-22 08:15:09', NULL, 'ReportList', 'Záznamy', '', '27', '', '', 0, 1, 0, 0, 4),
(73, 73, 5, '0000-00-00 00:00:00', '0000-00-00 00:00:00', '2008-10-22 08:15:09', NULL, 'Creator', 'Vložil', '', '37', '', '', 1, 1, 0, 0, 9),
(74, 74, 5, '0000-00-00 00:00:00', '0000-00-00 00:00:00', '2008-10-22 08:15:09', NULL, 'Name', 'Označení', '', '3', '', '', 1, 1, 1, 1, 10),
(75, 75, 5, '0000-00-00 00:00:00', '0000-00-00 00:00:00', '2008-10-22 08:15:09', NULL, 'BankName', 'Jméno banky', '', '3', '', '', 1, 1, 0, 0, 10),
(76, 76, 5, '0000-00-00 00:00:00', '0000-00-00 00:00:00', '2008-10-22 08:15:09', NULL, 'Number', 'Identifikační číslo', '', '3', '', '', 1, 1, 1, 0, 10),
(77, 77, 5, '0000-00-00 00:00:00', '0000-00-00 00:00:00', '2008-10-22 08:15:09', NULL, 'BankCode', 'Kód banky', '', '3', '', '', 1, 1, 1, 0, 10),
(78, 78, 5, '0000-00-00 00:00:00', '0000-00-00 00:00:00', '2008-10-22 08:15:09', NULL, 'User', 'Registroval', '', '37', '', '', 0, 1, 0, 0, 10),
(79, 79, 5, '0000-00-00 00:00:00', '0000-00-00 00:00:00', '2008-10-22 08:15:09', NULL, 'Type', 'Typ', '', '11', '', '', 1, 1, 1, 0, 10),
(80, 80, 5, '0000-00-00 00:00:00', '0000-00-00 00:00:00', '2008-10-22 08:15:09', NULL, 'MemberList', 'Členství', '', '25', '', '', 0, 1, 0, 0, 3),
(81, 81, 5, '0000-00-00 00:00:00', '0000-00-00 00:00:00', '2008-10-22 08:15:09', NULL, 'Name', 'Systémové jméno typu', '', '3', 'Jméno by mělo obsahovat pouze velké a malé písmena. V podsložece types projektu jsou umístěny výkonné soubory pro jednotlivé typy.', 'Name', 1, 1, 1, 1, 11),
(82, 82, 5, '0000-00-00 00:00:00', '0000-00-00 00:00:00', '2008-10-22 08:15:09', NULL, 'ParentType', 'Rodičovský typ', '', '35', '', '', 1, 1, 1, 0, 11),
(83, 83, 5, '0000-00-00 00:00:00', '0000-00-00 00:00:00', '2008-10-22 08:15:09', NULL, 'Parameters', 'Parametry typu', '', '3', '', 'Parametry zadávejte jako řetězce oddělené symblem "|".', 0, 1, 0, 0, 11),
(84, 84, 5, '0000-00-00 00:00:00', '0000-00-00 00:00:00', '2008-10-22 08:15:09', NULL, 'System', 'Systémový', '', '4', '', '0', 1, 1, 0, 0, 11),
(88, 88, 5, '0000-00-00 00:00:00', '0000-00-00 00:00:00', '2008-10-22 08:15:09', NULL, 'Description', 'Popis', '', '3', '', '', 1, 1, 1, 0, 11),
(89, 89, 5, '0000-00-00 00:00:00', '0000-00-00 00:00:00', '2008-10-22 08:15:09', NULL, 'Description', 'Popis', '', '3', '', '', 1, 1, 1, 0, 12),
(90, 90, 5, '0000-00-00 00:00:00', '0000-00-00 00:00:00', '2008-10-22 08:15:09', NULL, 'Amount', 'Částka', '', '16', '', '', 1, 1, 1, 0, 12),
(91, 91, 5, '0000-00-00 00:00:00', '0000-00-00 00:00:00', '2008-10-22 08:15:09', NULL, 'Time', 'Čas', '', '2', '', '', 1, 1, 1, 0, 12),
(92, 92, 5, '0000-00-00 00:00:00', '0000-00-00 00:00:00', '2008-10-22 08:15:09', NULL, 'SourceSubject', 'Zdrojový subjekt', '', '33', '', '', 1, 1, 1, 0, 12),
(93, 93, 5, '0000-00-00 00:00:00', '0000-00-00 00:00:00', '2008-10-22 08:15:09', NULL, 'TargetSubject', 'Cílový subjekt', '', '33', '', '', 1, 1, 1, 0, 12),
(94, 94, 5, '0000-00-00 00:00:00', '0000-00-00 00:00:00', '2008-10-22 08:15:09', '2008-10-19 20:08:36', 'Type', 'Type', '', '15', '', '', 1, 1, 0, 0, 12),
(95, 95, 5, '0000-00-00 00:00:00', '0000-00-00 00:00:00', '2008-10-22 08:15:09', NULL, 'InsertedByUser', 'Vložil', '', '37', '', '', 0, 0, 0, 0, 12),
(96, 96, 5, '0000-00-00 00:00:00', '0000-00-00 00:00:00', '2008-10-22 08:15:09', NULL, 'DbDataType', 'Datový typ v databázi', '', '3', '', '', 1, 1, 0, 0, 11),
(97, 97, 5, '0000-00-00 00:00:00', '0000-00-00 00:00:00', '2008-10-22 08:15:09', NULL, 'TableName', 'Jméno tabulky', '', '3', 'Zadejte jméno tabulky v databázi, která bude použita pro uchování informací.', '', 1, 1, 1, 0, 13),
(98, 98, 5, '0000-00-00 00:00:00', '0000-00-00 00:00:00', '2008-10-22 08:15:09', NULL, 'Title', 'Název seznamu', '', '3', 'Zadejte nadpis seznamu.', '', 1, 1, 1, 1, 13),
(99, 99, 5, '0000-00-00 00:00:00', '0000-00-00 00:00:00', '2008-10-22 08:15:09', '2008-10-21 08:53:27', 'VisibleInMenu', 'Viditelné v menu', '', '4', 'Zobrazovat tuto tabulku v hlavním menu', '', 1, 1, 0, 0, 13),
(100, 100, 5, '0000-00-00 00:00:00', '0000-00-00 00:00:00', '2008-10-22 08:15:09', NULL, 'Items', 'Položky', '', '28', 'Definujte potřebné položky pro seznam.', '', 1, 1, 0, 0, 13),
(101, 101, 5, '0000-00-00 00:00:00', '0000-00-00 00:00:00', '2008-10-22 08:15:09', NULL, 'Name', 'Jméno sloupce', '', '3', 'Jméno sloupce tabulky v databázi', '', 1, 1, 1, 0, 14),
(102, 102, 5, '0000-00-00 00:00:00', '0000-00-00 00:00:00', '2008-10-22 08:15:09', NULL, 'TextBefore', 'Text před hodnotou', '', '3', 'Oznčení položky umístěné před zobrazenou hodnotou.', '', 1, 1, 1, 1, 14),
(103, 103, 5, '0000-00-00 00:00:00', '0000-00-00 00:00:00', '2008-10-22 08:15:09', NULL, 'TextAfter', 'Text za hodnotou', '', '3', 'Tento text většinou obsahuje jednotky použité veličiny.', '', 1, 1, 0, 0, 14),
(104, 104, 5, '0000-00-00 00:00:00', '0000-00-00 00:00:00', '2008-10-22 08:15:09', NULL, 'Type', 'Type', '', '35', 'Typ dat položky', '', 1, 1, 1, 0, 14),
(105, 105, 5, '0000-00-00 00:00:00', '0000-00-00 00:00:00', '2008-10-22 08:15:09', NULL, 'Help', 'Nápověda', '', '3', 'Textová nápověda zobrazovaná jako pomůcka při editaci hodnoty.', '', 1, 1, 0, 0, 14),
(106, 106, 5, '0000-00-00 00:00:00', '0000-00-00 00:00:00', '2008-10-22 08:15:09', NULL, 'Required', 'Požadováno', '', '4', 'Určuje zda je nutné danou položku vyplnit.', '', 1, 1, 0, 0, 14),
(107, 107, 5, '0000-00-00 00:00:00', '0000-00-00 00:00:00', '2008-10-22 08:15:09', NULL, 'Editable', 'Editovatelné', '', '4', 'Určuje zda je možné danou položku ručně editovat nebo zda je měněna automaticky systémem.', '', 1, 1, 0, 0, 14),
(108, 108, 5, '0000-00-00 00:00:00', '0000-00-00 00:00:00', '2008-10-22 08:15:09', NULL, 'VisibleInList', 'Viditelné v seznamu', '', '4', 'Určuje viditelnost této položky v seznamu', '', 1, 1, 0, 0, 14),
(109, 109, 5, '0000-00-00 00:00:00', '0000-00-00 00:00:00', '2008-10-22 08:15:09', NULL, 'VisibleInPointer', 'Viditelné v odkazech', '', '4', 'Určuje viditelnost této položky v názvech odkazů na tuto položku', '', 1, 1, 0, 0, 14),
(110, 110, 5, '0000-00-00 00:00:00', '0000-00-00 00:00:00', '2008-10-22 08:15:09', NULL, 'Area', 'Umístění', '', '30', 'Vyberte oblast, do které toto zařízení patří.', '', 0, 1, 0, 0, 2),
(111, 111, 5, '0000-00-00 00:00:00', '0000-00-00 00:00:00', '2008-10-22 08:15:09', NULL, 'HostList', 'Seznam zařízení', '', '22', '', '', 0, 1, 0, 0, 5),
(112, 112, 5, '0000-00-00 00:00:00', '0000-00-00 00:00:00', '2008-10-22 08:15:09', NULL, 'UserList', 'Uživatelů', '', '29', '', '', 0, 1, 0, 0, 4),
(114, 114, 5, '0000-00-00 00:00:00', '0000-00-00 00:00:00', '2008-10-22 08:15:09', '2008-10-21 10:17:36', 'ValidToTime', 'Platnost do', '', '2', '', '', 1, 1, 0, 0, 4),
(115, 115, 5, '0000-00-00 00:00:00', '0000-00-00 00:00:00', '2008-10-22 08:15:09', NULL, 'User', 'Uživatel', '', '37', '', '', 1, 0, 1, 1, 15),
(116, 116, 5, '0000-00-00 00:00:00', '0000-00-00 00:00:00', '2008-10-22 08:15:09', '2008-10-22 08:40:51', 'LoginTime', 'Čas přihlášení', '', '2', '', '', 0, 0, 0, 0, 15),
(117, 117, 5, '0000-00-00 00:00:00', '0000-00-00 00:00:00', '2008-10-22 08:15:09', NULL, 'ActivityTime', 'Naposledy aktivní', '', '2', '', '', 0, 0, 0, 0, 15),
(118, 118, 5, '0000-00-00 00:00:00', '0000-00-00 00:00:00', '2008-10-22 08:15:09', NULL, 'SessionId', 'Identifikace spojení', '', '3', '', '', 0, 0, 0, 0, 15),
(119, 119, 5, '0000-00-00 00:00:00', '0000-00-00 00:00:00', '2008-10-22 08:15:09', NULL, 'IpAddress', 'IP adresa', '', '3', '', '', 0, 0, 0, 0, 15),
(120, 120, 5, '0000-00-00 00:00:00', '0000-00-00 00:00:00', '2008-10-22 08:15:09', NULL, 'HostName', 'Jméno počítače', '', '3', '', '', 0, 0, 1, 0, 15),
(121, 121, 5, '0000-00-00 00:00:00', '0000-00-00 00:00:00', '2008-10-22 08:15:09', NULL, 'Locked', 'Zamčeno', '', '4', '', '', 0, 0, 0, 0, 1),
(122, 122, 5, '0000-00-00 00:00:00', '0000-00-00 00:00:00', '2008-10-22 08:15:09', NULL, 'RegistrationTime', 'Čas registrace', '', '2', '', '', 0, 0, 0, 0, 1),
(123, 123, 5, '0000-00-00 00:00:00', '0000-00-00 00:00:00', '2008-10-22 08:15:09', NULL, 'LastLoginTime', 'Čas posledního přihlášení', '', '2', '', '', 0, 0, 0, 0, 1),
(124, 124, 5, '0000-00-00 00:00:00', '0000-00-00 00:00:00', '2008-10-22 08:15:09', NULL, 'LastIpAddress', 'Poslední IP adresa', '', '3', '', '', 0, 0, 0, 0, 1),
(125, 125, 5, '0000-00-00 00:00:00', '0000-00-00 00:00:00', '2008-10-22 08:15:09', NULL, 'Author', 'Autor', '', '37', '', '', 1, 0, 0, 0, 16),
(126, 126, 5, '0000-00-00 00:00:00', '0000-00-00 00:00:00', '2008-10-22 08:15:09', NULL, 'TimeCreation', 'Čas vytvoření', '', '2', '', '', 1, 0, 0, 0, 16),
(127, 127, 5, '0000-00-00 00:00:00', '0000-00-00 00:00:00', '2008-10-22 08:15:09', NULL, 'TimeValidFrom', 'Platnost od', '', '2', '', '', 1, 1, 0, 0, 16),
(128, 128, 5, '0000-00-00 00:00:00', '0000-00-00 00:00:00', '2008-10-22 08:15:09', NULL, 'TimeValidTo', 'Platnost do', '', '2', '', '', 1, 1, 0, 0, 16),
(129, 129, 5, '0000-00-00 00:00:00', '0000-00-00 00:00:00', '2008-10-22 08:15:09', NULL, 'ListId', 'Odkazovaná tabulka', '', '34', '', '', 1, 1, 0, 0, 16),
(130, 130, 5, '0000-00-00 00:00:00', '0000-00-00 00:00:00', '2008-10-22 08:15:09', NULL, 'PermanentId', 'Trvalá identifikace', '', '1', '', '', 1, 1, 0, 0, 16),
(133, 132, 5, '2008-10-12 17:48:27', '0000-00-00 00:00:00', '2008-10-22 08:15:09', NULL, 'List', 'Rodičovský seznam', '', '34', '', '', 1, 0, 0, 0, 14),
(142, 133, 5, '2008-10-12 18:39:09', '0000-00-00 00:00:00', '2008-10-22 08:15:09', NULL, 'Name', 'Jméno', '', '3', '', '', 1, 1, 1, 1, 26),
(143, 134, 5, '2008-10-13 09:54:15', NULL, '2008-10-22 08:15:09', NULL, 'Name', 'Jméno', '', '3', '', '', 1, 1, 1, 1, 18),
(144, 135, 5, '2008-10-13 10:04:22', NULL, '2008-10-22 08:15:09', NULL, 'PermissionGroup', 'Oprávnění', '', '39', '', '', 1, 1, 0, 0, 1),
(145, 136, 5, '2008-10-13 10:20:19', NULL, '2008-10-22 08:15:09', NULL, 'List', 'Seznam', '', '34', '', '', 1, 1, 1, 0, 19),
(146, 137, 5, '2008-10-13 10:24:59', NULL, '2008-10-22 08:15:09', NULL, 'Item', 'Položka', '', '1', '', '', 0, 1, 1, 0, 19),
(147, 138, 5, '2008-10-13 10:26:06', NULL, '2008-10-22 08:15:09', NULL, 'Right', 'Práva', '', '14', 'Žádné|Čtení|Čtení i zápis', '', 1, 1, 1, 1, 19),
(148, 139, 5, '2008-10-13 10:39:16', NULL, '2008-10-22 08:15:09', NULL, 'PermissionGroup', 'Rodičovská skupina', '', '39', '', '', 0, 1, 0, 0, 19),
(149, 140, 5, '2008-10-13 10:41:38', NULL, '2008-10-22 08:15:09', NULL, 'PermissionList', 'Oprávnění', '', '41', '', '', 0, 1, 0, 0, 18),
(150, 138, 5, '2008-10-13 10:43:38', NULL, '2008-10-22 08:15:09', NULL, 'Right', 'Práva', '', '42', 'Žádné|Čtení|Čtení i zápis', '', 1, 1, 1, 1, 19),
(151, 141, 5, '2008-10-13 12:06:35', NULL, '2008-10-22 08:15:09', NULL, 'UserList', 'Zařazení uživatelé', '', '43', '', '', 0, 0, 0, 0, 18),
(152, 142, 5, '2008-10-13 12:13:06', NULL, '2008-10-22 08:15:09', '2008-10-21 08:53:00', 'System', 'Systémový', '', '4', '', '', 0, 0, 0, 0, 13),
(153, 143, 5, '2008-10-13 12:14:34', NULL, '2008-10-22 08:15:09', NULL, 'User', 'Uživatel', '', '37', '', '', 0, 0, 1, 1, 20),
(154, 144, 5, '2008-10-13 12:15:22', NULL, '2008-10-22 08:15:09', NULL, 'List', 'Seznam', '', '34', '', '', 0, 0, 1, 0, 20),
(155, 145, 5, '2008-10-13 12:15:40', NULL, '2008-10-22 08:15:09', NULL, 'Item', 'Položka', '', '1', '', '', 0, 0, 1, 0, 20),
(156, 146, 5, '2008-10-13 12:17:36', NULL, '2008-10-22 08:15:09', NULL, 'Action', 'Akce', '', '44', '', '', 0, 0, 1, 0, 20),
(157, 147, 5, '2008-10-14 06:53:58', NULL, '2008-10-22 08:15:09', NULL, 'CreationTime', 'Čas vytvoření', '', '2', '', '', 0, 0, 1, 0, 20),
(158, 147, 5, '2008-10-14 07:21:08', NULL, '2008-10-22 08:15:09', '2008-10-19 19:19:25', 'CreationTime', 'Čas vytvoření', '', '46', '', '', 0, 0, 1, 0, 20),
(159, 148, 5, '2008-10-14 07:51:52', NULL, '2008-10-22 08:15:09', '2008-10-19 20:09:33', 'Document', 'Doklad', '', '47', '', '', 0, 1, 0, 0, 12),
(160, 147, 5, '2008-10-19 19:19:25', NULL, '2008-10-22 08:15:09', NULL, 'CreationTime', 'Čas vytvoření', '', '45', '', '', 0, 0, 1, 0, 20),
(161, 94, 5, '2008-10-19 20:08:36', NULL, '2008-10-22 08:15:09', NULL, 'Type', 'Type', '', '17', '', '', 1, 1, 0, 0, 12),
(162, 148, 5, '2008-10-19 20:09:33', NULL, '2008-10-22 08:15:09', NULL, 'Document', 'Doklad', '', '46', '', '', 0, 1, 0, 0, 12),
(163, 149, 5, '2008-10-21 07:47:49', NULL, '2008-10-22 08:15:09', NULL, 'Name', 'Jméno', '', '3', '', '', 1, 1, 1, 1, 21),
(164, 150, 5, '2008-10-21 07:48:56', NULL, '2008-10-22 08:15:09', '2008-10-21 07:52:52', 'Name', 'Jméno', '', '3', '', '', 1, 1, 1, 1, 21),
(165, 151, 5, '2008-10-21 07:51:35', NULL, '2008-10-22 08:15:09', '2008-10-21 07:53:04', 'Name', 'Jméno', '', '3', '', '', 1, 1, 1, 1, 21),
(166, 152, 5, '2008-10-21 08:14:17', NULL, '2008-10-22 08:15:09', NULL, 'Menu', 'Menu', '', '47', '', '', 1, 1, 0, 0, 13),
(167, 153, 5, '2008-10-21 08:23:20', NULL, '2008-10-22 08:15:09', NULL, 'SystemListItems', 'Položky menu', '', '48', '', '', 0, 0, 0, 0, 21),
(168, 18, 5, '2008-10-21 10:01:03', NULL, '2008-10-22 08:15:09', NULL, 'GPS', 'GPS pozice', '', '49', 'Pozice na mapě', '', 0, 1, 0, 0, 4),
(169, 154, 28, '2008-10-21 14:40:20', NULL, '2008-10-22 08:15:09', NULL, 'Name', 'Jméno', '', '3', '', '', 1, 1, 1, 1, 23),
(170, 155, 28, '2008-10-21 14:41:01', NULL, '2008-10-22 08:15:09', NULL, 'Title', 'Titulek', '', '3', '', '', 1, 1, 1, 1, 22),
(171, 156, 28, '2008-10-21 14:42:05', NULL, '2008-10-22 08:15:09', NULL, 'Content', 'Obsah sdělení', '', '3', '', '', 1, 1, 0, 0, 22),
(172, 157, 28, '2008-10-21 14:43:30', NULL, '2008-10-22 08:15:09', '2008-10-21 15:55:29', 'NewsGroup', 'Skupina', '', '50', '', '', 1, 1, 1, 0, 22),
(173, 158, 28, '2008-10-21 14:43:57', NULL, '2008-10-22 08:15:09', NULL, 'Enclosure', 'Příloha', '', '46', '', '', 0, 1, 0, 0, 22),
(174, 159, 28, '2008-10-21 14:49:29', NULL, '2008-10-22 08:15:09', NULL, 'NewsItems', 'Aktuality', '', '51', '', '', 0, 0, 0, 0, 23),
(175, 160, 28, '2008-10-21 15:54:56', NULL, '2008-10-22 08:15:09', '2008-10-21 15:56:41', 'Group', 'Skupina', '', '50', '', '', 1, 1, 0, 0, 22),
(176, 160, 28, '2008-10-21 15:56:41', NULL, '2008-10-22 08:15:09', NULL, 'NewsGroup', 'Skupina', '', '50', '', '', 1, 1, 0, 0, 22),
(177, 161, 28, '2008-10-21 16:06:44', NULL, '2008-10-22 08:15:09', NULL, 'Name', 'Jméno kanálu', '', '3', '', '', 1, 1, 1, 1, 24),
(178, 162, 28, '2008-10-21 16:07:14', NULL, '2008-10-22 08:15:09', NULL, 'Frequency', 'Frekvence', '', '1', '', '', 1, 1, 1, 0, 24),
(179, 163, 28, '2008-10-21 16:07:55', NULL, '2008-10-22 08:15:09', NULL, 'Norm', 'Norma', '', '3', '', '', 1, 1, 1, 0, 24),
(180, 164, 28, '2008-10-21 16:08:16', NULL, '2008-10-22 08:15:09', '2008-10-21 16:09:55', 'Homepage', 'Webové stránky', '', '3', '', '', 0, 1, 0, 0, 24),
(181, 165, 28, '2008-10-21 16:08:34', NULL, '2008-10-22 08:15:09', NULL, 'Language', 'Jazyk', '', '3', '', '', 0, 1, 1, 0, 24),
(182, 166, 28, '2008-10-21 16:08:55', NULL, '2008-10-22 08:15:09', NULL, 'ShortName', 'Zkratka', '', '3', '', '', 1, 1, 0, 0, 24),
(183, 164, 28, '2008-10-21 16:09:55', NULL, '2008-10-22 08:15:09', NULL, 'Homepage', 'Webové stránky', '', '18', '', '', 0, 1, 0, 0, 24),
(185, 116, 28, '2008-10-22 08:40:51', NULL, '2008-10-22 08:40:51', '2008-10-22 08:43:30', 'LoginTime', 'Čas přihlášení', '', '45', '', '', 0, 0, 0, 0, 15),
(186, 116, 5, '2008-10-22 08:43:30', NULL, '2008-10-22 08:43:30', NULL, 'LoginTime', 'Čas přihlášení', '', '45', '', '', 0, 0, 0, 0, 15),
(187, 167, 5, '2008-10-27 13:56:31', NULL, '2008-10-27 13:56:31', NULL, 'Name', 'Jméno parameteru', '', '3', '', '', 1, 1, 1, 1, 28),
(188, 168, 5, '2008-10-27 13:57:19', NULL, '2008-10-27 13:57:19', NULL, 'Type', 'Typ', '', '35', '', '', 1, 1, 1, 0, 28),
(189, 169, 5, '2008-10-27 14:01:06', NULL, '2008-10-27 14:01:06', '2008-10-27 14:01:45', 'Type', 'Typ', '', '35', '', '', 1, 1, 0, 0, 28),
(190, 170, 5, '2008-10-27 14:02:10', NULL, '2008-10-27 14:02:10', NULL, 'ParentType', 'Rodičovský typ', '', '35', '', '', 1, 1, 0, 0, 28),
(191, 171, 5, '2008-10-27 14:03:32', NULL, '2008-10-27 14:03:32', NULL, 'ParameterList', 'Seznam parametrů', '', '52', '', '', 1, 1, 0, 0, 11),
(192, 172, 5, '2008-10-27 14:08:15', NULL, '2008-10-27 14:08:15', '2008-10-27 14:08:44', 'Description', 'Popis', '', '3', '', '', 1, 1, 0, 0, 28),
(193, 172, 5, '2008-10-27 14:08:44', NULL, '2008-10-27 14:08:44', NULL, 'Description', 'Popis', '', '3', '', '', 1, 1, 1, 0, 28),
(194, 173, 5, '2008-10-27 14:12:09', NULL, '2008-10-27 14:12:09', NULL, 'Name', 'Název', '', '3', '', '', 1, 1, 1, 1, 33),
(195, 174, 5, '2008-10-27 14:13:05', NULL, '2008-10-27 14:13:05', NULL, 'ParentParameter', 'Rodičovský parameter', '', '52', '', '', 1, 1, 0, 0, 33);

-- --------------------------------------------------------

--
-- Struktura tabulky `SystemLog`
--

CREATE TABLE IF NOT EXISTS `SystemLog` (
  `Id` int(11) NOT NULL auto_increment,
  `ItemId` int(11) NOT NULL,
  `Author` int(11) NOT NULL,
  `ValidTimeFrom` datetime default NULL,
  `ValidTimeTo` datetime default NULL,
  `CreationTime` datetime default NULL,
  `DeletionTime` datetime default NULL,
  `User` int(11) NOT NULL,
  `List` int(11) NOT NULL,
  `Item` int(11) NOT NULL,
  `Action` int(11) NOT NULL,
  PRIMARY KEY  (`Id`)
) ENGINE=MyISAM  DEFAULT CHARSET=utf8 COLLATE=utf8_czech_ci AUTO_INCREMENT=293 ;

--
-- Vypisuji data pro tabulku `SystemLog`
--

INSERT INTO `SystemLog` (`Id`, `ItemId`, `Author`, `ValidTimeFrom`, `ValidTimeTo`, `CreationTime`, `DeletionTime`, `User`, `List`, `Item`, `Action`) VALUES
(1, 1, 5, '2008-10-13 12:21:11', NULL, '2008-10-13 12:21:11', NULL, 8, 34, 0, 0),
(2, 2, 5, '2008-10-13 12:24:46', NULL, '2008-10-13 12:24:46', NULL, 13, 15, 12, 0),
(3, 3, 0, '2008-10-13 12:50:52', NULL, '2008-10-13 12:50:52', NULL, 5, 0, 10, 0),
(4, 4, 0, '2008-10-13 12:58:32', NULL, '2008-10-13 12:58:32', NULL, 5, 0, 11, 0),
(5, 5, 5, '2008-10-13 13:00:34', NULL, '2008-10-13 13:00:34', NULL, 5, 33, 12, 0),
(6, 6, 5, '2008-10-13 13:04:26', NULL, '2008-10-13 13:04:26', NULL, 5, 33, 13, 0),
(7, 7, 5, '2008-10-13 13:17:35', NULL, '2008-10-13 13:17:35', NULL, 5, 33, 10, 0),
(8, 8, 5, '2008-10-13 13:17:38', NULL, '2008-10-13 13:17:38', NULL, 5, 33, 8, 0),
(9, 9, 5, '2008-10-13 13:17:40', NULL, '2008-10-13 13:17:40', NULL, 5, 33, 7, 0),
(10, 10, 5, '2008-10-13 13:17:41', NULL, '2008-10-13 13:17:41', NULL, 5, 33, 6, 0),
(11, 11, 5, '2008-10-13 13:17:44', NULL, '2008-10-13 13:17:44', NULL, 5, 33, 1, 0),
(12, 12, 5, '2008-10-13 13:19:17', NULL, '2008-10-13 13:19:17', NULL, 5, 33, 14, 1),
(13, 13, 5, '2008-10-13 13:19:27', NULL, '2008-10-13 13:19:27', NULL, 5, 33, 14, 2),
(14, 14, 5, '2008-10-13 13:39:08', NULL, '2008-10-13 13:39:08', NULL, 5, 11, 45, 1),
(15, 15, 5, '2008-10-13 13:52:04', NULL, '2008-10-13 13:52:04', NULL, 5, 2, 10, 1),
(16, 16, 5, '2008-10-13 13:57:30', NULL, '2008-10-13 13:57:30', NULL, 5, 1, 21, 1),
(17, 17, 5, '2008-10-13 14:05:54', NULL, '2008-10-13 14:05:54', NULL, 5, 33, 15, 0),
(18, 18, 5, '2008-10-13 14:06:21', NULL, '2008-10-13 14:06:21', NULL, 5, 33, 16, 0),
(19, 19, 5, '2008-10-14 06:53:58', NULL, '2008-10-14 06:53:58', NULL, 5, 14, 157, 0),
(20, 20, 5, '2008-10-14 07:02:50', NULL, '2008-10-14 07:02:50', NULL, 5, 11, 46, 0),
(21, 21, 5, '2008-10-14 07:20:25', NULL, '2008-10-14 07:20:25', NULL, 5, 7, 15, 1),
(22, 22, 5, '2008-10-14 07:21:08', NULL, '2008-10-14 07:21:08', NULL, 5, 14, 158, 1),
(23, 23, 5, '2008-10-14 07:48:07', NULL, '2008-10-14 07:48:07', NULL, 5, 11, 47, 0),
(24, 24, 5, '2008-10-14 07:51:52', NULL, '2008-10-14 07:51:52', NULL, 5, 14, 159, 0),
(25, 25, 5, '2008-10-14 07:52:23', NULL, '2008-10-14 07:52:23', NULL, 5, 12, 5, 1),
(26, 26, 5, '2008-10-14 07:53:02', NULL, '2008-10-14 07:53:02', NULL, 5, 12, 6, 1),
(27, 27, 5, '2008-10-14 07:56:06', NULL, '2008-10-14 07:56:06', NULL, 5, 12, 7, 1),
(28, 28, 5, '2008-10-14 07:58:11', NULL, '2008-10-14 07:58:11', NULL, 5, 12, 8, 1),
(29, 29, 5, '2008-10-14 08:34:22', NULL, '2008-10-14 08:34:22', NULL, 5, 12, 9, 1),
(30, 30, 5, '2008-10-14 08:35:57', NULL, '2008-10-14 08:35:57', NULL, 5, 12, 10, 1),
(31, 31, 5, '2008-10-14 08:36:48', NULL, '2008-10-14 08:36:48', NULL, 5, 12, 11, 1),
(32, 32, 5, '2008-10-14 08:48:28', NULL, '2008-10-14 08:48:28', NULL, 5, 12, 12, 1),
(33, 33, 5, '2008-10-14 08:48:41', NULL, '2008-10-14 08:48:41', NULL, 5, 12, 13, 1),
(34, 34, 5, '2008-10-14 08:50:50', NULL, '2008-10-14 08:50:50', NULL, 5, 12, 14, 1),
(35, 35, 5, '2008-10-14 08:52:23', NULL, '2008-10-14 08:52:23', NULL, 5, 12, 15, 1),
(36, 36, 5, '2008-10-14 08:53:04', NULL, '2008-10-14 08:53:04', NULL, 5, 12, 16, 1),
(37, 37, 5, '2008-10-14 08:53:22', NULL, '2008-10-14 08:53:22', NULL, 5, 12, 17, 1),
(38, 38, 5, '2008-10-14 08:53:38', NULL, '2008-10-14 08:53:38', NULL, 5, 12, 18, 1),
(39, 39, 5, '2008-10-14 08:53:54', NULL, '2008-10-14 08:53:54', NULL, 5, 12, 19, 1),
(40, 40, 5, '2008-10-14 08:56:11', NULL, '2008-10-14 08:56:11', NULL, 5, 12, 20, 1),
(41, 41, 5, '2008-10-14 09:00:22', NULL, '2008-10-14 09:00:22', NULL, 5, 12, 21, 1),
(42, 42, 5, '2008-10-14 09:01:39', NULL, '2008-10-14 09:01:39', NULL, 5, 12, 22, 1),
(43, 43, 5, '2008-10-14 09:02:31', NULL, '2008-10-14 09:02:31', NULL, 5, 12, 23, 1),
(44, 44, 5, '2008-10-14 09:03:32', NULL, '2008-10-14 09:03:32', NULL, 5, 12, 24, 1),
(45, 45, 5, '2008-10-14 09:05:45', NULL, '2008-10-14 09:05:45', NULL, 5, 12, 25, 1),
(46, 46, 5, '2008-10-14 09:07:57', NULL, '2008-10-14 09:07:57', NULL, 5, 12, 26, 1),
(47, 47, 5, '2008-10-14 09:16:00', NULL, '2008-10-14 09:16:00', NULL, 5, 12, 27, 1),
(48, 48, 5, '2008-10-14 09:16:34', NULL, '2008-10-14 09:16:34', NULL, 5, 12, 28, 1),
(49, 49, 5, '2008-10-14 09:16:57', NULL, '2008-10-14 09:16:57', NULL, 5, 12, 29, 1),
(50, 50, 5, '2008-10-14 09:17:42', NULL, '2008-10-14 09:17:42', NULL, 5, 12, 30, 1),
(51, 51, 5, '2008-10-14 09:20:19', NULL, '2008-10-14 09:20:19', NULL, 5, 12, 31, 1),
(52, 52, 5, '2008-10-14 09:47:32', NULL, '2008-10-14 09:47:32', NULL, 5, 1, 22, 1),
(53, 53, 5, '2008-10-14 09:57:36', NULL, '2008-10-14 09:57:36', NULL, 5, 1, 23, 1),
(54, 54, 5, '2008-10-14 09:57:54', NULL, '2008-10-14 09:57:54', NULL, 5, 1, 24, 1),
(55, 55, 5, '2008-10-15 15:53:45', NULL, '2008-10-15 15:53:45', NULL, 5, 1, 25, 1),
(56, 56, 5, '2008-10-15 15:55:21', NULL, '2008-10-15 15:55:21', NULL, 5, 1, 26, 1),
(57, 57, 5, '2008-10-15 16:00:07', NULL, '2008-10-15 16:00:07', NULL, 5, 1, 27, 1),
(58, 58, 5, '2008-10-16 12:24:44', NULL, '2008-10-16 12:24:44', NULL, 5, 7, 16, 1),
(59, 59, 5, '2008-10-19 19:13:18', NULL, '2008-10-19 19:13:18', NULL, 5, 6, 5, 1),
(60, 60, 5, '2008-10-19 19:13:25', NULL, '2008-10-19 19:13:25', NULL, 5, 6, 6, 1),
(61, 61, 5, '2008-10-19 19:13:33', NULL, '2008-10-19 19:13:33', NULL, 5, 6, 7, 1),
(62, 62, 5, '2008-10-19 19:19:25', NULL, '2008-10-19 19:19:25', NULL, 5, 14, 160, 1),
(63, 63, 5, '2008-10-19 20:00:47', NULL, '2008-10-19 20:00:47', NULL, 5, 5, 9, 0),
(64, 64, 5, '2008-10-19 20:01:24', NULL, '2008-10-19 20:01:24', NULL, 5, 2, 11, 1),
(65, 65, 5, '2008-10-19 20:03:14', NULL, '2008-10-19 20:03:14', NULL, 5, 2, 12, 1),
(66, 66, 5, '2008-10-19 20:03:20', NULL, '2008-10-19 20:03:20', NULL, 5, 2, 13, 1),
(67, 67, 5, '2008-10-19 20:07:04', NULL, '2008-10-19 20:07:04', NULL, 5, 6, 8, 1),
(68, 68, 5, '2008-10-19 20:08:36', NULL, '2008-10-19 20:08:36', NULL, 5, 14, 161, 1),
(69, 69, 5, '2008-10-19 20:09:33', NULL, '2008-10-19 20:09:33', NULL, 5, 14, 162, 1),
(70, 70, 5, '2008-10-19 20:09:37', NULL, '2008-10-19 20:09:37', NULL, 5, 12, 3, 2),
(71, 71, 5, '2008-10-21 07:06:14', NULL, '2008-10-21 07:06:14', NULL, 5, 33, 17, 0),
(72, 72, 5, '2008-10-21 07:06:35', NULL, '2008-10-21 07:06:35', NULL, 5, 1, 28, 1),
(73, 73, 5, '2008-10-21 07:46:53', NULL, '2008-10-21 07:46:53', NULL, 5, 13, 35, 0),
(74, 74, 5, '2008-10-21 07:47:49', NULL, '2008-10-21 07:47:49', NULL, 5, 14, 163, 0),
(75, 75, 5, '2008-10-21 07:48:56', NULL, '2008-10-21 07:48:56', NULL, 5, 14, 164, 0),
(76, 76, 5, '2008-10-21 07:51:35', NULL, '2008-10-21 07:51:35', NULL, 5, 14, 165, 0),
(77, 77, 5, '2008-10-21 07:52:52', NULL, '2008-10-21 07:52:52', NULL, 5, 14, 150, 2),
(78, 78, 5, '2008-10-21 07:53:04', NULL, '2008-10-21 07:53:04', NULL, 5, 14, 151, 2),
(79, 79, 5, '2008-10-21 08:06:34', NULL, '2008-10-21 08:06:34', NULL, 5, 13, 36, 1),
(80, 80, 5, '2008-10-21 08:07:02', NULL, '2008-10-21 08:07:02', NULL, 5, 13, 37, 1),
(81, 81, 5, '2008-10-21 08:07:20', NULL, '2008-10-21 08:07:20', NULL, 5, 13, 38, 1),
(82, 82, 5, '2008-10-21 08:10:18', NULL, '2008-10-21 08:10:18', NULL, 5, 13, 39, 1),
(83, 83, 5, '2008-10-21 08:10:28', NULL, '2008-10-21 08:10:28', NULL, 5, 13, 40, 1),
(84, 84, 5, '2008-10-21 08:10:38', NULL, '2008-10-21 08:10:38', NULL, 5, 13, 41, 1),
(85, 85, 5, '2008-10-21 08:10:57', NULL, '2008-10-21 08:10:57', NULL, 5, 33, 18, 0),
(86, 86, 5, '2008-10-21 08:11:18', NULL, '2008-10-21 08:11:18', NULL, 5, 13, 42, 1),
(87, 87, 5, '2008-10-21 08:13:34', NULL, '2008-10-21 08:13:34', NULL, 5, 11, 48, 0),
(88, 88, 5, '2008-10-21 08:14:17', NULL, '2008-10-21 08:14:17', NULL, 5, 14, 166, 0),
(89, 89, 5, '2008-10-21 08:14:39', NULL, '2008-10-21 08:14:39', NULL, 5, 41, 1, 0),
(90, 90, 5, '2008-10-21 08:14:59', NULL, '2008-10-21 08:14:59', NULL, 5, 41, 2, 0),
(91, 91, 5, '2008-10-21 08:17:28', NULL, '2008-10-21 08:17:28', NULL, 5, 11, 0, 1),
(92, 92, 5, '2008-10-21 08:18:00', NULL, '2008-10-21 08:18:00', NULL, 5, 11, 49, 1),
(93, 93, 5, '2008-10-21 08:19:02', NULL, '2008-10-21 08:19:02', NULL, 5, 11, 50, 1),
(94, 94, 5, '2008-10-21 08:19:13', NULL, '2008-10-21 08:19:13', NULL, 5, 42, 43, 1),
(95, 95, 5, '2008-10-21 08:19:21', NULL, '2008-10-21 08:19:21', NULL, 5, 43, 44, 1),
(96, 96, 5, '2008-10-21 08:19:30', NULL, '2008-10-21 08:19:30', NULL, 5, 43, 45, 1),
(97, 97, 5, '2008-10-21 08:19:35', NULL, '2008-10-21 08:19:35', NULL, 5, 43, 46, 1),
(98, 98, 5, '2008-10-21 08:19:41', NULL, '2008-10-21 08:19:41', NULL, 5, 43, 47, 1),
(99, 99, 5, '2008-10-21 08:19:46', NULL, '2008-10-21 08:19:46', NULL, 5, 43, 48, 1),
(100, 100, 5, '2008-10-21 08:19:58', NULL, '2008-10-21 08:19:58', NULL, 5, 43, 49, 1),
(101, 101, 5, '2008-10-21 08:20:07', NULL, '2008-10-21 08:20:07', NULL, 5, 43, 50, 1),
(102, 102, 5, '2008-10-21 08:20:12', NULL, '2008-10-21 08:20:12', NULL, 5, 43, 51, 1),
(103, 103, 5, '2008-10-21 08:20:16', NULL, '2008-10-21 08:20:16', NULL, 5, 43, 52, 1),
(104, 104, 5, '2008-10-21 08:20:20', NULL, '2008-10-21 08:20:20', NULL, 5, 43, 53, 1),
(105, 105, 5, '2008-10-21 08:20:25', NULL, '2008-10-21 08:20:25', NULL, 5, 43, 54, 1),
(106, 106, 5, '2008-10-21 08:20:28', NULL, '2008-10-21 08:20:28', NULL, 5, 43, 55, 1),
(107, 107, 5, '2008-10-21 08:20:33', NULL, '2008-10-21 08:20:33', NULL, 5, 43, 56, 1),
(108, 108, 5, '2008-10-21 08:20:39', NULL, '2008-10-21 08:20:39', NULL, 5, 43, 57, 1),
(109, 109, 5, '2008-10-21 08:20:48', NULL, '2008-10-21 08:20:48', NULL, 5, 43, 58, 1),
(110, 110, 5, '2008-10-21 08:20:54', NULL, '2008-10-21 08:20:54', NULL, 5, 43, 59, 1),
(111, 111, 5, '2008-10-21 08:20:58', NULL, '2008-10-21 08:20:58', NULL, 5, 43, 60, 1),
(112, 112, 5, '2008-10-21 08:21:03', NULL, '2008-10-21 08:21:03', NULL, 5, 43, 61, 1),
(113, 113, 5, '2008-10-21 08:21:07', NULL, '2008-10-21 08:21:07', NULL, 5, 43, 62, 1),
(114, 114, 5, '2008-10-21 08:22:44', NULL, '2008-10-21 08:22:44', NULL, 5, 54, 51, 0),
(115, 115, 5, '2008-10-21 08:23:20', NULL, '2008-10-21 08:23:20', NULL, 5, 56, 167, 0),
(116, 116, 5, '2008-10-21 08:24:13', NULL, '2008-10-21 08:24:13', NULL, 5, 54, 52, 1),
(117, 117, 5, '2008-10-21 08:38:31', NULL, '2008-10-21 08:38:31', NULL, 5, 43, 16, 2),
(118, 118, 5, '2008-10-21 08:51:03', NULL, '2008-10-21 08:51:03', NULL, 5, 60, 19, 0),
(119, 119, 5, '2008-10-21 08:53:00', NULL, '2008-10-21 08:53:00', NULL, 5, 56, 142, 2),
(120, 120, 5, '2008-10-21 08:53:27', NULL, '2008-10-21 08:53:27', NULL, 5, 56, 99, 2),
(121, 121, 5, '2008-10-21 08:55:36', NULL, '2008-10-21 08:55:36', NULL, 5, 62, 3, 0),
(122, 122, 5, '2008-10-21 08:55:47', NULL, '2008-10-21 08:55:47', NULL, 5, 43, 63, 1),
(123, 123, 5, '2008-10-21 08:56:03', NULL, '2008-10-21 08:56:03', NULL, 5, 43, 64, 1),
(124, 124, 5, '2008-10-21 08:56:11', NULL, '2008-10-21 08:56:11', NULL, 5, 43, 65, 1),
(125, 125, 5, '2008-10-21 08:56:22', NULL, '2008-10-21 08:56:22', NULL, 5, 43, 66, 1),
(126, 126, 5, '2008-10-21 08:56:29', NULL, '2008-10-21 08:56:29', NULL, 5, 43, 67, 1),
(127, 127, 5, '2008-10-21 09:06:54', NULL, '2008-10-21 09:06:54', NULL, 5, 63, 29, 1),
(128, 128, 5, '2008-10-21 09:58:14', NULL, '2008-10-21 09:58:14', NULL, 5, 54, 53, 0),
(129, 129, 5, '2008-10-21 10:00:27', NULL, '2008-10-21 10:00:27', NULL, 5, 56, 19, 2),
(130, 130, 5, '2008-10-21 10:01:03', NULL, '2008-10-21 10:01:03', NULL, 5, 56, 168, 1),
(131, 131, 5, '2008-10-21 10:11:56', NULL, '2008-10-21 10:11:56', NULL, 5, 51, 0, 1),
(132, 132, 5, '2008-10-21 10:13:08', NULL, '2008-10-21 10:13:08', NULL, 5, 51, 0, 1),
(133, 133, 5, '2008-10-21 10:17:25', NULL, '2008-10-21 10:17:25', NULL, 5, 56, 113, 2),
(134, 134, 5, '2008-10-21 10:17:36', NULL, '2008-10-21 10:17:36', NULL, 5, 56, 114, 2),
(135, 135, 5, '2008-10-21 10:18:03', NULL, '2008-10-21 10:18:03', NULL, 5, 51, 7, 1),
(136, 136, 5, '2008-10-21 10:20:38', NULL, '2008-10-21 10:20:38', NULL, 5, 51, 8, 1),
(137, 137, 5, '2008-10-21 10:21:01', NULL, '2008-10-21 10:21:01', NULL, 5, 51, 9, 1),
(138, 138, 5, '2008-10-21 10:22:36', NULL, '2008-10-21 10:22:36', NULL, 5, 51, 10, 1),
(139, 139, 5, '2008-10-21 10:30:03', NULL, '2008-10-21 10:30:03', NULL, 5, 51, 11, 1),
(140, 140, 5, '2008-10-21 10:35:47', NULL, '2008-10-21 10:35:47', NULL, 5, 51, 12, 1),
(141, 141, 5, '2008-10-21 10:36:21', NULL, '2008-10-21 10:36:21', NULL, 5, 51, 13, 1),
(142, 142, 5, '2008-10-21 10:36:36', NULL, '2008-10-21 10:36:36', NULL, 5, 51, 14, 1),
(143, 143, 5, '2008-10-21 10:38:25', NULL, '2008-10-21 10:38:25', NULL, 5, 51, 15, 1),
(144, 144, 5, '2008-10-21 10:39:52', NULL, '2008-10-21 10:39:52', NULL, 5, 51, 16, 1),
(145, 145, 5, '2008-10-21 10:39:57', NULL, '2008-10-21 10:39:57', NULL, 5, 51, 17, 1),
(146, 146, 5, '2008-10-21 11:40:16', NULL, '2008-10-21 11:40:16', NULL, 5, 51, 18, 1),
(147, 147, 5, '2008-10-21 11:41:33', NULL, '2008-10-21 11:41:33', NULL, 5, 51, 19, 1),
(148, 148, 5, '2008-10-21 11:41:42', NULL, '2008-10-21 11:41:42', NULL, 5, 51, 20, 1),
(149, 149, 5, '2008-10-21 11:41:50', NULL, '2008-10-21 11:41:50', NULL, 5, 51, 21, 1),
(150, 150, 5, '2008-10-21 11:41:54', NULL, '2008-10-21 11:41:54', NULL, 5, 51, 22, 1),
(151, 151, 5, '2008-10-21 11:42:30', NULL, '2008-10-21 11:42:30', NULL, 5, 51, 23, 1),
(152, 152, 5, '2008-10-21 11:42:36', NULL, '2008-10-21 11:42:36', NULL, 5, 51, 24, 1),
(153, 153, 5, '2008-10-21 11:42:41', NULL, '2008-10-21 11:42:41', NULL, 5, 51, 25, 1),
(154, 154, 5, '2008-10-21 11:47:30', NULL, '2008-10-21 11:47:30', NULL, 5, 51, 26, 1),
(155, 155, 5, '2008-10-21 11:47:39', NULL, '2008-10-21 11:47:39', NULL, 5, 51, 27, 1),
(156, 156, 5, '2008-10-21 11:49:23', NULL, '2008-10-21 11:49:23', NULL, 5, 51, 28, 1),
(157, 157, 5, '2008-10-21 11:53:36', NULL, '2008-10-21 11:53:36', NULL, 5, 51, 29, 1),
(158, 158, 5, '2008-10-21 11:53:42', NULL, '2008-10-21 11:53:42', NULL, 5, 51, 30, 1),
(159, 159, 5, '2008-10-21 11:56:52', NULL, '2008-10-21 11:56:52', NULL, 5, 51, 31, 1),
(160, 160, 5, '2008-10-21 12:04:01', NULL, '2008-10-21 12:04:01', NULL, 5, 51, 32, 1),
(161, 161, 5, '2008-10-21 12:05:49', NULL, '2008-10-21 12:05:49', NULL, 5, 51, 33, 1),
(162, 162, 5, '2008-10-21 12:07:48', NULL, '2008-10-21 12:07:48', NULL, 5, 51, 34, 1),
(163, 163, 5, '2008-10-21 12:44:55', NULL, '2008-10-21 12:44:55', NULL, 5, 65, 20, 0),
(164, 164, 5, '2008-10-21 12:56:43', NULL, '2008-10-21 12:56:43', NULL, 5, 63, 30, 1),
(165, 165, 5, '2008-10-21 12:57:35', NULL, '2008-10-21 12:57:35', NULL, 5, 65, 21, 0),
(166, 166, 5, '2008-10-21 12:57:54', NULL, '2008-10-21 12:57:54', NULL, 5, 65, 22, 0),
(167, 167, 5, '2008-10-21 12:58:11', NULL, '2008-10-21 12:58:11', NULL, 5, 65, 23, 0),
(168, 168, 5, '2008-10-21 12:58:23', NULL, '2008-10-21 12:58:23', NULL, 5, 65, 24, 1),
(169, 169, 5, '2008-10-21 12:58:43', NULL, '2008-10-21 12:58:43', NULL, 5, 65, 25, 1),
(170, 170, 5, '2008-10-21 12:58:54', NULL, '2008-10-21 12:58:54', NULL, 5, 65, 26, 0),
(171, 171, 5, '2008-10-21 12:59:08', NULL, '2008-10-21 12:59:08', NULL, 5, 65, 27, 0),
(172, 172, 5, '2008-10-21 12:59:15', NULL, '2008-10-21 12:59:15', NULL, 5, 65, 28, 0),
(173, 173, 5, '2008-10-21 13:02:40', NULL, '2008-10-21 13:02:40', NULL, 5, 45, 19, 0),
(174, 174, 5, '2008-10-21 13:02:59', NULL, '2008-10-21 13:02:59', NULL, 5, 45, 20, 1),
(175, 175, 5, '2008-10-21 13:11:11', NULL, '2008-10-21 13:11:11', NULL, 5, 65, 29, 1),
(176, 176, 5, '2008-10-21 13:13:52', NULL, '2008-10-21 13:13:52', NULL, 5, 63, 31, 0),
(177, 177, 5, '2008-10-21 13:14:20', NULL, '2008-10-21 13:14:20', NULL, 5, 65, 30, 0),
(178, 178, 5, '2008-10-21 13:14:45', NULL, '2008-10-21 13:14:45', NULL, 5, 65, 31, 1),
(179, 179, 5, '2008-10-21 13:18:17', NULL, '2008-10-21 13:18:17', NULL, 5, 65, 32, 0),
(180, 180, 5, '2008-10-21 13:18:39', NULL, '2008-10-21 13:18:39', NULL, 5, 65, 33, 1),
(181, 181, 5, '2008-10-21 13:18:52', NULL, '2008-10-21 13:18:52', NULL, 5, 65, 34, 1),
(182, 182, 5, '2008-10-21 13:19:36', NULL, '2008-10-21 13:19:36', NULL, 5, 65, 35, 0),
(183, 183, 5, '2008-10-21 13:19:58', NULL, '2008-10-21 13:19:58', NULL, 5, 43, 68, 1),
(184, 184, 5, '2008-10-21 13:20:18', NULL, '2008-10-21 13:20:18', NULL, 5, 43, 69, 1),
(185, 185, 5, '2008-10-21 13:33:00', NULL, '2008-10-21 13:33:00', NULL, 5, 63, 32, 1),
(186, 186, 5, '2008-10-21 13:45:09', NULL, '2008-10-21 13:45:09', NULL, 5, 63, 33, 1),
(187, 187, 5, '2008-10-21 13:45:28', NULL, '2008-10-21 13:45:28', NULL, 5, 63, 34, 1),
(188, 188, 5, '2008-10-21 13:48:35', NULL, '2008-10-21 13:48:35', NULL, 5, 68, 36, 0),
(189, 189, 5, '2008-10-21 13:49:05', NULL, '2008-10-21 13:49:05', NULL, 5, 68, 37, 0),
(190, 190, 5, '2008-10-21 13:49:48', NULL, '2008-10-21 13:49:48', NULL, 5, 68, 38, 0),
(191, 191, 5, '2008-10-21 14:16:35', NULL, '2008-10-21 14:16:35', NULL, 5, 63, 35, 1),
(192, 192, 28, '2008-10-21 14:36:27', NULL, '2008-10-21 14:36:27', NULL, 28, 68, 39, 1),
(193, 193, 28, '2008-10-21 14:38:25', NULL, '2008-10-21 14:38:25', NULL, 28, 43, 70, 0),
(194, 194, 28, '2008-10-21 14:38:33', NULL, '2008-10-21 14:38:33', NULL, 28, 62, 4, 0),
(195, 195, 28, '2008-10-21 14:38:44', NULL, '2008-10-21 14:38:44', NULL, 28, 43, 71, 1),
(196, 196, 28, '2008-10-21 14:39:36', NULL, '2008-10-21 14:39:36', NULL, 28, 43, 72, 0),
(197, 197, 28, '2008-10-21 14:39:54', NULL, '2008-10-21 14:39:54', NULL, 28, 43, 73, 1),
(198, 198, 28, '2008-10-21 14:40:20', NULL, '2008-10-21 14:40:20', NULL, 28, 69, 169, 0),
(199, 199, 28, '2008-10-21 14:41:01', NULL, '2008-10-21 14:41:01', NULL, 28, 69, 170, 0),
(200, 200, 28, '2008-10-21 14:42:05', NULL, '2008-10-21 14:42:05', NULL, 28, 69, 171, 0),
(201, 201, 28, '2008-10-21 14:42:57', NULL, '2008-10-21 14:42:57', NULL, 28, 54, 54, 0),
(202, 202, 28, '2008-10-21 14:43:30', NULL, '2008-10-21 14:43:30', NULL, 28, 69, 172, 0),
(203, 203, 28, '2008-10-21 14:43:57', NULL, '2008-10-21 14:43:57', NULL, 28, 69, 173, 0),
(204, 204, 28, '2008-10-21 14:45:16', NULL, '2008-10-21 14:45:16', NULL, 28, 54, 55, 0),
(205, 205, 28, '2008-10-21 14:45:36', NULL, '2008-10-21 14:45:36', NULL, 28, 68, 40, 0),
(206, 206, 28, '2008-10-21 14:49:29', NULL, '2008-10-21 14:49:29', NULL, 28, 69, 174, 0),
(207, 207, 28, '2008-10-21 14:49:50', NULL, '2008-10-21 14:49:50', NULL, 28, 72, 0, 0),
(208, 208, 28, '2008-10-21 14:51:50', NULL, '2008-10-21 14:51:50', NULL, 28, 72, 1, 0),
(209, 209, 28, '2008-10-21 14:52:11', NULL, '2008-10-21 14:52:11', NULL, 28, 72, 2, 0),
(210, 210, 28, '2008-10-21 14:52:25', NULL, '2008-10-21 14:52:25', NULL, 28, 72, 3, 0),
(211, 211, 28, '2008-10-21 14:52:39', NULL, '2008-10-21 14:52:39', NULL, 28, 72, 4, 0),
(212, 212, 28, '2008-10-21 14:52:53', NULL, '2008-10-21 14:52:53', NULL, 28, 72, 5, 0),
(213, 213, 28, '2008-10-21 14:53:07', NULL, '2008-10-21 14:53:07', NULL, 28, 72, 6, 0),
(214, 214, 28, '2008-10-21 14:53:51', NULL, '2008-10-21 14:53:51', NULL, 28, 72, 7, 0),
(215, 215, 28, '2008-10-21 14:54:31', NULL, '2008-10-21 14:54:31', NULL, 28, 68, 41, 0),
(216, 216, 28, '2008-10-21 14:57:33', NULL, '2008-10-21 14:57:33', NULL, 28, 73, 1, 0),
(217, 217, 28, '2008-10-21 14:58:03', NULL, '2008-10-21 14:58:03', NULL, 28, 72, 8, 0),
(218, 218, 28, '2008-10-21 14:58:16', NULL, '2008-10-21 14:58:16', NULL, 28, 73, 2, 0),
(219, 219, 28, '2008-10-21 15:51:24', NULL, '2008-10-21 15:51:24', NULL, 28, 45, 21, 0),
(220, 220, 28, '2008-10-21 15:53:47', NULL, '2008-10-21 15:53:47', NULL, 28, 51, 35, 0),
(221, 221, 28, '2008-10-21 15:54:04', NULL, '2008-10-21 15:54:04', NULL, 28, 51, 36, 0),
(222, 222, 28, '2008-10-21 15:54:56', NULL, '2008-10-21 15:54:56', NULL, 28, 69, 175, 0),
(223, 223, 28, '2008-10-21 15:55:29', NULL, '2008-10-21 15:55:29', NULL, 28, 69, 157, 2),
(224, 224, 28, '2008-10-21 15:56:12', NULL, '2008-10-21 15:56:12', NULL, 28, 54, 56, 1),
(225, 225, 28, '2008-10-21 15:56:41', NULL, '2008-10-21 15:56:41', NULL, 28, 69, 176, 1),
(226, 226, 28, '2008-10-21 15:57:44', NULL, '2008-10-21 15:57:44', NULL, 28, 73, 3, 0),
(227, 227, 28, '2008-10-21 15:58:31', NULL, '2008-10-21 15:58:31', NULL, 28, 73, 4, 0),
(228, 228, 28, '2008-10-21 15:59:35', NULL, '2008-10-21 15:59:35', NULL, 28, 73, 5, 0),
(229, 229, 28, '2008-10-21 16:06:09', NULL, '2008-10-21 16:06:09', NULL, 28, 43, 74, 0),
(230, 230, 28, '2008-10-21 16:06:44', NULL, '2008-10-21 16:06:44', NULL, 28, 69, 177, 0),
(231, 231, 28, '2008-10-21 16:07:14', NULL, '2008-10-21 16:07:14', NULL, 28, 69, 178, 0),
(232, 232, 28, '2008-10-21 16:07:55', NULL, '2008-10-21 16:07:55', NULL, 28, 69, 179, 0),
(233, 233, 28, '2008-10-21 16:08:16', NULL, '2008-10-21 16:08:16', NULL, 28, 69, 180, 0),
(234, 234, 28, '2008-10-21 16:08:34', NULL, '2008-10-21 16:08:34', NULL, 28, 69, 181, 0),
(235, 235, 28, '2008-10-21 16:08:55', NULL, '2008-10-21 16:08:55', NULL, 28, 69, 182, 0),
(236, 236, 28, '2008-10-21 16:09:19', NULL, '2008-10-21 16:09:19', NULL, 28, 68, 42, 0),
(237, 237, 28, '2008-10-21 16:09:55', NULL, '2008-10-21 16:09:55', NULL, 28, 69, 183, 1),
(238, 238, 28, '2008-10-22 07:13:27', NULL, '2008-10-22 07:13:27', NULL, 28, 68, 43, 0),
(239, 239, 28, '2008-10-22 07:43:39', NULL, '2008-10-22 07:43:39', NULL, 28, 68, 44, 0),
(240, 240, 28, '2008-10-22 08:05:42', NULL, '2008-10-22 08:05:42', NULL, 28, 50, 14, 1),
(241, 241, 28, '2008-10-22 08:09:18', NULL, '2008-10-22 08:09:18', NULL, 28, 69, 184, 1),
(242, 242, 28, '2008-10-22 08:40:51', NULL, '2008-10-22 08:40:51', NULL, 28, 69, 185, 1),
(243, 243, 5, '2008-10-22 08:43:30', NULL, '2008-10-22 08:43:30', NULL, 28, 69, 186, 1),
(244, 244, 5, '2008-10-22 11:50:06', NULL, '2008-10-22 11:50:06', NULL, 28, 68, 45, 0),
(245, 245, 5, '2008-10-22 11:50:30', NULL, '2008-10-22 11:50:30', NULL, 28, 68, 46, 0),
(246, 246, 5, '2008-10-22 12:49:17', NULL, '2008-10-22 12:49:17', NULL, 28, 43, 75, 0),
(247, 247, 5, '2008-10-22 12:50:21', NULL, '2008-10-22 12:50:21', NULL, 28, 43, 25, 2),
(248, 248, 5, '2008-10-22 12:50:58', NULL, '2008-10-22 12:50:58', NULL, 28, 43, 76, 0),
(249, 249, 5, '2008-10-22 12:52:24', NULL, '2008-10-22 12:52:24', NULL, 28, 43, 77, 0),
(250, 250, 5, '2008-10-27 11:03:03', NULL, '2008-10-27 11:03:03', NULL, 28, 43, 79, 0),
(251, 251, 5, '2008-10-27 12:05:17', NULL, '2008-10-27 12:05:17', NULL, 28, 43, 80, 0),
(252, 252, 5, '2008-10-27 12:11:07', NULL, '2008-10-27 12:11:07', NULL, 28, 43, 81, 0),
(253, 253, 5, '2008-10-27 12:15:20', NULL, '2008-10-27 12:15:20', NULL, 28, 43, 31, 2),
(254, 254, 5, '2008-10-27 12:16:48', NULL, '2008-10-27 12:16:48', NULL, 28, 43, 31, 2),
(255, 255, 5, '2008-10-27 12:18:17', NULL, '2008-10-27 12:18:17', NULL, 28, 43, 31, 2),
(256, 256, 5, '2008-10-27 12:18:22', NULL, '2008-10-27 12:18:22', NULL, 28, 43, 31, 2),
(257, 257, 5, '2008-10-27 12:18:24', NULL, '2008-10-27 12:18:24', NULL, 28, 43, 30, 2),
(258, 258, 5, '2008-10-27 12:18:26', NULL, '2008-10-27 12:18:26', NULL, 28, 43, 23, 2),
(259, 259, 5, '2008-10-27 12:25:08', NULL, '2008-10-27 12:25:08', NULL, 28, 43, 23, 2),
(260, 260, 5, '2008-10-27 13:52:30', NULL, '2008-10-27 13:52:30', NULL, 28, 43, 27, 2),
(261, 261, 5, '2008-10-27 13:52:34', NULL, '2008-10-27 13:52:34', NULL, 28, 43, 27, 2),
(262, 262, 5, '2008-10-27 13:52:37', NULL, '2008-10-27 13:52:37', NULL, 28, 43, 26, 2),
(263, 263, 5, '2008-10-27 13:52:40', NULL, '2008-10-27 13:52:40', NULL, 28, 43, 26, 2),
(264, 264, 5, '2008-10-27 13:52:48', NULL, '2008-10-27 13:52:48', NULL, 28, 43, 29, 2),
(265, 265, 5, '2008-10-27 13:55:21', NULL, '2008-10-27 13:55:21', NULL, 28, 43, 29, 2),
(266, 266, 5, '2008-10-27 13:55:28', NULL, '2008-10-27 13:55:28', NULL, 28, 43, 82, 0),
(267, 267, 5, '2008-10-27 13:55:38', NULL, '2008-10-27 13:55:38', NULL, 28, 43, 32, 2),
(268, 268, 5, '2008-10-27 13:55:49', NULL, '2008-10-27 13:55:49', NULL, 28, 43, 32, 2),
(269, 269, 5, '2008-10-27 13:56:31', NULL, '2008-10-27 13:56:31', NULL, 28, 69, 187, 0),
(270, 270, 5, '2008-10-27 13:57:19', NULL, '2008-10-27 13:57:19', NULL, 28, 69, 188, 0),
(271, 271, 5, '2008-10-27 13:59:51', NULL, '2008-10-27 13:59:51', NULL, 28, 54, 57, 0),
(272, 272, 5, '2008-10-27 14:00:37', NULL, '2008-10-27 14:00:37', NULL, 28, 54, 58, 1),
(273, 273, 5, '2008-10-27 14:01:06', NULL, '2008-10-27 14:01:06', NULL, 28, 69, 189, 0),
(274, 274, 5, '2008-10-27 14:01:45', NULL, '2008-10-27 14:01:45', NULL, 28, 69, 169, 2),
(275, 275, 5, '2008-10-27 14:02:10', NULL, '2008-10-27 14:02:10', NULL, 28, 69, 190, 0),
(276, 276, 5, '2008-10-27 14:02:53', NULL, '2008-10-27 14:02:53', NULL, 28, 54, 59, 1),
(277, 277, 5, '2008-10-27 14:03:32', NULL, '2008-10-27 14:03:32', NULL, 28, 69, 191, 0),
(278, 278, 5, '2008-10-27 14:04:48', NULL, '2008-10-27 14:04:48', NULL, 28, 68, 47, 0),
(279, 279, 5, '2008-10-27 14:05:45', NULL, '2008-10-27 14:05:45', NULL, 28, 78, 1, 0),
(280, 280, 5, '2008-10-27 14:08:15', NULL, '2008-10-27 14:08:15', NULL, 28, 69, 192, 0),
(281, 281, 5, '2008-10-27 14:08:30', NULL, '2008-10-27 14:08:30', NULL, 28, 78, 2, 1),
(282, 282, 5, '2008-10-27 14:08:44', NULL, '2008-10-27 14:08:44', NULL, 28, 69, 193, 1),
(283, 283, 5, '2008-10-27 14:09:20', NULL, '2008-10-27 14:09:20', NULL, 28, 78, 3, 0),
(284, 284, 5, '2008-10-27 14:09:27', NULL, '2008-10-27 14:09:27', NULL, 28, 78, 2, 2),
(285, 285, 5, '2008-10-27 14:09:51', NULL, '2008-10-27 14:09:51', NULL, 28, 78, 4, 0),
(286, 286, 5, '2008-10-27 14:10:12', NULL, '2008-10-27 14:10:12', NULL, 28, 78, 5, 0),
(287, 287, 5, '2008-10-27 14:10:43', NULL, '2008-10-27 14:10:43', NULL, 28, 43, 83, 0),
(288, 288, 5, '2008-10-27 14:11:38', NULL, '2008-10-27 14:11:38', NULL, 28, 54, 60, 0),
(289, 289, 5, '2008-10-27 14:12:09', NULL, '2008-10-27 14:12:09', NULL, 28, 69, 194, 0),
(290, 290, 5, '2008-10-27 14:13:05', NULL, '2008-10-27 14:13:05', NULL, 28, 69, 195, 0),
(291, 291, 5, '2008-10-27 14:14:03', NULL, '2008-10-27 14:14:03', NULL, 28, 68, 48, 0),
(292, 292, 5, '2008-10-27 14:14:41', NULL, '2008-10-27 14:14:41', NULL, 28, 78, 6, 0);

-- --------------------------------------------------------

--
-- Struktura tabulky `SystemMenu`
--

CREATE TABLE IF NOT EXISTS `SystemMenu` (
  `Id` int(11) NOT NULL auto_increment,
  `ItemId` int(11) NOT NULL,
  `Author` int(11) NOT NULL,
  `ValidTimeFrom` datetime default NULL,
  `ValidTimeTo` datetime default NULL,
  `CreationTime` datetime default NULL,
  `DeletionTime` datetime default NULL,
  `Name` varchar(255) collate utf8_czech_ci NOT NULL,
  `SystemListItems` int(11) NOT NULL,
  PRIMARY KEY  (`Id`)
) ENGINE=MyISAM  DEFAULT CHARSET=utf8 COLLATE=utf8_czech_ci AUTO_INCREMENT=5 ;

--
-- Vypisuji data pro tabulku `SystemMenu`
--

INSERT INTO `SystemMenu` (`Id`, `ItemId`, `Author`, `ValidTimeFrom`, `ValidTimeTo`, `CreationTime`, `DeletionTime`, `Name`, `SystemListItems`) VALUES
(1, 1, 5, '2008-10-21 08:14:39', NULL, '2008-10-21 08:14:39', NULL, 'Systém', 0),
(2, 2, 5, '2008-10-21 08:14:59', NULL, '2008-10-21 08:14:59', NULL, 'Evidence sítě', 0),
(3, 3, 5, '2008-10-21 08:55:36', NULL, '2008-10-21 08:55:36', NULL, 'Řízení přístupu', 0),
(4, 4, 28, '2008-10-21 14:38:33', NULL, '2008-10-21 14:38:33', NULL, 'Webové stránky', 0);

-- --------------------------------------------------------

--
-- Struktura tabulky `SystemType`
--

CREATE TABLE IF NOT EXISTS `SystemType` (
  `Id` int(11) NOT NULL auto_increment,
  `ItemId` int(11) NOT NULL,
  `Author` int(11) NOT NULL,
  `ValidTimeFrom` datetime default NULL,
  `ValidTimeTo` datetime default NULL,
  `CreationTime` datetime default NULL,
  `DeletionTime` datetime default NULL,
  `Name` varchar(255) collate utf8_czech_ci NOT NULL,
  `Description` varchar(255) collate utf8_czech_ci NOT NULL,
  `ParentType` int(255) NOT NULL,
  `Parameters` varchar(255) collate utf8_czech_ci NOT NULL,
  `System` tinyint(1) NOT NULL default '0',
  `DbDataType` varchar(255) collate utf8_czech_ci NOT NULL,
  `ParameterList` int(11) NOT NULL,
  PRIMARY KEY  (`Id`)
) ENGINE=MyISAM  DEFAULT CHARSET=utf8 COLLATE=utf8_czech_ci AUTO_INCREMENT=61 ;

--
-- Vypisuji data pro tabulku `SystemType`
--

INSERT INTO `SystemType` (`Id`, `ItemId`, `Author`, `ValidTimeFrom`, `ValidTimeTo`, `CreationTime`, `DeletionTime`, `Name`, `Description`, `ParentType`, `Parameters`, `System`, `DbDataType`, `ParameterList`) VALUES
(1, 1, 5, '0000-00-00 00:00:00', '0000-00-00 00:00:00', '0000-00-00 00:00:00', NULL, 'Integer', 'Číslo', 0, '', 1, 'INT', 0),
(2, 2, 5, '0000-00-00 00:00:00', '0000-00-00 00:00:00', '0000-00-00 00:00:00', NULL, 'Date', 'Datum', 0, '', 1, 'DATE', 0),
(3, 3, 5, '0000-00-00 00:00:00', '0000-00-00 00:00:00', '0000-00-00 00:00:00', NULL, 'String', 'Řetězec', 0, '', 1, 'VARCHAR(255)', 0),
(4, 4, 5, '0000-00-00 00:00:00', '0000-00-00 00:00:00', '0000-00-00 00:00:00', NULL, 'Boolean', 'Logická hodnota', 0, '', 1, 'BOOL', 0),
(5, 5, 5, '0000-00-00 00:00:00', '0000-00-00 00:00:00', '0000-00-00 00:00:00', NULL, 'Sex', 'Pohlaví', 14, 'Muž|Žena', 0, 'INT', 0),
(6, 6, 5, '0000-00-00 00:00:00', '0000-00-00 00:00:00', '0000-00-00 00:00:00', NULL, 'MemberState', 'Stav člena', 14, 'Neznámý stav|Zájemce o připojení|Připojen|Trvale odpojen', 0, 'INT', 0),
(7, 7, 5, '0000-00-00 00:00:00', '0000-00-00 00:00:00', '0000-00-00 00:00:00', NULL, 'HostType', 'Typ zařízení', 14, 'Nezařazeno|Osobní počítač|VoIP zařízení|IPTV zařízení|Směrovač|Server|Tiskárna/Skener/Kopírka|Jiné', 0, 'INT', 0),
(8, 8, 5, '0000-00-00 00:00:00', '0000-00-00 00:00:00', '0000-00-00 00:00:00', NULL, 'InterfaceType', 'Typ rozhraní', 14, 'Jiný|Ethernet 10 Mbit/s|Ethernet 100 Mbit/s|Ethernet 1 Gbit/s|Wifi 2,4 GHz 802.11b 11 Mbit/s|Wifi 2,4 GHz 802.11g 54 Mbit/s|Wifi 5 GHz 802.11a 54 Mbit/s|Optika 100 Mbit/s|Optika 1 Gbit/s', 0, 'INT', 0),
(9, 9, 5, '0000-00-00 00:00:00', '0000-00-00 00:00:00', '0000-00-00 00:00:00', NULL, 'AssetState', 'Stav majetku', 14, 'Neznámý|Na skladě|Používáno|V reklamaci|Vyřazeno', 0, 'INT', 0),
(10, 10, 5, '0000-00-00 00:00:00', '0000-00-00 00:00:00', '0000-00-00 00:00:00', NULL, 'MemberReportType', 'Typ hlášení člena', 14, 'Jiné|Hlášení závady|Požadavek na změnu|Poznámka správce', 0, 'INT', 0),
(11, 11, 5, '0000-00-00 00:00:00', '0000-00-00 00:00:00', '0000-00-00 00:00:00', NULL, 'BankAccountType', 'Typ účtu', 14, 'Neurčeno|Běžný účet|Spořící účet', 0, 'INT', 0),
(12, 12, 5, '0000-00-00 00:00:00', '0000-00-00 00:00:00', '0000-00-00 00:00:00', NULL, 'PointerOneToOne', 'Ukazatel na jednu položku', 0, '', 1, 'INT', 0),
(13, 13, 5, '0000-00-00 00:00:00', '0000-00-00 00:00:00', '0000-00-00 00:00:00', NULL, 'PointerOneToMany', 'Ukazatel na více položek', 0, '', 1, 'INT', 0),
(14, 14, 5, '0000-00-00 00:00:00', '0000-00-00 00:00:00', '0000-00-00 00:00:00', NULL, 'Enumeration', 'Výčet', 0, '', 0, 'INT', 0),
(15, 15, 5, '0000-00-00 00:00:00', '0000-00-00 00:00:00', '0000-00-00 00:00:00', NULL, 'Password', 'Heslo', 0, '', 1, 'INT', 0),
(16, 16, 5, '0000-00-00 00:00:00', '0000-00-00 00:00:00', '0000-00-00 00:00:00', NULL, 'Float', 'Desetinné číslo', 0, '', 1, 'FLOAT', 0),
(17, 17, 5, '0000-00-00 00:00:00', '0000-00-00 00:00:00', '0000-00-00 00:00:00', NULL, 'FinanceTransactionType', 'Typ finanční transakce', 14, 'Bankovní převod|Osobní platba', 0, 'INT', 0),
(18, 18, 5, '0000-00-00 00:00:00', '0000-00-00 00:00:00', '0000-00-00 00:00:00', NULL, 'Hyperlink', 'Internetový odkaz', 0, '', 0, 'VARCHAR(255)', 0),
(19, 19, 5, '0000-00-00 00:00:00', '0000-00-00 00:00:00', '0000-00-00 00:00:00', NULL, 'IPv4Address', 'IP adresa v4', 0, '', 0, 'VARCHAR(16)', 0),
(20, 20, 5, '0000-00-00 00:00:00', '0000-00-00 00:00:00', '0000-00-00 00:00:00', NULL, 'Hidden', 'Skrytá položka formuláře', 0, '', 1, 'VARCHAR(255)', 0),
(21, 21, 5, '0000-00-00 00:00:00', '0000-00-00 00:00:00', '2008-10-12 19:01:23', NULL, 'PointerToAssetPurcheasedFrom', '', 13, 'Asset|PurcheasedFrom', 0, 'INT', 0),
(22, 22, 5, '0000-00-00 00:00:00', '0000-00-00 00:00:00', '2008-10-12 19:02:00', NULL, 'PointerToHostArea', '', 13, 'Host|Area', 0, 'INT', 0),
(23, 23, 5, '0000-00-00 00:00:00', '0000-00-00 00:00:00', '2008-10-12 19:04:28', NULL, 'PointerToHostMember', '', 13, 'Host|Member', 0, 'INT', 0),
(24, 24, 5, '0000-00-00 00:00:00', '0000-00-00 00:00:00', '2008-10-12 19:05:47', NULL, 'PointerToInterfaceHost', '', 13, 'Interface|Host', 0, 'INT', 0),
(25, 25, 5, '0000-00-00 00:00:00', '0000-00-00 00:00:00', '2008-10-12 19:07:15', NULL, 'PointerToMemberSubject', '', 13, 'Member|Subject', 0, 'INT', 0),
(26, 26, 5, '0000-00-00 00:00:00', '0000-00-00 00:00:00', '2008-10-12 19:07:15', NULL, 'PointerToMemberTariff', '', 13, 'Member|Tariff', 0, 'INT', 0),
(27, 27, 5, '0000-00-00 00:00:00', '0000-00-00 00:00:00', '0000-00-00 00:00:00', NULL, 'PointerToMemberReportMember', '', 13, 'MemberReport|Member  	', 0, 'INT', 0),
(28, 28, 5, '0000-00-00 00:00:00', '0000-00-00 00:00:00', '0000-00-00 00:00:00', NULL, 'PointerToSystemListItemList', '', 13, 'SystemListItem|List', 0, 'INT', 0),
(29, 29, 5, '0000-00-00 00:00:00', '0000-00-00 00:00:00', '2008-10-12 19:09:55', NULL, 'PointerToUserMember', '', 13, 'User|Member', 0, 'INT', 0),
(30, 30, 5, '0000-00-00 00:00:00', '0000-00-00 00:00:00', '2008-10-12 19:09:55', NULL, 'PointerToArea', '', 12, 'Area', 0, 'INT', 0),
(31, 31, 5, '0000-00-00 00:00:00', '0000-00-00 00:00:00', '0000-00-00 00:00:00', NULL, 'PointerOneToHost', '', 12, 'Host', 0, 'INT', 0),
(32, 32, 5, '0000-00-00 00:00:00', '0000-00-00 00:00:00', '0000-00-00 00:00:00', NULL, 'PointerToMember', '', 12, 'Member', 0, 'INT', 0),
(33, 33, 5, '0000-00-00 00:00:00', '0000-00-00 00:00:00', '2008-10-12 19:11:14', NULL, 'PointerToSubject', '', 12, 'Subject', 0, 'INT', 0),
(34, 34, 5, '0000-00-00 00:00:00', '0000-00-00 00:00:00', '2008-10-12 19:12:37', NULL, 'PointerToSystemList', '', 12, 'SystemList', 0, 'INT', 0),
(35, 35, 5, '0000-00-00 00:00:00', '0000-00-00 00:00:00', '0000-00-00 00:00:00', NULL, 'PointerToSystemType', '', 12, 'SystemType', 0, 'INT', 0),
(36, 36, 5, '0000-00-00 00:00:00', '0000-00-00 00:00:00', '2008-10-12 19:13:41', NULL, 'PointerToTariff', '', 12, 'Tariff', 0, 'INT', 0),
(37, 37, 5, '0000-00-00 00:00:00', '0000-00-00 00:00:00', '2008-10-12 19:13:41', NULL, 'PointerToUser', '', 12, 'User', 0, 'INT', 0),
(38, 38, 5, '0000-00-00 00:00:00', '0000-00-00 00:00:00', '0000-00-00 00:00:00', NULL, 'PointerToHostParentHost', '', 13, 'Host|ParentHost', 0, 'INT', 0),
(39, 39, 5, '2008-10-13 10:03:19', NULL, '2008-10-13 10:03:19', NULL, 'PointerToPermissionGroup', 'Ukazatel na skupinu oprávnění', 12, 'PermissionGroup', 0, 'INT', 0),
(40, 40, 5, '2008-10-13 10:33:20', NULL, '2008-10-13 10:33:20', NULL, 'MySQLDataTypes', 'Databázový datový typ ', 14, 'INT|VARCHAR(255)|TEXT|FLOAT|DOUBLE|TIME|DATE|DATETIME|', 1, 'INT', 0),
(41, 41, 5, '2008-10-13 10:40:38', NULL, '2008-10-13 10:40:38', NULL, 'PointerToPermissionPermissionGroup', 'Definovaná oprávnění', 13, 'Permission|PermissionGroup', 0, 'INT', 0),
(42, 42, 5, '2008-10-13 10:43:25', NULL, '2008-10-13 10:43:25', NULL, 'PermissionRights', 'Typ oprávnění', 14, 'Žádné|Čtení|Čtení i zápis', 0, 'INT', 0),
(43, 43, 5, '2008-10-13 12:05:14', NULL, '2008-10-13 12:05:14', NULL, 'PointerToUserPermissionGroup', 'Uživatelé s oprávněním', 13, 'User|PermissionGroup', 0, 'INT', 0),
(44, 44, 5, '2008-10-13 12:16:46', NULL, '2008-10-13 12:16:46', NULL, 'ActionType', 'Typ akce', 14, 'Přidáno|Upraveno|Odebráno', 0, 'INT', 0),
(45, 31, 5, '2008-10-13 13:39:08', NULL, '2008-10-13 13:39:08', NULL, 'PointerToHost', '', 12, 'Host', 0, 'INT', 0),
(46, 45, 5, '2008-10-14 07:02:50', NULL, '2008-10-14 07:02:50', NULL, 'DateTime', 'Datum a čas', 0, '', 1, 'DATETIME', 0),
(47, 46, 5, '2008-10-14 07:48:07', NULL, '2008-10-14 07:48:07', NULL, 'File', 'Soubor', 0, '', 1, 'INT', 0),
(48, 47, 5, '2008-10-21 08:13:34', NULL, '2008-10-21 08:13:34', '2008-10-21 08:18:00', 'PointerToMenu', 'Ukazatel na menu', 12, '', 0, 'INT', 0),
(49, 47, 5, '2008-10-21 08:18:00', NULL, '2008-10-21 08:18:00', '2008-10-21 08:19:02', 'PointerToMenu', 'Ukazatel na menu', 12, 'Menu', 0, 'INT', 0),
(50, 47, 5, '2008-10-21 08:19:02', NULL, '2008-10-21 08:19:02', NULL, 'PointerToMenu', 'Ukazatel na menu', 12, 'SystemMenu', 0, 'INT', 0),
(51, 48, 5, '2008-10-21 08:22:44', NULL, '2008-10-21 08:22:44', '2008-10-21 08:24:13', 'PointerToSystemListMenu', 'Položky menu', 13, 'SystemList:Menu', 0, 'INT', 0),
(52, 48, 5, '2008-10-21 08:24:13', NULL, '2008-10-21 08:24:13', NULL, 'PointerToSystemListMenu', 'Položky menu', 13, 'SystemList|Menu', 0, 'INT', 0),
(53, 49, 5, '2008-10-21 09:58:14', NULL, '2008-10-21 09:58:14', NULL, 'GPS', 'Zemská souřadnice', 0, '', 1, 'INT', 0),
(54, 50, 28, '2008-10-21 14:42:57', NULL, '2008-10-21 14:42:57', NULL, 'PointerToNewsGroup', 'Ukazatel na skupinu aktualit', 12, 'NewsGroup', 0, 'INT', 0),
(55, 51, 28, '2008-10-21 14:45:16', NULL, '2008-10-21 14:45:16', '2008-10-21 15:56:12', 'PointerToNewsItemGroup', 'Aktuality', 13, 'NewsItem|Group', 0, 'INT', 0),
(56, 51, 28, '2008-10-21 15:56:12', NULL, '2008-10-21 15:56:12', NULL, 'PointerToNewsItemGroup', 'Aktuality', 13, 'NewsItem|NewsGroup', 0, 'INT', 0),
(57, 52, 5, '2008-10-27 13:59:51', NULL, '2008-10-27 13:59:51', '2008-10-27 14:00:37', 'PointerToSystemTypeParameter', 'Ukazatel na seznam paramtrů', 13, '', 0, 'INT', 0),
(58, 52, 5, '2008-10-27 14:00:37', NULL, '2008-10-27 14:00:37', '2008-10-27 14:02:53', 'PointerToSystemTypeParameter', 'Ukazatel na seznam paramtrů', 13, 'SystemTypeParameter|Type', 0, 'INT', 0),
(59, 52, 5, '2008-10-27 14:02:53', NULL, '2008-10-27 14:02:53', NULL, 'PointerToSystemTypeParameter', 'Ukazatel na seznam paramtrů', 13, 'SystemTypeParameter|ParentType', 0, 'INT', 0),
(60, 53, 5, '2008-10-27 14:11:38', NULL, '2008-10-27 14:11:38', NULL, 'PointerToSystemEnumerationState', 'Seznam stavů výčtu', 13, 'SystemEnumerationState|ParentType', 0, 'INT', 0);

-- --------------------------------------------------------

--
-- Struktura tabulky `SystemTypeParameter`
--

CREATE TABLE IF NOT EXISTS `SystemTypeParameter` (
  `Id` int(11) NOT NULL auto_increment,
  `ItemId` int(11) NOT NULL,
  `Author` int(11) NOT NULL,
  `ValidTimeFrom` datetime default NULL,
  `ValidTimeTo` datetime default NULL,
  `CreationTime` datetime default NULL,
  `DeletionTime` datetime default NULL,
  `Name` varchar(255) collate utf8_czech_ci NOT NULL,
  `Type` int(11) NOT NULL,
  `ParentType` int(11) NOT NULL,
  `Description` varchar(255) collate utf8_czech_ci NOT NULL,
  PRIMARY KEY  (`Id`)
) ENGINE=MyISAM  DEFAULT CHARSET=utf8 COLLATE=utf8_czech_ci AUTO_INCREMENT=7 ;

--
-- Vypisuji data pro tabulku `SystemTypeParameter`
--

INSERT INTO `SystemTypeParameter` (`Id`, `ItemId`, `Author`, `ValidTimeFrom`, `ValidTimeTo`, `CreationTime`, `DeletionTime`, `Name`, `Type`, `ParentType`, `Description`) VALUES
(1, 1, 5, '2008-10-27 14:05:45', NULL, '2008-10-27 14:05:45', '2008-10-27 14:08:30', 'List', 34, 12, ''),
(2, 1, 5, '2008-10-27 14:08:30', NULL, '2008-10-27 14:08:30', NULL, 'List', 34, 12, 'Seznam'),
(3, 2, 5, '2008-10-27 14:09:20', NULL, '2008-10-27 14:09:20', '2008-10-27 14:09:27', 'ColumnId', 1, 12, 'Identifikace sloupce'),
(4, 3, 5, '2008-10-27 14:09:51', NULL, '2008-10-27 14:09:51', NULL, 'List', 34, 13, 'Seznam'),
(5, 4, 5, '2008-10-27 14:10:12', NULL, '2008-10-27 14:10:12', NULL, 'Column', 1, 13, 'Identifikace sloupce'),
(6, 5, 5, '2008-10-27 14:14:41', NULL, '2008-10-27 14:14:41', NULL, 'StateList', 53, 14, 'Seznam stavů');

-- --------------------------------------------------------

--
-- Struktura tabulky `Tariff`
--

CREATE TABLE IF NOT EXISTS `Tariff` (
  `Id` int(11) NOT NULL auto_increment,
  `ItemId` int(11) NOT NULL,
  `Author` int(11) NOT NULL,
  `ValidTimeFrom` datetime default NULL,
  `ValidTimeTo` datetime default NULL,
  `CreationTime` datetime default NULL,
  `DeletionTime` datetime default NULL,
  `Name` varchar(255) collate utf8_czech_ci NOT NULL,
  `Price` float NOT NULL,
  `MinUploadSpeed` int(11) NOT NULL,
  `MaxUploadSpeed` int(11) NOT NULL,
  `MinDownloadSpeed` int(11) NOT NULL,
  `MaxDownloadSpeed` int(11) NOT NULL,
  `MemberList` int(11) NOT NULL,
  PRIMARY KEY  (`Id`)
) ENGINE=MyISAM  DEFAULT CHARSET=utf8 COLLATE=utf8_czech_ci AUTO_INCREMENT=6 ;

--
-- Vypisuji data pro tabulku `Tariff`
--

INSERT INTO `Tariff` (`Id`, `ItemId`, `Author`, `ValidTimeFrom`, `ValidTimeTo`, `CreationTime`, `DeletionTime`, `Name`, `Price`, `MinUploadSpeed`, `MaxUploadSpeed`, `MinDownloadSpeed`, `MaxDownloadSpeed`, `MemberList`) VALUES
(1, 1, 5, '0000-00-00 00:00:00', '0000-00-00 00:00:00', '0000-00-00 00:00:00', NULL, 'Internet 512 kbit', 190, 31, 512, 31, 512, 0),
(2, 2, 5, '0000-00-00 00:00:00', '0000-00-00 00:00:00', '0000-00-00 00:00:00', NULL, 'Internet 1 Mbit', 260, 62, 1024, 62, 1024, 0),
(3, 3, 5, '0000-00-00 00:00:00', '0000-00-00 00:00:00', '0000-00-00 00:00:00', NULL, 'Internet 2 Mbit', 360, 124, 2048, 124, 2048, 0),
(4, 4, 5, '0000-00-00 00:00:00', '0000-00-00 00:00:00', '0000-00-00 00:00:00', NULL, 'Internet 4 Mbit', 520, 249, 4096, 249, 4096, 0),
(5, 5, 5, '0000-00-00 00:00:00', '0000-00-00 00:00:00', '0000-00-00 00:00:00', NULL, 'Internet 8 Mbit', 750, 497, 8192, 497, 8192, 0);

-- --------------------------------------------------------

--
-- Struktura tabulky `test`
--

CREATE TABLE IF NOT EXISTS `test` (
  `Id` int(11) NOT NULL auto_increment,
  `ItemId` int(11) NOT NULL,
  `Author` int(11) NOT NULL,
  `ValidTimeFrom` datetime default NULL,
  `ValidTimeTo` datetime default NULL,
  `CreationTime` datetime default NULL,
  `DeletionTime` datetime default NULL,
  PRIMARY KEY  (`Id`)
) ENGINE=MyISAM DEFAULT CHARSET=utf8 COLLATE=utf8_czech_ci AUTO_INCREMENT=1 ;

--
-- Vypisuji data pro tabulku `test`
--


-- --------------------------------------------------------

--
-- Struktura tabulky `User`
--

CREATE TABLE IF NOT EXISTS `User` (
  `Id` int(11) NOT NULL auto_increment,
  `ItemId` int(11) NOT NULL,
  `Author` int(11) NOT NULL,
  `ValidTimeFrom` datetime default NULL,
  `ValidTimeTo` datetime default NULL,
  `CreationTime` datetime default NULL,
  `DeletionTime` datetime default NULL,
  `UserName` varchar(255) collate utf8_czech_ci NOT NULL,
  `Password` varchar(255) collate utf8_czech_ci NOT NULL,
  `FirstName` varchar(255) character set ucs2 collate ucs2_czech_ci NOT NULL,
  `SecondName` varchar(255) character set ucs2 collate ucs2_czech_ci NOT NULL,
  `Email` varchar(255) character set ucs2 collate ucs2_czech_ci NOT NULL,
  `ICQ` int(11) NOT NULL,
  `Sex` int(11) NOT NULL default '0',
  `BirthDay` date NOT NULL,
  `Phone` varchar(255) collate utf8_czech_ci NOT NULL,
  `Member` int(11) NOT NULL,
  `RegistrationTime` datetime NOT NULL,
  `LastLoginTime` datetime NOT NULL,
  `Locked` tinyint(1) NOT NULL,
  `LastIpAddress` varchar(255) collate utf8_czech_ci NOT NULL,
  `PermissionGroup` int(11) NOT NULL,
  PRIMARY KEY  (`Id`)
) ENGINE=MyISAM  DEFAULT CHARSET=utf8 COLLATE=utf8_czech_ci AUTO_INCREMENT=36 ;

--
-- Vypisuji data pro tabulku `User`
--

INSERT INTO `User` (`Id`, `ItemId`, `Author`, `ValidTimeFrom`, `ValidTimeTo`, `CreationTime`, `DeletionTime`, `UserName`, `Password`, `FirstName`, `SecondName`, `Email`, `ICQ`, `Sex`, `BirthDay`, `Phone`, `Member`, `RegistrationTime`, `LastLoginTime`, `Locked`, `LastIpAddress`, `PermissionGroup`) VALUES
(1, 1, 5, NULL, NULL, '2008-10-13 07:50:41', NULL, '', 'fdsfsdfsd', 'Alfons', 'Much', 'mucha@all.cz', 89, 0, '0000-00-00', '', 7, '0000-00-00 00:00:00', '0000-00-00 00:00:00', 0, '', 0),
(35, 2, 5, '2008-10-21 14:16:35', NULL, '2008-10-21 14:16:35', NULL, 'petr', 'a94a8fe5ccb19ba61c4c0873d391e987982fbbd3', 'Petr', 'Hrubý', 'hrubos@nevim.cz', 23, 0, '1900-01-01', '123456789', 0, '1900-01-01 00:00:00', '2008-10-21 16:10:26', 0, '', 5),
(4, 4, 5, '0000-00-00 00:00:00', '0000-00-00 00:00:00', '0000-00-00 00:00:00', NULL, 'ferda', '123', 'Ferda', 'Mravenec', 'ferda@mraveniste.cz', 1, 0, '0000-00-00', '', 2, '0000-00-00 00:00:00', '0000-00-00 00:00:00', 0, '', 0),
(5, 5, 5, '0000-00-00 00:00:00', '0000-00-00 00:00:00', '0000-00-00 00:00:00', NULL, 'obivan', '4217be89cdd8f9dbb59fa5851dd3a0408b9a5a81', 'Obivan', 'Kenoby', 'kenoby@mail.universe', 233, 0, '0000-00-00', '', 6, '0000-00-00 00:00:00', '2008-10-25 20:56:10', 0, '', 0),
(6, 6, 5, '0000-00-00 00:00:00', '0000-00-00 00:00:00', '0000-00-00 00:00:00', NULL, '', '', 'Mistr', 'Joda', 'joda@mistr.shadow', 300, 0, '0000-00-00', '', 0, '0000-00-00 00:00:00', '0000-00-00 00:00:00', 0, '', 0),
(7, 7, 5, '0000-00-00 00:00:00', '0000-00-00 00:00:00', '0000-00-00 00:00:00', NULL, '', '', 'Petr', 'Slovák', 'slovak@zdarma.cz', 34, 0, '0000-00-00', '', 0, '0000-00-00 00:00:00', '0000-00-00 00:00:00', 0, '', 0),
(8, 8, 5, '0000-00-00 00:00:00', '0000-00-00 00:00:00', '0000-00-00 00:00:00', NULL, '', '', 'Alena', 'Kocourková', 'alena.kocourkova@centrum.cz', 32, 1, '0000-00-00', '223344556', 7, '0000-00-00 00:00:00', '0000-00-00 00:00:00', 0, '', 0),
(9, 9, 5, '0000-00-00 00:00:00', '0000-00-00 00:00:00', '0000-00-00 00:00:00', NULL, '', '', 'Jonny', 'Hurikán', 'storm@atlas.cz', 16, 0, '0000-00-00', '224556778', 0, '0000-00-00 00:00:00', '0000-00-00 00:00:00', 0, '', 0),
(10, 10, 5, '0000-00-00 00:00:00', '0000-00-00 00:00:00', '0000-00-00 00:00:00', NULL, '', '', 'Smrťák', 'Krutý', 'smrt@peklo.cz', 111222333, 0, '0000-00-00', '', 5, '0000-00-00 00:00:00', '0000-00-00 00:00:00', 0, '', 0),
(11, 11, 5, '0000-00-00 00:00:00', '0000-00-00 00:00:00', '0000-00-00 00:00:00', '2008-10-21 12:56:43', '', '', 'Karel', 'Nejedlý', 'starosta@obec-milosice.cz', 0, 0, '0000-00-00', '443666333', 1, '0000-00-00 00:00:00', '0000-00-00 00:00:00', 0, '', 0),
(12, 12, 5, '0000-00-00 00:00:00', '0000-00-00 00:00:00', '0000-00-00 00:00:00', NULL, 'fantomas', 'dsds', 'Fantomas', 'Tajemný', 'fantom@fantom.com', 0, 0, '0000-00-00', '', 12, '0000-00-00 00:00:00', '0000-00-00 00:00:00', 0, '', 0),
(13, 1, 5, '2008-10-13 10:06:57', NULL, '2008-10-13 10:06:57', NULL, '', 'fdsfsdfsd', 'Alfons', 'Much', 'mucha@all.cz', 89, 0, '1900-01-01', '', 1, '1900-01-01 00:00:00', '1900-01-01 00:00:00', 0, '', 6),
(14, 5, 5, '2008-10-13 10:07:33', NULL, '2008-10-13 10:07:33', NULL, 'obivan', '4217be89cdd8f9dbb59fa5851dd3a0408b9a5a81', 'Obivan', 'Kenoby', 'kenoby@mail.universe', 233, 0, '1900-01-01', '', 6, '1900-01-01 00:00:00', '2008-10-13 00:00:00', 0, '', 2),
(15, 2, 5, '2008-10-13 10:07:44', NULL, '2008-10-13 10:07:44', '2008-10-21 13:33:00', '', '', 'Petr', 'Hrubý', 'hrubos@nevim.cz', 23, 0, '1900-01-01', '123456789', 1, '1900-01-01 00:00:00', '1900-01-01 00:00:00', 0, '', 5),
(16, 6, 5, '2008-10-13 10:07:58', NULL, '2008-10-13 10:07:58', '2008-10-15 15:53:45', '', '', 'Mistr', 'Joda', 'joda@mistr.shadow', 300, 0, '1900-01-01', '', 1, '1900-01-01 00:00:00', '1900-01-01 00:00:00', 0, '', 6),
(17, 10, 5, '2008-10-13 12:03:27', NULL, '2008-10-13 12:03:27', NULL, '', '', 'Smrťák', 'Krutý', 'smrt@peklo.cz', 111222333, 0, '1900-01-01', '', 5, '1900-01-01 00:00:00', '1900-01-01 00:00:00', 0, '', 6),
(18, 9, 5, '2008-10-13 12:03:50', NULL, '2008-10-13 12:03:50', NULL, '', '', 'Jonny', 'Hurikán', 'storm@atlas.cz', 16, 0, '1988-04-05', '224556778', 1, '1900-01-01 00:00:00', '1900-01-01 00:00:00', 0, '', 5),
(19, 7, 5, '2008-10-13 12:04:01', NULL, '2008-10-13 12:04:01', NULL, '', '', 'Petr', 'Slovák', 'slovak@zdarma.cz', 34, 0, '1900-01-01', '', 1, '1900-01-01 00:00:00', '1900-01-01 00:00:00', 0, '', 5),
(20, 4, 5, '2008-10-13 12:04:10', NULL, '2008-10-13 12:04:10', NULL, 'ferda', '123', 'Ferda', 'Mravenec', 'ferda@mraveniste.cz', 1, 0, '1900-01-01', '', 2, '1900-01-01 00:00:00', '1900-01-01 00:00:00', 0, '', 5),
(21, 8, 5, '2008-10-13 13:57:30', NULL, '2008-10-13 13:57:30', NULL, 'alenka', 'dsdasas', 'Alena', 'Kocourková', 'alena.kocourkova@centrum.cz', 324545454, 1, '2004-10-09', '223344556', 1, '1915-01-01 00:00:00', '1900-01-01 00:00:00', 0, '192.168.0.1', 6),
(22, 5, 5, '2008-10-14 09:47:32', NULL, '2008-10-14 09:47:32', NULL, 'obivan', '4217be89cdd8f9dbb59fa5851dd3a0408b9a5a81', 'Obivan', 'Kenoby', 'kenoby@mail.universe', 233, 0, '1900-01-01', '', 6, '1900-01-01 00:00:00', '2008-10-13 00:00:00', 0, '', 2),
(23, 5, 5, '2008-10-14 09:57:36', NULL, '2008-10-14 09:57:36', NULL, 'obivan', '4217be89cdd8f9dbb59fa5851dd3a0408b9a5a81', 'Obivan', 'Kenoby', 'kenoby@mail.universe', 233, 0, '1900-01-01', '', 6, '1900-01-01 00:00:00', '2008-10-13 00:00:00', 0, '', 3),
(24, 5, 5, '2008-10-14 09:57:54', NULL, '2008-10-14 09:57:54', '2008-10-21 07:06:35', 'obivan', '4217be89cdd8f9dbb59fa5851dd3a0408b9a5a81', 'Obivan', 'Kenoby', 'kenoby@mail.universe', 233, 0, '1900-01-01', '', 6, '1900-01-01 00:00:00', '2008-10-13 00:00:00', 0, '', 2),
(25, 6, 5, '2008-10-15 15:53:45', NULL, '2008-10-15 15:53:45', '2008-10-15 15:55:21', '', '', 'Mistr', 'Joda', 'joda@mistr.shadow', 300, 0, '1900-01-01', '999', 1, '1900-01-01 00:00:00', '1900-01-01 00:00:00', 0, '', 6),
(26, 6, 5, '2008-10-15 15:55:21', NULL, '2008-10-15 15:55:21', '2008-10-15 16:00:07', '', '', 'Mistr', 'Joda', 'joda@mistr.shadow', 300, 0, '1900-01-01', '999', 1, '1900-01-01 00:00:00', '1900-01-01 00:00:00', 0, '', 6),
(27, 6, 5, '2008-10-15 16:00:07', NULL, '2008-10-15 16:00:07', '2008-10-21 09:06:54', '', '', 'Mistr', 'Joda', 'joda@mistr.shadow', 300, 0, '1900-01-01', '999', 1, '1900-01-01 00:00:00', '1900-01-01 00:00:00', 0, '', 6),
(28, 5, 5, '2008-10-21 07:06:35', NULL, '2008-10-21 07:06:35', NULL, 'obivan', '4217be89cdd8f9dbb59fa5851dd3a0408b9a5a81', 'Obivan', 'Kenoby', 'kenoby@mail.universe', 233, 0, '1900-01-01', '', 6, '1900-01-01 00:00:00', '2008-10-13 00:00:00', 0, '', 1),
(29, 6, 5, '2008-10-21 09:06:54', NULL, '2008-10-21 09:06:54', NULL, 'joda', 'muhehe', 'Mistr', 'Joda', 'joda@mistr.shadow', 300, 0, '1900-01-01', '999', 4, '1900-01-01 00:00:00', '1900-01-01 00:00:00', 0, '', 3),
(30, 11, 5, '2008-10-21 12:56:43', NULL, '2008-10-21 12:56:43', NULL, '', '', 'Karel', 'Nejedlý', 'starosta@obec-milosice.cz', 0, 0, '1900-01-01', '443666333', 5, '1900-01-01 00:00:00', '1900-01-01 00:00:00', 0, '', 5),
(31, 13, 5, '2008-10-21 13:13:52', NULL, '2008-10-21 13:13:52', NULL, 'ježek', 'dsds', 'Sony', '', 'sony@megadrive.com', 2222, 0, '1904-01-01', '', 3, '1900-01-01 00:00:00', '1900-01-01 00:00:00', 1, '', 4),
(32, 2, 5, '2008-10-21 13:33:00', NULL, '2008-10-21 13:33:00', '2008-10-21 13:45:09', 'petr', 'hruboš', 'Petr', 'Hrubý', 'hrubos@nevim.cz', 23, 0, '1900-01-01', '123456789', 0, '1900-01-01 00:00:00', '2008-10-21 13:56:39', 0, '', 5),
(33, 2, 5, '2008-10-21 13:45:09', NULL, '2008-10-21 13:45:09', '2008-10-21 13:45:28', 'petr', 'c6bd4c44228e4c1a18248ba51c744ce7d36db324', 'Petr', 'Hrubý', 'hrubos@nevim.cz', 23, 0, '1900-01-01', '123456789', 0, '1900-01-01 00:00:00', '1900-01-01 00:00:00', 0, '', 5),
(34, 2, 5, '2008-10-21 13:45:28', NULL, '2008-10-21 13:45:28', '2008-10-21 14:16:35', 'petr', 'c6bd4c44228e4c1a18248ba51c744ce7d36db324', 'Petr', 'Hrubý', 'hrubos@nevim.cz', 23, 0, '1900-01-01', '123456789', 0, '1900-01-01 00:00:00', '1900-01-01 00:00:00', 0, '', 5);

-- --------------------------------------------------------

--
-- Struktura tabulky `UserOnline`
--

CREATE TABLE IF NOT EXISTS `UserOnline` (
  `User` int(11) NOT NULL,
  `LoginTime` datetime NOT NULL,
  `ActivityTime` datetime NOT NULL,
  `SessionId` varchar(255) collate utf8_czech_ci NOT NULL,
  `IpAddress` varchar(16) collate utf8_czech_ci NOT NULL,
  `HostName` varchar(255) collate utf8_czech_ci NOT NULL,
  `Id` int(11) NOT NULL auto_increment,
  `ItemId` int(11) NOT NULL,
  `Author` int(11) NOT NULL,
  `ValidTimeFrom` datetime default NULL,
  `ValidTimeTo` datetime default NULL,
  `CreationTime` datetime default NULL,
  `DeletionTime` datetime default NULL,
  PRIMARY KEY  (`Id`),
  KEY `User` (`User`)
) ENGINE=MyISAM  DEFAULT CHARSET=utf8 COLLATE=utf8_czech_ci AUTO_INCREMENT=37 ;

--
-- Vypisuji data pro tabulku `UserOnline`
--

INSERT INTO `UserOnline` (`User`, `LoginTime`, `ActivityTime`, `SessionId`, `IpAddress`, `HostName`, `Id`, `ItemId`, `Author`, `ValidTimeFrom`, `ValidTimeTo`, `CreationTime`, `DeletionTime`) VALUES
(5, '2008-10-25 20:56:03', '2008-10-27 14:15:02', 'koaodnvsoi9lehrih06mc3sev2', '192.168.0.23', '192.168.0.23', 36, 5, 0, NULL, NULL, NULL, NULL);
