(50398, 0, 0, 0, 1, 0, 0, 101, 0, 0, 0, 0, 6, 0, 0, 0, 0, 0, 0, 0, 0, 0, 0, 0, 0, 0, 0, 0, 0, 0, 0, 77, 0, 0, 0, 0, 0, 0, 0, 0, 0, 0, 0, 0, 0, 0, 0, 0, 0, 0, 0, 0, 0, 0, 0, 0, 0, 0, 0, 0, 0, 0, 0, 0, 0, 0, 0, 1, 'Riding Trainer Advertisement', '', '', '', 0, 0, 0, 1, 1, 1),
(50399, 0, 0, 0, 1, 0, 0, 101, 0, 0, 0, 0, 6, 0, 0, 0, 0, 0, 0, 0, 0, 0, 0, 0, 0, 0, 0, 0, 0, 0, 0, 61, 16, 0, 0, 0, 0, 0, 0, 0, 0, 0, 0, 0, 0, 0, 0, 0, 0, 0, 0, 0, 0, 0, 0, 0, 0, 0, 18359, 12494, 0, 0, 0, 0, 0, 0, 0, 1, 'Riding Trainer Advertisement (Effect)', '', '', '', 0, 0, 0, 1, 1, 1),
(50425, 0, 1, 0, 1, 0, 0, 101, 0, 0, 9, 0, 4, 0, 0, 0, 0, 0, 0, 0, 0, 0, 0, 0, 0, 0, 0, 0, 0, 0, 0, 6, 0, 0, 1, 0, 0, 999, 0, 0, 0, 0, 0, 19, 0, 0, 0, 0, 0, 0, 0, 0, 0, 0, 0, 0, 0, 0, 0, 0, 0, 0, 0, 0, 0, 0, 0, 209, 'Diluted Ethereum Essence', '', 'Allows you to detect lesser invisibility for $d without causing brain damage... probably.\n\nConjured items disappear if logged out for more than 15 minutes.', 'Detect lesser invisibility.', 8, 0, 0, 1, 1, 1),
(50477, 0, 0, 0, 1, 0, 0, 101, 0, 0, 0, 0, 5, 0, 0, 0, 0, 0, 0, 0, 0, 0, 0, 0, 0, 0, 0, 0, 0, 0, 0, 32, 0, 0, 0, 0, 0, 0, 0, 0, 0, 0, 0, 0, 0, 0, 0, 0, 0, 0, 0, 0, 0, 0, 0, 0, 0, 0, 0, 0, 0, 50478, 0, 0, 0, 0, 0, 287, 'Ethereal Essence Sphere', '', 'Toss the sphere to a friendly player. If they have free room in their pack they will catch it.\n\nConjured items disappear if logged out for more than 15 minutes.', '', 0, 0, 0, 1, 1, 1),
(50478, 0, 0, 0, 4, 0, 0, 101, 0, 0, 0, 0, 13, 0, 0, 0, 0, 0, 0, 0, 0, 0, 0, 0, 0, 0, 0, 0, 0, 0, 0, 24, 0, 0, 1, 0, 0, 0, 0, 0, 0, 0, 0, 0, 0, 0, 0, 0, 0, 0, 0, 0, 0, 0, 0, 38308, 0, 0, 0, 0, 0, 0, 0, 0, 0, 0, 0, 1, 'Ethereal Essence Sphere Impact', '', '', '', 0, 0, 0, 1, 1, 1),
(50487, 0, 0, 0, 1, 0, 0, 101, 0, 0, 5, 0, 1, 0, 0, 0, 0, 0, 0, 0, 0, 0, 0, 0, 0, 0, 0, 0, 0, 0, 0, 50, 0, 0, 0, 0, 0, 0, 0, 0, 0, 0, 0, 0, 0, 0, 0, 0, 0, 0, 0, 0, 0, 0, 0, 0, 0, 0, 190351, 0, 0, 0, 0, 0, 0, 0, 0, 1, 'Create Disco Ball Visual Object', '', '', '', 0, 0, 0, 1, 1, 1),
(50492, 0, 0, 0, 1, 0, 0, 101, 0, 0, 0, 0, 4, 0, 0, 0, 0, 0, 0, 0, 0, 0, 0, 0, 0, 0, 0, 0, 0, 0, 0, 3, 0, 0, 0, 0, 0, 0, 0, 0, 13, 0, 0, 0, 0, 0, 0, 0, 0, 0, 0, 0, 0, 0, 0, 0, 0, 0, 0, 0, 0, 0, 0, 0, 0, 0, 0, 1, 'Listening to Music CHECK', '', '', '', 0, 0, 0, 1, 1, 1),
(50493, 0, 0, 0, 1, 0, 0, 101, 0, 0, 21, 0, 1, 0, 0, 0, 0, 0, 0, 0, 0, 0, 0, 0, 0, 0, 0, 0, 0, 0, 0, 6, 0, 0, 0, 0, 0, 0, 0, 0, 0, 0, 0, 226, 0, 0, 3000, 0, 0, 0, 0, 0, 0, 0, 0, 0, 0, 0, 0, 0, 0, 0, 0, 0, 0, 0, 0, 2712, 'Listening to Music', '', '', 'Listening to D.I.S.C.O. music.', 0, 0, 0, 1, 1, 1),
(50499, 0, 0, 0, 1, 0, 0, 101, 0, 0, 0, 0, 6, 0, 0, 0, 0, 0, 0, 0, 0, 0, 0, 0, 0, 0, 0, 0, 0, 0, 0, 77, 0, 0, 0, 0, 0, 0, 0, 0, 0, 0, 0, 0, 0, 0, 0, 0, 0, 0, 0, 0, 0, 0, 0, 0, 0, 0, 0, 0, 0, 0, 0, 0, 0, 0, 0, 1, 'Listening to Music (Parent)', '', '', '', 0, 0, 0, 1, 1, 1),
(50517, 0, 0, 0, 1, 0, 0, 101, 0, 0, 576, 0, 12, 0, 0, 0, 0, 0, 0, 0, 0, 0, 0, 0, 0, 0, 0, 0, 0, 0, 0, 6, 0, 0, 0, 0, 0, 0, 0, 0, 0, 0, 0, 56, 0, 0, 0, 0, 0, 0, 0, 0, 0, 0, 0, 0, 0, 0, 0, 0, 0, 0, 0, 0, 0, 0, 0, 2421, 'Dread Corsair', '', '', 'An honorary member of the Dread Captain DeMeza\'s crew.', 0, 0, 0, 1, 1, 1),
(50530, 0, 0, 0, 1, 0, 0, 101, 0, 0, 32, 0, 1, 0, 0, 0, 0, 0, 0, 0, 0, 0, 0, 0, 0, 0, 0, 0, 0, 0, 0, 6, 0, 0, 0, 0, 0, 0, 0, 0, 0, 0, 0, 226, 0, 0, 1000, 0, 0, 0, 0, 0, 0, 0, 0, 0, 0, 0, 0, 0, 0, 0, 0, 0, 0, 0, 0, 1, 'Love Rocket Barrage', '', '', '', 0, 0, 0, 1, 1, 1),
(50531, 0, 0, 0, 1, 0, 0, 101, 0, 0, 21, 0, 1, 0, 0, 0, 0, 0, 0, 0, 0, 0, 0, 0, 0, 0, 0, 0, 0, 0, 0, 6, 0, 0, 0, 0, 0, 0, 0, 0, 0, 0, 0, 56, 0, 0, 0, 0, 0, 0, 0, 0, 0, 0, 0, 0, 0, 0, 0, 0, 0, 0, 0, 0, 0, 0, 0, 2421, 'Gossip NPC Appearance - All, Pirate Day', '', '', '', 0, 0, 0, 1, 1, 1),
(50532, 0, 0, 0, 1, 0, 0, 101, 0, 0, 165, 0, 1, 0, 0, 0, 0, 0, 0, 0, 0, 0, 0, 0, 0, 0, 0, 0, 0, 0, 0, 6, 0, 0, 0, 0, 0, 0, 0, 0, 0, 0, 0, 4, 0, 0, 0, 0, 0, 0, 0, 0, 0, 0, 0, 0, 0, 0, 0, 0, 0, 0, 0, 0, 0, 0, 0, 1, 'Questgiver Loves Direbrew\'s Brew', '', '', '', 0, 0, 0, 1, 1, 1),
(50551, 0, 0, 0, 1, 0, 0, 101, 0, 0, 3, 0, 1, 0, 0, 0, 0, 0, 0, 0, 0, 0, 0, 0, 0, 0, 0, 0, 0, 0, 0, 6, 0, 0, 1, 0, 0, 19, 0, 0, 0, 0, 0, 61, 0, 0, 0, 0, 0, 0, 0, 0, 0, 0, 0, 0, 0, 0, 0, 0, 0, 0, 0, 0, 0, 0, 0, 1, 'Horde Questgiver Takes a drink', '', '', '', 0, 0, 0, 1, 1, 1),
(50552, 0, 0, 0, 1, 0, 0, 101, 0, 0, 31, 0, 1, 0, 0, 0, 0, 0, 0, 0, 0, 0, 0, 0, 0, 0, 0, 0, 0, 0, 0, 6, 0, 0, 0, 0, 0, 0, 0, 0, 0, 0, 0, 23, 0, 0, 2000, 0, 0, 0, 0, 0, 0, 0, 0, 0, 0, 0, 0, 0, 0, 50551, 0, 0, 0, 0, 0, 1, 'Horde Questgiver Tries Dire Brew', '', '', '', 0, 0, 0, 1, 1, 1),
(50555, 0, 0, 0, 1, 0, 0, 101, 0, 0, 31, 0, 1, 0, 0, 0, 0, 0, 0, 0, 0, 0, 0, 0, 0, 0, 0, 0, 0, 0, 0, 6, 0, 0, 0, 0, 0, 0, 0, 0, 0, 0, 0, 4, 0, 0, 0, 0, 0, 0, 0, 0, 0, 0, 0, 0, 0, 0, 0, 0, 0, 0, 0, 0, 0, 0, 0, 1, 'Questgiver Finishes Drinking', '', '', '', 0, 0, 0, 1, 1, 1),
(50558, 0, 0, 0, 4, 0, 0, 101, 0, 0, 0, 0, 1, 0, 0, 0, 0, 0, 0, 0, 0, 0, 0, 0, 0, 0, 0, 0, 0, 0, 0, 3, 0, 0, 0, 0, 0, 0, 0, 0, 0, 0, 0, 0, 0, 0, 0, 0, 0, 0, 0, 0, 0, 0, 0, 0, 0, 0, 0, 0, 0, 0, 0, 0, 0, 0, 0, 1, 'Cannon Fire', '', '', '', 0, 0, 0, 1, 1, 1),
(50631, 0, 0, 0, 1, 0, 0, 101, 0, 0, 0, 0, 6, 0, 0, 0, 0, 0, 0, 0, 0, 0, 0, 0, 0, 0, 0, 0, 0, 0, 0, 100, 0, 0, 1, 0, 0, 9, 0, 0, 0, 0, 0, 0, 0, 0, 0, 0, 0, 0, 0, 0, 0, 0, 0, 0, 0, 0, 0, 0, 0, 0, 0, 0, 0, 0, 0, 1, 'Dark Iron Brewer Drinks', '', '', '', 0, 0, 0, 1, 1, 1),
(50644, 0, 0, 0, 37, 0, 0, 101, 0, 0, 0, 0, 1, 0, 0, 4339, 2325, 2604, 8343, 0, 0, 0, 0, 5, 2, 1, 3, 0, 0, 0, 0, 24, 0, 0, 1, 0, 0, 0, 0, 0, 0, 0, 0, 0, 0, 0, 0, 0, 0, 0, 0, 0, 0, 0, 0, 38277, 0, 0, 0, 0, 0, 0, 0, 0, 0, 0, 0, 69, 'Haliscan Jacket', '', '', '', 0, 0, 0, 1, 1, 1),
(50647, 0, 0, 0, 37, 0, 0, 101, 0, 0, 0, 0, 1, 0, 0, 4339, 8343, 2325, 0, 0, 0, 0, 0, 4, 3, 3, 0, 0, 0, 0, 0, 24, 0, 0, 1, 0, 0, 0, 0, 0, 0, 0, 0, 0, 0, 0, 0, 0, 0, 0, 0, 0, 0, 0, 0, 38278, 0, 0, 0, 0, 0, 0, 0, 0, 0, 0, 0, 69, 'Haliscan Pantaloons', '', '', '', 0, 0, 0, 1, 1, 1),
(50650, 0, 0, 0, 1, 0, 0, 101, 0, 0, 21, 0, 1, 0, 0, 0, 0, 0, 0, 0, 0, 0, 0, 0, 0, 0, 0, 0, 0, 0, 0, 6, 0, 0, 0, 0, 0, 0, 0, 0, 0, 0, 0, 4, 0, 0, 0, 0, 0, 0, 0, 0, 0, 0, 0, 0, 0, 0, 0, 0, 0, 0, 0, 0, 0, 0, 0, 1, 'Dark Iron Brewer is Sleeping', '', '', '', 0, 0, 0, 1, 1, 1),
(50651, 0, 0, 0, 1, 0, 0, 101, 0, 0, 21, 0, 1, 0, 0, 0, 0, 0, 0, 0, 0, 0, 0, 0, 0, 0, 0, 0, 0, 0, 0, 6, 0, 0, 0, 0, 0, 0, 0, 0, 0, 0, 0, 4, 0, 0, 0, 0, 0, 0, 0, 0, 0, 0, 0, 0, 0, 0, 0, 0, 0, 0, 0, 0, 0, 0, 0, 1, 'Dark Iron Brewer is Swaggering', '', '', '', 0, 0, 0, 1, 1, 1),
(50682, 0, 0, 0, 1, 0, 0, 101, 0, 0, 5, 0, 1, 0, 0, 0, 0, 0, 0, 0, 0, 0, 0, 0, 0, 0, 0, 0, 0, 0, 0, 6, 0, 0, 0, 0, 0, 0, 0, 0, 14, 0, 0, 4, 0, 0, 0, 0, 0, 0, 0, 0, 0, 0, 0, 0, 0, 0, 0, 0, 0, 0, 0, 0, 0, 0, 0, 1197, 'Hoarse', '', '', 'Acrid smoke clings to your throat.', 0, 0, 0, 1, 1, 1),
(50696, 0, 0, 0, 1, 0, 0, 101, 0, 0, 0, 0, 1, 0, 0, 0, 0, 0, 0, 0, 0, 0, 0, 0, 0, 0, 0, 0, 0, 0, 0, 3, 0, 0, 0, 0, 0, 0, 0, 0, 15, 0, 0, 0, 0, 0, 0, 0, 0, 0, 0, 0, 0, 0, 0, 0, 0, 0, 0, 0, 0, 0, 0, 0, 0, 0, 0, 1, 'Brewer Tosses Mug', '', '', '', 0, 0, 0, 1, 1, 1),
(50700, 0, 0, 0, 1, 0, 0, 101, 0, 0, 6, 0, 1, 0, 0, 0, 0, 0, 0, 0, 0, 0, 0, 0, 0, 0, 0, 0, 0, 0, 0, 6, 6, 0, 1, 1, 0, 99999, 349, 0, 0, 0, 0, 19, 18, 0, 0, 0, 0, 0, 0, 0, 0, 0, 0, 0, 0, 0, 0, 0, 0, 0, 0, 0, 0, 0, 0, 71, 'Copy of Spectral Realm (Test)', '', '', 'Transported to the spectral realm.', 0, 0, 0, 1, 1, 1),
(50733, 0, 0, 0, 18, 0, 0, 101, 0, 30, 35, 0, 11, 0, 0, 0, 0, 0, 0, 0, 0, 0, 0, 0, 0, 0, 0, 0, 0, 0, 0, 2, 6, 0, 83, 0, 0, 783, 0, 0, 0, 0, 0, 0, 5, 0, 0, 0, 0, 0, 0, 0, 0, 0, 0, 0, 0, 0, 0, 0, 0, 0, 0, 0, 0, 0, 0, 132, 'Scatter Shot', '', 'A short-range shot that deals $s1% weapon damage and disorients the target for $d.  Any damage caused will remove the effect.', 'Disoriented.', 0, 0, 0, 1, 1, 1),
(50736, 0, 0, 0, 1, 0, 0, 101, 0, 25, 21, 0, 1, 0, 0, 0, 0, 0, 0, 0, 0, 0, 0, 0, 0, 0, 0, 0, 0, 0, 0, 56, 0, 0, 1, 0, 0, 0, 0, 0, 0, 0, 0, 0, 0, 0, 0, 0, 0, 0, 0, 0, 0, 0, 0, 0, 0, 0, 28163, 0, 0, 0, 0, 0, 0, 0, 0, 271, 'Summon Guerrero', '', 'Summons Guerrero to accompany the caster until dismissed.', '', 0, 0, 0, 1, 1, 1),
(50738, 0, 0, 0, 1, 0, 0, 101, 0, 0, 21, 0, 1, 0, 0, 0, 0, 0, 0, 0, 0, 0, 0, 0, 0, 0, 0, 0, 0, 0, 0, 6, 0, 0, 0, 0, 0, 0, 0, 0, 0, 0, 0, 56, 0, 0, 0, 0, 0, 0, 0, 0, 0, 0, 0, 0, 0, 0, 28164, 0, 0, 0, 0, 0, 0, 0, 0, 90, 'Don Carlos Hatless Transform', '', '', '', 0, 0, 0, 1, 1, 1),
(50739, 51, 0, 0, 4, 0, 0, 101, 0, 5, 9, 0, 2, 0, 0, 0, 0, 0, 0, 0, 0, 0, 0, 0, 0, 0, 0, 0, 0, 0, 0, 6, 6, 0, 1, 1, 0, -3, -3, 0, 0, 0, 0, 29, 29, 0, 0, 0, 0, 0, 0, 0, 0, 0, 0, 0, 0, 0, 0, 1, 0, 0, 0, 0, 0, 0, 0, 146, 'Threatening Growl', '', 'Reduces an enemy\'s Strength by $s1 and Agility by $s2 for $d.', 'Strength reduced by $s1.\nAgility reduced by $s2.', 0, 0, 0, 1, 1, 1),
(50749, 0, 0, 0, 5, 0, 0, 101, 0, 0, 0, 0, 1, 0, 0, 0, 0, 0, 0, 0, 0, 0, 0, 0, 0, 0, 0, 0, 0, 0, 0, 3, 0, 0, 0, 0, 0, 0, 0, 0, 0, 0, 0, 0, 0, 0, 0, 0, 0, 0, 0, 0, 0, 0, 0, 0, 0, 0, 0, 0, 0, 0, 0, 0, 0, 0, 0, 1909, 'Apple Crush', '', 'Crush the apple!', '', 0, 0, 0, 1, 1, 1),
(50762, 34, 0, 7, 1, 0, 0, 101, 0, 14, 165, 0, 4, 0, 0, 0, 0, 0, 0, 0, 0, 0, 0, 0, 0, 0, 0, 0, 0, 0, 0, 6, 77, 0, 0, 0, 0, 0, 0, 0, 13, 13, 0, 26, 0, 0, 0, 0, 0, 0, 0, 0, 0, 0, 0, 0, 0, 0, 0, 0, 0, 0, 0, 0, 0, 0, 0, 69, 'Net', '', 'Immobilizes an enemy for $d.', 'Immobilized.', 0, 0, 0, 1, 1, 1),
(50775, 0, 0, 0, 1, 0, 0, 101, 0, 0, 28, 0, 12, 0, 0, 0, 0, 0, 0, 0, 0, 0, 0, 0, 0, 0, 0, 0, 0, 0, 0, 3, 6, 0, 0, 0, 0, 0, 0, 0, 26, 0, 0, 0, 4, 0, 0, 0, 0, 0, 0, 0, 0, 0, 0, 0, 0, 0, 0, 0, 0, 0, 0, 0, 0, 0, 0, 1, '[ph] exploding barrel trigger', '', '', '', 0, 0, 0, 1, 1, 1),
(50847, 0, 0, 0, 1, 0, 0, 101, 0, 0, 0, 0, 13, 0, 0, 0, 0, 0, 0, 0, 0, 0, 0, 0, 0, 0, 0, 0, 0, 0, 0, 24, 0, 0, 1, 0, 0, 99, 0, 0, 0, 0, 0, 0, 0, 0, 0, 0, 0, 0, 0, 0, 0, 0, 0, 38310, 0, 0, 0, 0, 0, 0, 0, 0, 0, 0, 0, 1, 'Create Purple Tabard of the Arcane', '', '', '', 0, 0, 0, 1, 1, 1),
(50848, 0, 0, 0, 1, 0, 0, 101, 0, 0, 0, 0, 13, 0, 0, 0, 0, 0, 0, 0, 0, 0, 0, 0, 0, 0, 0, 0, 0, 0, 0, 24, 0, 0, 1, 0, 0, 99, 0, 0, 0, 0, 0, 0, 0, 0, 0, 0, 0, 0, 0, 0, 0, 0, 0, 38312, 0, 0, 0, 0, 0, 0, 0, 0, 0, 0, 0, 1, 'Create White Tabard of Brilliance', '', '', '', 0, 0, 0, 1, 1, 1),
(50849, 0, 0, 0, 1, 0, 0, 101, 0, 0, 0, 0, 13, 0, 0, 0, 0, 0, 0, 0, 0, 0, 0, 0, 0, 0, 0, 0, 0, 0, 0, 24, 0, 0, 1, 0, 0, 99, 0, 0, 0, 0, 0, 0, 0, 0, 0, 0, 0, 0, 0, 0, 0, 0, 0, 38314, 0, 0, 0, 0, 0, 0, 0, 0, 0, 0, 0, 1, 'Create Orange Tabard of the Defender', '', '', '', 0, 0, 0, 1, 1, 1),
(50850, 0, 0, 0, 1, 0, 0, 101, 0, 0, 0, 0, 13, 0, 0, 0, 0, 0, 0, 0, 0, 0, 0, 0, 0, 0, 0, 0, 0, 0, 0, 24, 0, 0, 1, 0, 0, 99, 0, 0, 0, 0, 0, 0, 0, 0, 0, 0, 0, 0, 0, 0, 0, 0, 0, 38313, 0, 0, 0, 0, 0, 0, 0, 0, 0, 0, 0, 1, 'Create Yellow Tabard of Fury', '', '', '', 0, 0, 0, 1, 1, 1),
(50851, 0, 0, 0, 1, 0, 0, 101, 0, 0, 0, 0, 13, 0, 0, 0, 0, 0, 0, 0, 0, 0, 0, 0, 0, 0, 0, 0, 0, 0, 0, 24, 0, 0, 1, 0, 0, 99, 0, 0, 0, 0, 0, 0, 0, 0, 0, 0, 0, 0, 0, 0, 0, 0, 0, 38309, 0, 0, 0, 0, 0, 0, 0, 0, 0, 0, 0, 1, 'Create Green Tabard of Nature', '', '', '', 0, 0, 0, 1, 1, 1),
(50852, 0, 0, 0, 1, 0, 0, 101, 0, 0, 0, 0, 13, 0, 0, 0, 0, 0, 0, 0, 0, 0, 0, 0, 0, 0, 0, 0, 0, 0, 0, 24, 0, 0, 1, 0, 0, 99, 0, 0, 0, 0, 0, 0, 0, 0, 0, 0, 0, 0, 0, 0, 0, 0, 0, 38311, 0, 0, 0, 0, 0, 0, 0, 0, 0, 0, 0, 1, 'Create Black Tabard of the Void', '', '', '', 0, 0, 0, 1, 1, 1),
(50869, 0, 0, 21, 14, 0, 0, 101, 0, 1, 21, 0, 1, 0, 0, 0, 0, 0, 0, 0, 0, 0, 0, 0, 0, 0, 0, 0, 0, 0, 0, 6, 6, 0, 0, 1, 0, 0, 59, 0, 0, 0, 0, 78, 32, 0, 0, 0, 0, 0, 0, 0, 0, 0, 0, 0, 0, 0, 27707, 0, 0, 0, 0, 0, 0, 0, 0, 2714, 'Brewfest Kodo', '', 'Summons and dismisses a rideable Brewfest kodo.', 'Increases speed by $s2%.', 0, 0, 0, 1, 1, 1),
(50870, 0, 0, 21, 14, 0, 0, 101, 0, 1, 21, 0, 1, 0, 0, 0, 0, 0, 0, 0, 0, 0, 0, 0, 0, 0, 0, 0, 0, 0, 0, 6, 6, 0, 0, 1, 0, 0, 59, 0, 0, 0, 0, 78, 32, 0, 0, 0, 0, 0, 0, 0, 0, 0, 0, 0, 0, 0, 24368, 0, 0, 0, 0, 0, 0, 0, 0, 1177, 'Brewfest Ram', '', 'Summons and dismisses a rideable Brewfest ram.', 'Increases speed by $s2%.', 0, 0, 0, 1, 1, 1),
(50874, 44, 0, 0, 1, 0, 0, 101, 0, 20, 39, 0, 95, 0, 0, 0, 0, 0, 0, 0, 0, 0, 0, 0, 0, 0, 0, 0, 0, 0, 0, 96, 58, 6, 0, 1, 1, 0, 74, -1, 0, 0, 0, 0, 0, 12, 0, 0, 0, 0, 0, 0, 0, 0, 0, 0, 0, 0, 0, 0, 0, 0, 0, 0, 0, 0, 0, 457, 'Copy of Charge', '', 'Charges an enemy, inflicting normal damage plus $s2 and stuns the opponent for $d.', '', 0, 0, 0, 1, 1, 1),
(50876, 44, 0, 0, 1, 0, 0, 101, 0, 20, 39, 0, 95, 0, 0, 0, 0, 0, 0, 0, 0, 0, 0, 0, 0, 0, 0, 0, 0, 0, 0, 96, 58, 6, 0, 1, 1, 0, 74, -1, 0, 0, 0, 0, 0, 12, 0, 0, 0, 0, 0, 0, 0, 0, 0, 0, 0, 0, 0, 0, 0, 0, 0, 0, 0, 0, 0, 129, 'Mounted Charge', '', 'Charges an enemy, inflicting normal damage plus $s2 and stuns the opponent for $d.', 'Trampled and stunned.', 0, 0, 0, 1, 1, 1),
(50934, 0, 0, 0, 1, 0, 8, 101, 0, 70, 35, 0, 1, 0, 0, 0, 0, 0, 0, 0, 0, 0, 0, 0, 0, 0, 0, 0, 0, 0, 0, 27, 0, 0, 1, 0, 0, 1999, 0, 0, 13, 0, 0, 4, 0, 0, 0, 0, 0, 0, 0, 0, 0, 0, 0, 0, 0, 0, 0, 0, 0, 0, 0, 0, 0, 0, 0, 66, 'L70ETC Earthquake SMALLER', '', '', 'Deals $s1 damage every $t1 sec.', 0, 0, 0, 1, 1, 1),
(50976, 0, 0, 0, 1, 0, 0, 101, 0, 0, 21, 0, 1, 0, 0, 0, 0, 0, 0, 0, 0, 0, 0, 0, 0, 0, 0, 0, 0, 0, 0, 6, 0, 0, 0, 0, 0, 0, 0, 0, 0, 0, 0, 23, 0, 0, 5000, 0, 0, 0, 0, 0, 0, 0, 0, 0, 0, 0, 0, 0, 0, 50682, 0, 0, 0, 0, 0, 1, 'Burning Throat Aura', '', '', '', 0, 0, 0, 1, 1, 1),
(50986, 59, 0, 0, 1, 0, 0, 101, 0, 0, 32, 0, 1, 0, 0, 0, 0, 0, 0, 0, 0, 0, 0, 0, 0, 0, 0, 0, 0, 0, 0, 6, 100, 0, 1, 1, 0, 3, 49, 0, 0, 0, 0, 3, 0, 0, 3000, 0, 0, 0, 0, 0, 0, 0, 0, 0, 0, 0, 0, 0, 0, 0, 0, 0, 0, 0, 0, 2695, 'Sulfuron Slammer', '', 'An extremely potent flaming alcoholic beverage.', '$s1 Fire damage every $t1 seconds.', 0, 0, 0, 1, 1, 1),
(51010, 0, 0, 0, 1, 0, 0, 101, 0, 0, 42, 0, 1, 0, 0, 0, 0, 0, 0, 0, 0, 0, 0, 0, 0, 0, 0, 0, 0, 0, 0, 6, 100, 0, 0, 1, 0, 0, 9, 0, 0, 0, 0, 56, 0, 0, 0, 0, 0, 0, 0, 0, 0, 0, 0, 0, 0, 0, 0, 0, 0, 0, 0, 0, 0, 0, 0, 1513, 'Dire Brew', '', 'An enchanted alcoholic beverage that may have an effect on your appearance...', 'Transformed into a Dark Iron dwarf.', 0, 0, 0, 1, 1, 1),
(51149, 0, 0, 0, 1, 0, 0, 101, 0, 70, 21, 0, 1, 0, 0, 0, 0, 0, 0, 0, 0, 0, 0, 0, 0, 0, 0, 0, 0, 0, 0, 28, 0, 0, 1, 0, 0, 0, 0, 0, 15, 0, 0, 0, 0, 0, 0, 0, 0, 99999, 0, 0, 0, 0, 0, 0, 0, 0, 28267, 0, 0, 0, 0, 0, 0, 0, 0, 67, 'Summon Coyote Spirit', '', 'Right Click to summon an incorporeal coyote spirit to accompany you. The spirit will remain until sent away or you remove the hat.', '', 0, 0, 0, 1, 1, 1),
(51171, 0, 0, 0, 1, 0, 0, 101, 0, 0, 0, 0, 6, 0, 0, 0, 0, 0, 0, 0, 0, 0, 0, 0, 0, 0, 0, 0, 0, 0, 0, 77, 0, 0, 0, 0, 0, 0, 0, 0, 0, 0, 0, 0, 0, 0, 0, 0, 0, 0, 0, 0, 0, 0, 0, 0, 0, 0, 0, 0, 0, 0, 0, 0, 0, 0, 0, 1, 'Justin Coyote Spirit Despawn Test', '', '', '', 0, 0, 0, 1, 1, 1),
(51342, 0, 0, 0, 1, 0, 0, 101, 0, 0, 9, 0, 1, 0, 0, 0, 0, 0, 0, 0, 0, 0, 0, 0, 0, 0, 0, 0, 0, 0, 0, 28, 0, 0, 1, 0, 0, 0, 0, 0, 0, 0, 0, 0, 0, 0, 0, 0, 0, 0, 0, 0, 0, 0, 0, 0, 0, 0, 26243, 0, 0, 0, 0, 0, 0, 0, 0, 1, 'Summon Critter Test', '', 'Summons a critter.', 'You have a critter.', 0, 0, 0, 1, 1, 1),
(51412, 0, 0, 21, 14, 0, 0, 101, 0, 1, 21, 0, 1, 0, 0, 0, 0, 0, 0, 0, 0, 0, 0, 0, 0, 0, 0, 0, 0, 0, 0, 6, 6, 0, 0, 1, 0, 0, 99, 0, 0, 0, 0, 78, 32, 0, 0, 0, 0, 0, 0, 0, 0, 0, 0, 0, 0, 0, 28363, 0, 0, 0, 0, 0, 0, 0, 0, 957, 'Big Battle Bear', '', 'Summons and dismisses a rideable Big Battle Bear. This is a very fast mount.', 'Increases speed by $s2%.', 0, 0, 0, 1, 1, 1),
(51413, 0, 0, 0, 1, 0, 0, 101, 0, 0, 31, 0, 36, 0, 0, 0, 0, 0, 0, 0, 0, 0, 0, 0, 0, 0, 0, 0, 0, 0, 0, 6, 6, 2, 0, 1, 139, 0, -31, 130, 0, 0, 0, 5, 31, 0, 0, 0, 0, 0, 0, 0, 0, 0, 0, 0, 0, 0, 0, 0, 0, 0, 0, 0, 0, 0, 0, 354, 'Barreled!', '', '', 'You can\'t see!', 0, 0, 0, 1, 1, 1),
(51414, 0, 0, 0, 1, 0, 0, 15, 0, 0, 0, 0, 1, 0, 0, 0, 0, 0, 0, 0, 0, 0, 0, 0, 0, 0, 0, 0, 0, 0, 0, 6, 0, 0, 0, 0, 0, 0, 0, 0, 0, 0, 0, 42, 0, 0, 0, 0, 0, 0, 0, 0, 0, 0, 0, 0, 0, 0, 0, 0, 0, 51415, 0, 0, 0, 0, 0, 1, 'Venomous Breath Aura', '', 'When struck in melee you have a chance of exhaling poison, inflicting $51415s1 Nature damage on a nearby enemy.', '', 0, 0, 0, 1, 1, 1),
(51415, 0, 0, 0, 1, 0, 0, 101, 0, 1, 0, 0, 1, 0, 0, 0, 0, 0, 0, 0, 0, 0, 0, 0, 0, 0, 0, 0, 0, 0, 0, 2, 0, 0, 15, 0, 0, 92, 0, 0, 13, 0, 0, 0, 0, 0, 0, 0, 0, 0, 0, 0, 0, 0, 0, 0, 0, 0, 0, 0, 0, 0, 0, 0, 0, 0, 0, 68, 'Venomous Breath', '', '', '', 0, 0, 1, 1, 1, 1),
(51452, 0, 0, 0, 1, 0, 0, 101, 0, 0, 0, 0, 13, 0, 0, 0, 0, 0, 0, 0, 0, 0, 0, 0, 0, 0, 0, 0, 0, 0, 0, 24, 0, 0, 1, 0, 0, 99, 0, 0, 0, 0, 0, 0, 0, 0, 0, 0, 0, 0, 0, 0, 0, 0, 0, 38577, 0, 0, 0, 0, 0, 0, 0, 0, 0, 0, 0, 1, 'Create Party Party G.R.E.N.A.D.E.', '', '', '', 0, 0, 0, 1, 1, 1),
(51453, 0, 0, 0, 1, 0, 0, 101, 0, 0, 0, 0, 13, 0, 0, 0, 0, 0, 0, 0, 0, 0, 0, 0, 0, 0, 0, 0, 0, 0, 0, 24, 0, 0, 1, 0, 0, 99, 0, 0, 0, 0, 0, 0, 0, 0, 0, 0, 0, 0, 0, 0, 0, 0, 0, 38578, 0, 0, 0, 0, 0, 0, 0, 0, 0, 0, 0, 1, 'Create PvP Taunt', '', '', '', 0, 0, 0, 1, 1, 1),
(51495, 0, 0, 0, 1, 0, 0, 101, 0, 0, 0, 0, 13, 0, 0, 0, 0, 0, 0, 0, 0, 0, 0, 0, 0, 0, 0, 0, 0, 0, 0, 16, 0, 0, 0, 0, 0, 0, 0, 0, 0, 0, 0, 0, 0, 0, 0, 0, 0, 0, 0, 0, 0, 0, 0, 0, 0, 0, 12600, 0, 0, 0, 0, 0, 0, 0, 0, 1, 'Upper Deck - Bear Mount', '', '', '', 0, 0, 0, 1, 1, 1),
(51508, 0, 0, 0, 1, 0, 0, 101, 0, 0, 0, 0, 1, 0, 0, 0, 0, 0, 0, 0, 0, 0, 0, 0, 0, 0, 0, 0, 0, 0, 0, 77, 0, 0, 1, 0, 0, 0, 0, 0, 0, 0, 0, 0, 0, 0, 0, 0, 0, 0, 0, 0, 0, 0, 0, 0, 0, 0, 0, 0, 0, 0, 0, 0, 0, 0, 0, 1696, 'Party G.R.E.N.A.D.E.', '', '', '', 0, 0, 0, 1, 1, 1),
(51510, 0, 0, 0, 4, 0, 0, 101, 0, 0, 3, 0, 11, 0, 0, 0, 0, 0, 0, 0, 0, 0, 0, 0, 0, 0, 0, 0, 0, 0, 0, 6, 0, 0, 1, 0, 0, 51507, 0, 0, 8, 0, 0, 23, 0, 0, 3000, 0, 0, 0, 0, 0, 0, 0, 0, 0, 0, 0, 0, 0, 0, 0, 0, 0, 0, 0, 0, 1696, 'Party G.R.E.N.A.D.E.', '', 'Right Click to throw and start the party.', 'Party G.R.E.N.A.D.E.', 0, 0, 0, 1, 1, 1),
(51581, 0, 0, 0, 1, 0, 0, 101, 0, 0, 66, 0, 1, 0, 0, 0, 0, 0, 0, 0, 0, 0, 0, 0, 0, 0, 0, 0, 0, 0, 0, 6, 0, 0, 1, 0, 0, -1, 0, 0, 0, 0, 0, 12, 0, 0, 0, 0, 0, 0, 0, 0, 0, 0, 0, 0, 0, 0, 0, 0, 0, 0, 0, 0, 0, 0, 0, 2306, 'Rocket Boots Malfunction', '', '', 'Spinning out of control!', 0, 0, 0, 1, 1, 1),
(51582, 0, 0, 0, 1, 0, 0, 101, 0, 0, 0, 0, 1, 0, 0, 0, 0, 0, 0, 0, 0, 0, 0, 0, 0, 0, 0, 0, 0, 0, 0, 3, 0, 0, 0, 0, 0, 0, 0, 0, 0, 0, 0, 0, 0, 0, 0, 0, 0, 0, 0, 0, 0, 0, 0, 0, 0, 0, 0, 0, 0, 0, 0, 0, 0, 0, 0, 2127, 'Rocket Boots Engaged', '', 'Engage the rocket boots to greatly increase your speed... most of the time.', '', 0, 0, 0, 1, 1, 1),
(51617, 0, 0, 21, 1, 0, 0, 101, 0, 1, 21, 0, 1, 0, 0, 0, 0, 0, 0, 0, 0, 0, 0, 0, 0, 0, 0, 0, 0, 0, 0, 6, 6, 6, 0, 1, 1, 0, 99, 59, 0, 0, 0, 78, 32, 207, 0, 0, 0, 0, 0, 0, 0, 0, 0, 0, 0, 0, 27152, 0, 0, 0, 0, 0, 0, 0, 0, 2628, 'Headless Horseman\'s Flying Mount', '', 'Summons and dismisses a rideable Headless Horseman\'s Mount.', 'Increases ground speed by $s2%. Increases flying speed by $s3%.', 0, 0, 0, 1, 1, 1),
(51621, 0, 0, 21, 1, 0, 0, 101, 0, 1, 21, 0, 1, 0, 0, 0, 0, 0, 0, 0, 0, 0, 0, 0, 0, 0, 0, 0, 0, 0, 0, 6, 6, 0, 0, 1, 1, 0, 59, -1, 0, 0, 0, 78, 32, 0, 0, 0, 0, 0, 0, 0, 0, 0, 0, 0, 0, 0, 27153, 0, 0, 0, 0, 0, 0, 0, 0, 2628, 'Headless Horseman\'s Unruly Mount', '', 'Summons and dismisses a rideable Headless Horseman\'s Mount.', 'Increases speed by $s2%.', 0, 0, 0, 1, 1, 1),
(51640, 0, 0, 0, 1, 0, 0, 101, 0, 14, 0, 0, 13, 0, 0, 0, 0, 0, 0, 0, 0, 0, 0, 0, 0, 0, 0, 0, 0, 0, 0, 3, 0, 0, 0, 0, 0, 0, 0, 0, 8, 0, 0, 0, 0, 0, 0, 0, 0, 0, 0, 0, 0, 0, 0, 0, 0, 0, 0, 0, 0, 0, 0, 0, 0, 0, 0, 2037, 'Taunt Flag Targeting', '', 'Place a flag on an enemy player\'s corpse in front of you.', '', 0, 0, 0, 1, 1, 1),
(51646, 0, 0, 0, 1, 0, 0, 101, 0, 0, 3, 0, 6, 0, 0, 0, 0, 0, 0, 0, 0, 0, 0, 0, 0, 0, 0, 0, 0, 0, 0, 76, 0, 0, 0, 0, 0, 0, 0, 0, 0, 0, 0, 0, 0, 0, 0, 0, 0, 0, 0, 0, 0, 0, 0, 0, 0, 0, 190589, 0, 0, 0, 0, 0, 0, 0, 0, 1, 'Create Taunt Flag UNUSED', '', '', '', 0, 0, 0, 1, 1, 1),
(51655, 0, 0, 0, 1, 0, 0, 101, 0, 0, 0, 0, 6, 0, 0, 0, 0, 0, 0, 0, 0, 0, 0, 0, 0, 0, 0, 0, 0, 0, 0, 24, 0, 0, 1, 0, 0, 0, 0, 0, 0, 0, 0, 0, 0, 0, 0, 0, 0, 0, 0, 0, 0, 0, 0, 38626, 0, 0, 0, 0, 0, 0, 0, 0, 0, 0, 0, 1, 'BOTM - Create Empty Brew Bottle', '', '', '', 0, 0, 0, 1, 1, 1),
(51657, 0, 0, 0, 1, 0, 0, 101, 0, 0, 3, 0, 6, 0, 0, 0, 0, 0, 0, 0, 0, 0, 0, 0, 0, 0, 0, 0, 0, 0, 0, 76, 6, 0, 0, 0, 0, 0, 0, 0, 0, 0, 0, 0, 4, 0, 0, 0, 0, 0, 0, 0, 0, 0, 0, 0, 0, 0, 190589, 0, 0, 0, 0, 0, 0, 0, 0, 1, 'Taunt Flag', '', '', '', 0, 0, 0, 1, 1, 1),
(51661, 1197, 0, 0, 1, 0, 0, 101, 0, 0, 0, 0, 34, 0, 0, 0, 0, 0, 0, 0, 0, 0, 0, 0, 0, 0, 0, 0, 0, 0, 0, 32, 0, 0, 0, 0, 0, 0, 0, 0, 16, 0, 0, 0, 0, 0, 0, 0, 0, 0, 0, 0, 0, 0, 0, 0, 0, 0, 0, 0, 0, 51694, 0, 0, 0, 0, 0, 1359, 'Throw Bottle', '', 'Throw me!', '', 0, 0, 0, 1, 1, 1),
(51694, 1197, 0, 0, 1, 0, 0, 101, 0, 0, 0, 0, 4, 0, 0, 0, 0, 0, 0, 0, 0, 0, 0, 0, 0, 0, 0, 0, 0, 0, 0, 3, 0, 0, 0, 0, 0, 0, 0, 0, 16, 0, 0, 0, 0, 0, 0, 0, 0, 0, 0, 0, 0, 0, 0, 0, 0, 0, 0, 0, 0, 0, 0, 0, 0, 0, 0, 1359, 'BOTM - Empty Bottle Throw - Resolve', '', 'Throw me!', '', 0, 0, 1, 1, 1, 1),
(51695, 1197, 0, 0, 1, 0, 0, 101, 0, 0, 0, 0, 34, 0, 0, 0, 0, 0, 0, 0, 0, 0, 0, 0, 0, 0, 0, 0, 0, 0, 0, 3, 0, 0, 0, 0, 0, 0, 0, 0, 0, 0, 0, 0, 0, 0, 0, 0, 0, 0, 0, 0, 0, 0, 0, 0, 0, 0, 0, 0, 0, 0, 0, 0, 0, 0, 0, 1359, 'BOTM - Empty Bottle Throw - Impact Creature', '', 'Throw me!', '', 0, 0, 0, 1, 1, 1),
(51697, 0, 0, 0, 1, 0, 0, 101, 0, 0, 0, 0, 34, 0, 0, 0, 0, 0, 0, 0, 0, 0, 0, 0, 0, 0, 0, 0, 0, 0, 0, 3, 0, 0, 0, 0, 0, 0, 0, 0, 16, 0, 0, 0, 0, 0, 0, 0, 0, 0, 0, 0, 0, 0, 0, 0, 0, 0, 0, 0, 0, 0, 0, 0, 0, 0, 0, 1359, 'BOTM - Empty Bottle Throw - Impact Ground', '', 'Throw me!', '', 0, 0, 0, 1, 1, 1),
(51702, 0, 0, 0, 1, 0, 0, 101, 0, 14, 0, 0, 13, 0, 0, 0, 0, 0, 0, 0, 0, 0, 0, 0, 0, 0, 0, 0, 0, 0, 0, 113, 0, 0, 0, 0, 0, 0, 0, 0, 0, 0, 0, 0, 0, 0, 0, 0, 0, 0, 0, 0, 0, 0, 0, 0, 0, 0, 0, 0, 0, 0, 0, 0, 0, 0, 0, 2037, 'Taunt Flag Targeting Take 2', '', 'Place a flag on a enemy corpse in front of you.', '', 0, 0, 0, 1, 1, 1),
(51716, 0, 0, 0, 4, 0, 0, 101, 0, 0, 21, 0, 1, 0, 0, 0, 0, 0, 0, 0, 0, 0, 0, 0, 0, 0, 0, 0, 0, 0, 0, 28, 0, 0, 1, 0, 0, 0, 0, 0, 0, 0, 0, 0, 0, 0, 0, 0, 0, 1000, 0, 0, 0, 0, 0, 0, 0, 0, 28470, 0, 0, 0, 0, 0, 0, 0, 0, 29, 'Summon Nether Ray Fry', '', 'Right Click to summon and dismiss your nether ray fry.', '', 0, 0, 0, 1, 1, 1),
(51778, 0, 0, 0, 1, 0, 0, 101, 0, 0, 0, 0, 6, 0, 0, 0, 0, 0, 0, 0, 0, 0, 0, 0, 0, 0, 0, 0, 0, 0, 0, 147, 0, 0, 0, 0, 0, 0, 0, 0, 0, 0, 0, 0, 0, 0, 0, 0, 0, 0, 0, 0, 0, 0, 0, 0, 0, 0, 11122, 0, 0, 0, 0, 0, 0, 0, 0, 1, 'Brewfest - Relay Race - Intro - Fail Quest', '', '', '', 0, 0, 0, 1, 1, 1),
(51798, 0, 0, 0, 1, 0, 0, 101, 0, 0, 0, 0, 6, 0, 0, 0, 0, 0, 0, 0, 0, 0, 0, 0, 0, 0, 0, 0, 0, 0, 0, 16, 0, 0, 0, 0, 0, 0, 0, 0, 0, 0, 0, 0, 0, 0, 0, 0, 0, 0, 0, 0, 0, 0, 0, 0, 0, 0, 11122, 0, 0, 0, 0, 0, 0, 0, 0, 1, 'Brewfest - Relay Race - Intro - Quest Complete', '', '', '', 0, 0, 0, 1, 1, 1),
(51847, 0, 0, 0, 1, 0, 0, 0, 0, 69, 0, 0, 1, 0, 0, 0, 0, 0, 0, 0, 0, 0, 0, 0, 0, 0, 0, 0, 0, 0, 0, 35, 0, 0, 1, 0, 0, 70, 0, 0, 9, 0, 0, 8, 0, 0, 2000, 0, 0, 0, 0, 0, 0, 0, 0, 0, 0, 0, 0, 0, 0, 0, 0, 0, 0, 0, 0, 1647, 'The Brewmaiden\'s Blessing', 'Rank 6', '', 'Heals $s1 every $t1 seconds.', 0, 0, 0, 1, 1, 1),
(51926, 0, 0, 0, 1, 0, 0, 101, 0, 0, 42, 0, 12, 0, 0, 0, 0, 0, 0, 0, 0, 0, 0, 0, 0, 0, 0, 0, 0, 0, 0, 6, 0, 0, 0, 0, 0, 0, 0, 0, 0, 0, 0, 56, 0, 0, 0, 0, 0, 0, 0, 0, 0, 0, 0, 0, 0, 0, 0, 0, 0, 0, 0, 0, 0, 0, 0, 2421, 'Corsair Costume', '', '', 'Dressed as one of the Dread Captain DeMeza\'s crew.', 0, 0, 0, 1, 1, 1),
(51952, 0, 0, 0, 1, 0, 0, 101, 0, 0, 18, 0, 1, 0, 0, 0, 0, 0, 0, 0, 0, 0, 0, 0, 0, 0, 0, 0, 0, 0, 0, 6, 0, 0, 1, 0, 0, 199, 0, 0, 0, 0, 0, 158, 0, 0, 0, 0, 0, 0, 0, 0, 0, 0, 0, 0, 0, 0, 0, 0, 0, 0, 0, 0, 0, 0, 0, 2717, 'Dark Iron Luck', '', 'Increases the block value of your shield by $s1 for $d.', 'Block value increased by $s1.', 0, 0, 0, 1, 1, 1),
(51953, 0, 0, 0, 1, 0, 0, 101, 0, 0, 18, 0, 1, 0, 0, 0, 0, 0, 0, 0, 0, 0, 0, 0, 0, 0, 0, 0, 0, 0, 0, 6, 6, 0, 1, 1, 0, 154, 154, 0, 0, 0, 0, 13, 135, 0, 0, 0, 0, 0, 0, 0, 0, 0, 0, 0, 0, 0, 126, 126, 0, 0, 0, 0, 0, 0, 0, 373, 'Dark Iron Pipeweed', '', 'Increases damage and healing done by magical spells and effects by up to $s1 for $d.', 'Spell damage and healing increased by up to $s1.', 0, 0, 0, 1, 1, 1),
(51954, 0, 1, 0, 1, 0, 0, 100, 0, 0, 18, 0, 1, 0, 0, 0, 0, 0, 0, 0, 0, 0, 0, 0, 0, 0, 0, 0, 0, 0, 0, 6, 6, 0, 1, 1, 0, 296, 98, 0, 0, 0, 0, 135, 13, 0, 0, 0, 0, 0, 0, 0, 0, 0, 0, 0, 0, 0, 126, 126, 0, 0, 0, 0, 0, 0, 0, 2663, 'Hopped Up', '', 'Increases healing done by spells by up to $s1 and damage done by spells by up to $s2 for $d.', 'Healing spells increased by up to $s1 and damage spells increased by up to $s2.', 0, 0, 0, 1, 1, 1),
(51955, 0, 0, 0, 1, 0, 0, 101, 0, 0, 18, 0, 1, 0, 0, 0, 0, 0, 0, 0, 0, 0, 0, 0, 0, 0, 0, 0, 0, 0, 0, 6, 6, 6, 1, 1, 1, 277, 277, 29, 0, 0, 0, 99, 124, 0, 0, 0, 0, 0, 0, 0, 0, 0, 0, 0, 0, 0, 0, 0, 0, 0, 0, 0, 0, 0, 0, 1513, 'Dire Drunkard', '', 'Increases attack power by $s1 for $d.', 'Increases attack power by $s1.', 0, 0, 0, 1, 1, 1),
(52009, 0, 0, 0, 1, 0, 0, 101, 0, 0, 21, 0, 11, 0, 0, 0, 0, 0, 0, 0, 0, 0, 0, 0, 0, 0, 0, 0, 0, 0, 0, 6, 0, 0, 1, 0, 0, 99, 0, 0, 0, 0, 0, 56, 0, 0, 0, 0, 0, 0, 0, 0, 0, 0, 0, 0, 0, 0, 27998, 0, 0, 0, 0, 0, 0, 0, 0, 2362, 'Ethereal Mutagen', '', 'Right-Click to apply this mutagen to a targeted Non-Combat Pet, modifying its physical form for as long as it remains at its master\'s side.', 'Mutated!', 0, 0, 0, 1, 1, 1),
(52052, 0, 0, 0, 1, 0, 0, 101, 0, 0, 0, 0, 6, 0, 0, 0, 0, 0, 0, 0, 0, 0, 0, 0, 0, 0, 0, 0, 0, 0, 0, 3, 0, 0, 0, 0, 0, 0, 0, 0, 36, 0, 0, 0, 0, 0, 0, 0, 0, 0, 0, 0, 0, 0, 0, 0, 0, 0, 0, 0, 0, 0, 0, 0, 0, 0, 0, 1, 'Explosion Visual', '', '', '', 0, 0, 0, 1, 1, 1),
(52172, 0, 0, 0, 1, 0, 0, 101, 0, 0, 21, 0, 1, 0, 0, 0, 0, 0, 0, 0, 0, 0, 0, 0, 0, 0, 0, 0, 0, 0, 0, 6, 0, 0, 1, 0, 0, 52172, 0, 0, 0, 0, 0, 4, 0, 0, 0, 0, 0, 0, 0, 0, 0, 0, 0, 0, 0, 0, 0, 0, 0, 0, 0, 0, 0, 0, 0, 1, 'Coyote Spirit Despawn Aura', '', '', '', 0, 0, 0, 1, 1, 1),
(52173, 0, 0, 0, 1, 0, 0, 101, 0, 0, 0, 0, 6, 0, 0, 0, 0, 0, 0, 0, 0, 0, 0, 0, 0, 0, 0, 0, 0, 0, 0, 77, 0, 0, 0, 0, 0, 0, 0, 0, 0, 0, 0, 0, 0, 0, 0, 0, 0, 0, 0, 0, 0, 0, 0, 0, 0, 0, 0, 0, 0, 0, 0, 0, 0, 0, 0, 1, 'Coyote Spirit Despawn', '', '', '', 0, 0, 0, 1, 1, 1),
(52195, 0, 0, 0, 14, 0, 256, 101, 0, 0, 0, 0, 1, 0, 0, 0, 0, 0, 0, 0, 0, 0, 0, 0, 0, 0, 0, 0, 0, 0, 0, 3, 0, 0, 0, 0, 0, 0, 0, 0, 0, 0, 0, 0, 0, 0, 0, 0, 0, 0, 0, 0, 0, 0, 0, 0, 0, 0, 0, 0, 0, 0, 0, 0, 0, 0, 0, 1, 'Release Fred', '', 'Release Fred.  Must be underwater.', '', 0, 0, 0, 1, 1, 1),
(52236, 0, 0, 0, 1, 0, 0, 101, 0, 0, 1, 0, 1, 0, 0, 0, 0, 0, 0, 0, 0, 0, 0, 0, 0, 0, 0, 0, 0, 0, 0, 6, 0, 0, 0, 0, 0, 0, 0, 0, 0, 0, 0, 23, 0, 0, 8000, 0, 0, 0, 0, 0, 0, 0, 0, 0, 0, 0, 0, 0, 0, 42394, 0, 0, 0, 0, 0, 1, 'Summon Pumpkin Burst Delay', '', '', '', 0, 0, 0, 1, 1, 1),
(52605, 0, 0, 0, 1, 0, 0, 101, 0, 0, 3, 0, 6, 0, 0, 0, 0, 0, 0, 0, 0, 0, 0, 0, 0, 0, 0, 0, 0, 0, 0, 76, 0, 0, 0, 0, 0, 0, 0, 0, 0, 0, 0, 0, 0, 0, 0, 0, 0, 0, 0, 0, 0, 0, 0, 0, 0, 0, 190589, 0, 0, 0, 0, 0, 0, 0, 0, 1, 'Taunt Flag', '', '', '', 0, 0, 0, 1, 1, 1),
(52845, 0, 0, 0, 1, 0, 0, 101, 0, 0, 0, 0, 1, 0, 0, 0, 0, 0, 0, 0, 0, 0, 0, 0, 0, 0, 0, 0, 0, 0, 0, 3, 0, 0, 0, 0, 0, 0, 0, 0, 0, 0, 0, 0, 0, 0, 0, 0, 0, 0, 0, 0, 0, 0, 0, 0, 0, 0, 0, 0, 0, 0, 0, 0, 0, 0, 0, 2663, 'Brewfest Mount Transformation (Faction Swap)', '', 'Transforms your mount into something more festive.', '', 0, 0, 0, 1, 1, 1),
(52850, 0, 0, 0, 1, 0, 0, 101, 0, 0, 0, 0, 13, 0, 0, 0, 0, 0, 0, 0, 0, 0, 0, 0, 0, 0, 0, 0, 0, 0, 0, 5, 0, 0, 0, 0, 0, 0, 0, 0, 0, 0, 0, 0, 0, 0, 0, 0, 0, 0, 0, 0, 0, 0, 0, 0, 0, 0, 0, 0, 0, 0, 0, 0, 0, 0, 0, 1, 'Port to Coren', '', '', '', 0, 0, 0, 1, 1, 1),
(52970, 0, 0, 0, 1, 0, 0, 101, 0, 0, 21, 0, 1, 0, 0, 0, 0, 0, 0, 0, 0, 0, 0, 0, 0, 0, 0, 0, 0, 0, 0, 6, 6, 6, 0, 0, 0, 0, 0, 0, 0, 0, 0, 105, 106, 104, 0, 0, 0, 0, 0, 0, 0, 0, 0, 0, 0, 0, 0, 0, 0, 0, 0, 0, 0, 0, 0, 79, 'Levitate', '', 'Allows the caster to levitate, floating a few feet above the ground.  While levitating, you will fall at a reduced speed and travel over water-like surfaces.', 'Levitating.', 0, 0, 0, 1, 1, 1),
(53082, 0, 0, 0, 4, 0, 0, 101, 0, 0, 21, 0, 1, 0, 0, 0, 0, 0, 0, 0, 0, 0, 0, 0, 0, 0, 0, 0, 0, 0, 0, 28, 0, 0, 1, 0, 0, 0, 0, 0, 0, 0, 0, 0, 0, 0, 0, 0, 0, 1000, 0, 0, 0, 0, 0, 0, 0, 0, 29089, 0, 0, 0, 0, 0, 0, 0, 0, 29, 'Summon Tyrael', '', 'Right-click to summon and dismiss Tyrael.', '', 0, 0, 0, 1, 1, 1),
(53085, 0, 0, 0, 1, 0, 0, 101, 0, 0, 0, 0, 13, 0, 0, 0, 0, 0, 0, 0, 0, 0, 0, 0, 0, 0, 0, 0, 0, 0, 0, 24, 0, 0, 1, 0, 0, 0, 0, 0, 0, 0, 0, 0, 0, 0, 0, 0, 0, 0, 0, 0, 0, 0, 0, 39656, 0, 0, 0, 0, 0, 0, 0, 0, 0, 0, 0, 1, 'Create Tyrael\'s Hilt', '', '', '', 0, 0, 0, 1, 1, 1);

CREATE TABLE `aowow_spellduration` (
  `durationID` smallint(3) unsigned NOT NULL,
  `durationBase` int(10) signed NOT NULL,
  PRIMARY KEY  (`durationID`)
) ENGINE=MyISAM DEFAULT CHARSET=utf8 ROW_FORMAT=FIXED;

INSERT INTO `aowow_spellduration` VALUES
(1, 10000),
(2, 300000010),
(3, 60000),
(4, 120000),
(5, 300000),
(6, 600000),
(7, 5000000),
(8, 15000),
(9, 30000),
(10, 60000000),
(11, 100000000),
(12, 30000000),
(13, 6000000),
(14, 12000000),
(15, 30000000),
(16, 230000),
(17, 5000000),
(18, 20000),
(19, 3000000),
(20, 60000000),
(21, -1),
(22, 45000),
(23, 90000),
(24, 160000),
(25, 180000),
(26, 240000),
(27, 3000),
(28, 5000),
(29, 12000),
(30, 1800000),
(31, 8000),
(32, 6000),
(35, 4000),
(36, 1000),
(37, 1),
(38, 11000),
(39, 2000),
(40, 1200000),
(41, 360000),
(42, 3600000),
(62, 75000),
(63, 25000),
(64, 40000),
(65, 1500),
(66, 2500),
(85, 18000),
(86, 21000),
(105, 9000),
(106, 24000),
(125, 35000),
(145, 2700000),
(165, 7000),
(185, 6000),
(186, 2000),
(187, 0),
(205, 27000),
(225, 604800000),
(245, 50000),
(265, 55000),
(285, 1000),
(305, 14000),
(325, 36000),
(326, 44000),
(327, 500),
(328, 250),
(347, 900000),
(367, 7200000),
(387, 16000),
(407, 100),
(427, -600000),
(447, 2000),
(467, 22000),
(468, 26000),
(487, 1700),
(507, 1100),
(508, 1100),
(527, 14400000),
(547, 5400000),
(548, 10800000),
(549, 3800),
(550, 2147483647),
(551, 3500),
(552, 210000),
(553, 6000),
(554, 155000),
(555, 4500),
(556, 28000),
(557, 165000),
(558, 114000),
(559, 53000),
(560, 299000),
(561, 3300000),
(562, 150000),
(563, 20500),
(564, 13000),
(565, 70000),
(566, 0),
(567, 135000),
(568, 1250),
(569, 280000),
(570, 32000),
(571, 5500),
(572, 100000),
(573, 9999),
(574, 200),
(575, 17000),
(576, 43200000),
(580, 64800000);

CREATE TABLE `aowow_spellrange` (
  `rangeID` integer unsigned NOT NULL,
  `rangeMin` float NOT NULL,
  `rangeMax` float NOT NULL,
  `name` varchar(40) NOT NULL,
  PRIMARY KEY  (`rangeID`)
) ENGINE=MyISAM DEFAULT CHARSET=utf8 ROW_FORMAT=FIXED;

INSERT INTO `aowow_spellrange` VALUES
(1, 0, 0, 'Self Only'),
(2, 0, 5, 'Combat Range'),
(3, 0, 20, 'Twenty yards'),
(4, 0, 30, 'Medium Range'),
(5, 0, 40, 'Long Range'),
(6, 0, 100, 'Vision Range'),
(7, 0, 10, 'Ten yards'),
(8, 10, 20, 'Min Range 10, 20'),
(9, 10, 30, 'Medium Range'),
(10, 10, 40, 'Long Range'),
(11, 0, 15, 'Fifteen yards'),
(12, 0, 5, 'Interact Range'),
(13, 0, 50000, 'Anywhere'),
(14, 0, 60, 'Extra Long Range'),
(34, 0, 25, 'Twenty-Five yards'),
(35, 0, 35, 'Medium-Long Range'),
(36, 0, 45, 'Longer Range'),
(37, 0, 50, 'Extended Range'),
(38, 10, 25, 'Min-Range 10, 25'),
(54, 5, 30, 'Monster Shoot'),
(74, 0, 30, 'Ranged Weapon'),
(94, 8, 40, 'Sting'),
(95, 8, 25, 'Charge'),
(96, 0, 2, 'Trap'),
(114, 0, 35, 'Hunter Range'),
(134, 0, 80, 'Tower 80'),
(135, 0, 100, 'Tower 100'),
(136, 30, 80, 'Artillery Range'),
(137, 0, 8, 'Eight yards'),
(138, 5, 45, 'Long Range Hunter Shoot'),
(140, 0, 7, 'Six yards'),
(141, 0, 7, 'Seven yards'),
(151, 5, 45, 'Long Range Hunter Shoot'),
(155, 4.01, 35, 'Hunter Range (TEST)'),
(157, 0, 90, 'Ninety');

CREATE TABLE `aowow_spellradius` (
  `radiusID` smallint(5) unsigned NOT NULL,
  `radiusBase` float NOT NULL,
  PRIMARY KEY  (`radiusID`)
) ENGINE=MyISAM DEFAULT CHARSET=utf8 ROW_FORMAT=FIXED;

INSERT INTO `aowow_spellradius` VALUES
(7, 2),
(8, 5),
(9, 20),
(10, 30),
(11, 45),
(12, 100),
(13, 10),
(14, 8),
(15, 3),
(16, 1),
(17, 13),
(18, 15),
(19, 18),
(20, 25),
(21, 35),
(22, 200),
(23, 40),
(24, 65),
(25, 70),
(26, 4),
(27, 50),
(28, 50000),
(29, 6),
(30, 500),
(31, 80),
(32, 12),
(33, 99),
(35, 55),
(36, 0),
(37, 7),
(38, 21),
(39, 34),
(40, 9),
(41, 150),
(42, 11),
(43, 16),
(44, 0.5),
(45, 10),
(46, 5),
(47, 15),
(48, 60);

CREATE TABLE `aowow_itemenchantmet` (
  `itemenchantmetID` smallint(3) unsigned NOT NULL,
  `text` text NOT NULL,
  PRIMARY KEY  (`itemenchantmetID`)
) ENGINE=MyISAM DEFAULT CHARSET=utf8 ROW_FORMAT=FIXED;

INSERT INTO `aowow_itemenchantmet` VALUES
(1, 'Rockbiter 3'),
(2, 'Frostbrand 1'),
(3, 'Flametongue 3'),
(4, 'Flametongue 2'),
(5, 'Flametongue 1'),
(6, 'Rockbiter 2'),
(7, 'Deadly Poison'),
(8, 'Deadly Poison II'),
(9, 'Poison (15 Dmg)'),
(10, 'Poison (20 Dmg)'),
(11, 'Poison (25 Dmg)'),
(12, 'Frostbrand 2'),
(13, 'Sharpened (+3 Damage)'),
(14, 'Sharpened (+4 Damage)'),
(15, 'Reinforced (+8 Armor)'),
(16, 'Reinforced (+16 Armor)'),
(17, 'Reinforced (+24 Armor)'),
(18, 'Reinforced (+32 Armor)'),
(19, 'Weighted (+2 Damage)'),
(20, 'Weighted (+3 Damage)'),
(21, 'Weighted (+4 Damage)'),
(22, 'Crippling Poison'),
(23, 'Mind-numbing Poison II'),
(24, '+5 Mana'),
(25, 'Shadow Oil'),
(26, 'Frost Oil'),
(27, 'Sundered'),
(28, '+4 All Resistances'),
(29, 'Rockbiter 1'),
(30, 'Scope (+1 Damage)'),
(31, '+4 Beastslaying'),
(32, 'Scope (+2 Damage)'),
(33, 'Scope (+3 Damage)'),
(34, 'Counterweight (+20 Haste Rating)'),
(35, 'Mind Numbing Poison'),
(36, 'Enchant: Fiery Blaze'),
(37, 'Steel Weapon Chain'),
(38, '+5 Defense Rating'),
(39, 'Sharpened (+1 Damage)'),
(40, 'Sharpened (+2 Damage)'),
(41, '+5 Health'),
(42, 'Poison (Instant 20)'),
(43, 'Iron Spike (8-12)'),
(44, 'Absorption (10)'),
(63, 'Absorption (25)'),
(64, '+3 Spirit'),
(65, '+1 All Resistances'),
(66, '+1 Stamina'),
(67, '+1 Damage'),
(68, '+1 Strength'),
(69, '+2 Strength'),
(70, '+3 Strength'),
(71, '+1 Stamina'),
(72, '+2 Stamina'),
(73, '+3 Stamina'),
(74, '+1 Agility'),
(75, '+2 Agility'),
(76, '+3 Agility'),
(77, '+2 Damage'),
(78, '+3 Damage'),
(79, '+1 Intellect'),
(80, '+2 Intellect'),
(81, '+3 Intellect'),
(82, '+1 Spirit'),
(83, '+2 Spirit'),
(84, '+3 Spirit'),
(85, '+3 Armor'),
(86, '+8 Armor'),
(87, '+12 Armor'),
(88, ''),
(89, '+16 Armor'),
(90, '+4 Agility'),
(91, '+5 Agility'),
(92, '+6 Agility'),
(93, '+7 Agility'),
(94, '+4 Intellect'),
(95, '+5 Intellect'),
(96, '+6 Intellect'),
(97, '+7 Intellect'),
(98, '+4 Spirit'),
(99, '+5 Spirit'),
(100, '+6 Spirit'),
(101, '+7 Spirit'),
(102, '+4 Stamina'),
(103, '+5 Stamina'),
(104, '+6 Stamina'),
(105, '+7 Stamina'),
(106, '+4 Strength'),
(107, '+5 Strength'),
(108, '+6 Strength'),
(109, '+7 Strength'),
(110, '+1 Defense Rating'),
(111, '+2 Defense Rating'),
(112, '+3 Defense Rating'),
(113, '+4 Defense Rating'),
(114, '+5 Defense Rating'),
(115, '+6 Defense Rating'),
(116, '+7 Defense Rating'),
(117, '+4 Damage'),
(118, '+5 Damage'),
(119, '+6 Damage'),
(120, '+7 Damage'),
(121, '+20 Armor'),
(122, '+24 Armor'),
(123, '+28 Armor'),
(124, 'Flametongue Totem 1'),
(125, '+1 Sword Skill'),
(126, '+2 Sword Skill'),
(127, '+3 Sword Skill'),
(128, '+4 Sword Skill'),
(129, '+5 Sword Skill'),
(130, '+6 Sword Skill'),
(131, '+7 Sword Skill'),
(132, '+1 Two-Handed Sword Skill'),
(133, '+2 Two-Handed Sword Skill'),
(134, '+3 Two-Handed Sword Skill'),
(135, '+4 Two-Handed Sword Skill'),
(136, '+5 Two-Handed Sword Skill'),
(137, '+6 Two-Handed Sword Skill'),
(138, '+7 Two-Handed Sword Skill'),
(139, '+1 Mace Skill'),
(140, '+2 Mace Skill'),
(141, '+3 Mace Skill'),
(142, '+4 Mace Skill'),
(143, '+5 Mace Skill'),
(144, '+6 Mace Skill'),
(145, '+7 Mace Skill'),
(146, '+1 Two-Handed Mace Skill'),
(147, '+2 Two-Handed Mace Skill'),
(148, '+3 Two-Handed Mace Skill'),
(149, '+4 Two-Handed Mace Skill'),
(150, '+5 Two-Handed Mace Skill'),
(151, '+6 Two-Handed Mace Skill'),
(152, '+7 Two-Handed Mace Skill'),
(153, '+1 Axe Skill'),
(154, '+2 Axe Skill'),
(155, '+3 Axe Skill'),
(156, '+4 Axe Skill'),
(157, '+5 Axe Skill'),
(158, '+6 Ase Skill'),
(159, '+7 Axe Skill'),
(160, '+1 Two-Handed Axe Skill'),
(161, '+2 Two-Handed Axe Skill'),
(162, '+3 Two-Handed Axe Skill'),
(163, '+4 Two-Handed Axe Skill'),
(164, '+5 Two-Handed Axe Skill'),
(165, '+6 Two-Handed Axe Skill'),
(166, '+7 Two-Handed Axe Skill'),
(167, '+1 Dagger Skill'),
(168, '+2 Dagger Skill'),
(169, '+3 Dagger Skill'),
(170, '+4 Dagger Skill'),
(171, '+5 Dagger Skill'),
(172, '+6 Dagger Skill'),
(173, '+7 Dagger Skill'),
(174, '+1 Gun Skill'),
(175, '+2 Gun Skill'),
(176, '+3 Gun Skill'),
(177, '+4 Gun Skill'),
(178, '+5 Gun Skill'),
(179, '+6 Gun Skill'),
(180, '+7 Gun Skill'),
(181, '+1 Bow Skill'),
(182, '+2 Bow Skill'),
(183, '+3 Bow Skill'),
(184, '+4 Bow Skill'),
(185, '+5 Bow Skill'),
(186, '+6 Bow Skill'),
(187, '+7 Bow Skill'),
(188, '+2 Beast Slaying'),
(189, '+4 Beast Slaying'),
(190, '+6 Beast Slaying'),
(191, '+8 Beast Slaying'),
(192, '+10 Beast Slaying'),
(193, '+12 Beast Slaying'),
(194, '+14 Beast Slaying'),
(195, '+14 Critical Strike Rating'),
(196, '+28 Critical Strike Rating'),
(197, '+42 Critical Strike Rating'),
(198, '+56 Critical Strike Rating'),
(199, '10% On Get Hit: Shadow Bolt (10 Damage)'),
(200, '10% On Get Hit: Shadow Bolt (20 Damage)'),
(201, '10% On Get Hit: Shadow Bolt (30 Damage)'),
(202, '10% On Get Hit: Shadow Bolt (40 Damage)'),
(203, '10% On Get Hit: Shadow Bolt (50 Damage)'),
(204, '10% On Get Hit: Shadow Bolt (60 Damage)'),
(205, '10% On Get Hit: Shadow Bolt (70 Damage)'),
(206, '+2 Healing'),
(207, '+4 Healing'),
(208, '+7 Healing'),
(209, '+9 Healing'),
(210, '+11 Healing'),
(211, '+13 Healing'),
(212, '+15 Healing'),
(213, '+1 Fire Spell Damage'),
(214, '+3 Fire Spell Damage'),
(215, '+4 Fire Spell Damage'),
(216, '+6 Fire Spell Damage'),
(217, '+7 Fire Spell Damage'),
(218, '+9 Fire Spell Damage'),
(219, '+10 Fire Spell Damage'),
(220, '+1 Nature Spell Damage'),
(221, '+3 Nature Spell Damage'),
(222, '+4 Nature Spell Damage'),
(223, '+6 Nature Spell Damage'),
(224, '+7 Nature Spell Damage'),
(225, '+9 Nature Spell Damage'),
(226, '+10 Nature Spell Damage'),
(227, '+1 Frost Spell Damage'),
(228, '+3 Frost Spell Damage'),
(229, '+4 Frost Spell Damage'),
(230, '+6 Frost Spell Damage'),
(231, '+7 Frost Spell Damage'),
(232, '+9 Frost Spell Damage'),
(233, '+10 Frost Spell Damage'),
(234, '+1 Shadow Spell Damage'),
(235, '+3 Shadow Spell Damage'),
(236, '+4 Shadow Spell Damage'),
(237, '+6 Shadow Spell Damage'),
(238, '+7 Shadow Spell Damage'),
(239, '+9 Shadow Spell Damage'),
(240, '+10 Shadow Spell Damage'),
(241, '+2 Weapon Damage'),
(242, '+15 Health'),
(243, '+1 Spirit'),
(244, '+4 Intellect'),
(245, '+5 Armor'),
(246, '+20 Mana'),
(247, '+1 Agility'),
(248, '+1 Strength'),
(249, '+2 Beastslaying'),
(250, '+1  Weapon Damage'),
(251, '+1 Intellect'),
(252, '+6 Spirit'),
(253, 'Absorption (50)'),
(254, '+25 Health'),
(255, '+3 Spirit'),
(256, '+5 Fire Resistance'),
(257, '+10 Armor'),
(263, 'Fishing Lure (+25 Fishing Skill)'),
(264, 'Fishing Lure (+50 Fishing Skill)'),
(265, 'Fishing Lure (+75 Fishing Skill)'),
(266, 'Fishing Lure (+100 Fishing Skill)'),
(283, 'Windfury 1'),
(284, 'Windfury 2'),
(285, 'Flametongue Totem 2'),
(286, '+2 Weapon Fire Damage'),
(287, '+4 Weapon Fire Damage'),
(288, '+6 Weapon Fire Damage'),
(289, '+8 Weapon Fire Damage'),
(290, '+10 Weapon Fire Damage'),
(291, '+12 Weapon Fire Damage'),
(292, '+14 Weapon Fire Damage'),
(303, 'Orb of Fire'),
(323, 'Instant Poison'),
(324, 'Instant Poison II'),
(325, 'Instant Poison III'),
(343, '+8 Agility'),
(344, '+32 Armor'),
(345, '+40 Armor'),
(346, '+36 Armor'),
(347, '+44 Armor'),
(348, '+48 Armor'),
(349, '+9 Agility'),
(350, '+8 Intellect'),
(351, '+8 Spirit'),
(352, '+8 Strength'),
(353, '+8 Stamina'),
(354, '+9 Intellect'),
(355, '+9 Spirit'),
(356, '+9 Stamina'),
(357, '+9 Strength'),
(358, '+10 Agility'),
(359, '+10 Intellect'),
(360, '+10 Spirit'),
(361, '+10 Stamina'),
(362, '+10 Strength'),
(363, '+11 Agility'),
(364, '+11 Intellect'),
(365, '+11 Spirit'),
(366, '+11 Stamina'),
(367, '+11 Strength'),
(368, '+12 Agility'),
(369, '+12 Intellect'),
(370, '+12 Spirit'),
(371, '+12 Stamina'),
(372, '+12 Strength'),
(383, '+52 Armor'),
(384, '+56 Armor'),
(385, '+60 Armor'),
(386, '+16 Armor'),
(387, '+17 Armor'),
(388, '+18 Armor'),
(389, '+19 Armor'),
(403, '+13 Agility'),
(404, '+14 Agility'),
(405, '+13 Intellect'),
(406, '+14 Intellect'),
(407, '+13 Spirit'),
(408, '+14 Spirit'),
(409, '+13 Stamina'),
(410, '+13 Strength'),
(411, '+14 Stamina'),
(412, '+14 Strength'),
(423, '+1 Healing and Spell Damage'),
(424, '+2 Healing and Spell Damage'),
(425, 'ZZOLD +4 Healing and Spell Damage'),
(426, '+5 Healing and Spell Damage'),
(427, '+6 Healing and Spell Damage'),
(428, '+7 Healing and Spell Damage'),
(429, '+8 Healing and Spell Damage'),
(430, '+9 Healing and Spell Damage'),
(431, '+11 Healing and Spell Damage'),
(432, '+12 Healing and Spell Damage'),
(433, '+11 Fire Spell Damage'),
(434, '+13 Fire Spell Damage'),
(435, '+14 Fire Spell Damage'),
(436, '+70 Critical Strike Rating'),
(437, '+11 Frost Spell Damage'),
(438, '+13 Frost Spell Damage'),
(439, '+14 Frost Spell Damage'),
(440, '+12 Healing'),
(441, '+20 Healing and +7 Spell Damage'),
(442, '+22 Healing'),
(443, '+11 Nature Spell Damage'),
(444, '+13 Nature Spell Damage'),
(445, '+14 Nature Spell Damage'),
(446, '+11 Shadow Spell Damage'),
(447, '+13 Shadow Spell Damage'),
(448, '+14 Shadow Spell Damage'),
(463, 'Mithril Spike (16-20)'),
(464, '+4% Mount Speed'),
(483, 'Sharpened (+6 Damage)'),
(484, 'Weighted (+6 Damage)'),
(503, 'Rockbiter 4'),
(504, '+80 Rockbiter'),
(523, 'Flametongue 4'),
(524, 'Frostbrand 3'),
(525, 'Windfury 3'),
(543, 'Flametongue Totem 3'),
(563, 'Windfury Totem 2'),
(564, 'Windfury Totem 3'),
(583, '+1 Agility / +1 Spirit'),
(584, '+1 Agility / +1 Intellect'),
(585, '+1 Agility / +1 Stamina'),
(586, '+1 Agility / +1 Strength'),
(587, '+1 Intellect / +1 Spirit'),
(588, '+1 Intellect / +1 Stamina'),
(589, '+1 Intellect / +1 Strength'),
(590, '+1 Spirit / +1 Stamina'),
(591, '+1 Spirit / +1 Strength'),
(592, '+1 Stamina / +1 Strength'),
(603, 'Crippling Poison II'),
(623, 'Instant Poison IV'),
(624, 'Instant Poison V'),
(625, 'Instant Poison VI'),
(626, 'Deadly Poison III'),
(627, 'Deadly Poison IV'),
(643, 'Mind-Numbing Poison III'),
(663, 'Scope (+5 Damage)'),
(664, 'Scope (+7 Damage)'),
(683, 'Rockbiter 6'),
(684, '+15 Strength'),
(703, 'Wound Poison'),
(704, 'Wound Poison II'),
(705, 'Wound Poison III'),
(706, 'Wound Poison IV'),
(723, '+3 Intellect'),
(724, '+3 Stamina'),
(743, '+2 Stealth'),
(744, '+20 Armor'),
(763, '+5 Shield Block Rating'),
(783, '+10 Armor'),
(803, 'Fiery Weapon'),
(804, '+10 Shadow Resistance'),
(805, '+4 Weapon Damage'),
(823, '+3 Strength'),
(843, '+30 Mana'),
(844, '+2 Mining'),
(845, '+2 Herbalism'),
(846, '+2 Fishing'),
(847, '+1 All Stats'),
(848, '+30 Armor'),
(849, '+3 Agility'),
(850, '+35 Health'),
(851, '+5 Spirit'),
(852, '+5 Stamina'),
(853, '+6 Beastslaying'),
(854, '+6 Elemental Slayer'),
(855, '+5 Fire Resistance'),
(856, '+5 Strength'),
(857, '+50 Mana'),
(863, '+10 Shield Block Rating'),
(864, '+4 Weapon Damage'),
(865, '+5 Skinning'),
(866, '+2 All Stats'),
(883, '+15 Agility'),
(884, '+50 Armor'),
(903, '+3 All Resistances'),
(904, '+5 Agility'),
(905, '+5 Intellect'),
(906, '+5 Mining'),
(907, '+7 Spirit'),
(908, '+50 Health'),
(909, '+5 Herbalism'),
(910, 'Increased Stealth'),
(911, 'Minor Speed Increase'),
(912, 'Demonslaying'),
(913, '+65 Mana'),
(923, '+5 Defense Rating'),
(924, '+2 Defense Rating'),
(925, '+3 Defense Rating'),
(926, '+8 Frost Resistance'),
(927, '+7 Strength'),
(928, '+3 All Stats'),
(929, '+7 Stamina'),
(930, '+2% Mount Speed'),
(931, '+10 Haste Rating'),
(943, '+3 Weapon Damage'),
(963, '+7 Weapon Damage'),
(983, '+16 Agility'),
(1003, 'Venomhide Poison'),
(1023, 'Feedback 1'),
(1043, '+16 Strength'),
(1044, '+17 Strength'),
(1045, '+18 Strength'),
(1046, '+19 Strength'),
(1047, '+20 Strength'),
(1048, '+21 Strength'),
(1049, '+22 Strength'),
(1050, '+23 Strength'),
(1051, '+24 Strength'),
(1052, '+25 Strength'),
(1053, '+26 Strength'),
(1054, '+27 Strength'),
(1055, '+28 Strength'),
(1056, '+29 Strength'),
(1057, '+30 Strength'),
(1058, '+31 Strength'),
(1059, '+32 Strength'),
(1060, '+33 Strength'),
(1061, '+34 Strength'),
(1062, '+35 Strength'),
(1063, '+36 Strength'),
(1064, '+37 Strength'),
(1065, '+38 Strength'),
(1066, '+39 Strength'),
(1067, '+40 Strength'),
(1068, '+15 Stamina'),
(1069, '+16 Stamina'),
(1070, '+17 Stamina'),
(1071, '+18 Stamina'),
(1072, '+19 Stamina'),
(1073, '+20 Stamina'),
(1074, '+21 Stamina'),
(1075, '+22 Stamina'),
(1076, '+23 Stamina'),
(1077, '+24 Stamina'),
(1078, '+25 Stamina'),
(1079, '+26 Stamina'),
(1080, '+27 Stamina'),
(1081, '+28 Stamina'),
(1082, '+29 Stamina'),
(1083, '+30 Stamina'),
(1084, '+31 Stamina'),
(1085, '+32 Stamina'),
(1086, '+33 Stamina'),
(1087, '+34 Stamina'),
(1088, '+35 Stamina'),
(1089, '+36 Stamina'),
(1090, '+37 Stamina'),
(1091, '+38 Stamina'),
(1092, '+39 Stamina'),
(1093, '+40 Stamina'),
(1094, '+17 Agility'),
(1095, '+18 Agility'),
(1096, '+19 Agility'),
(1097, '+20 Agility'),
(1098, '+21 Agility'),
(1099, '+22 Agility'),
(1100, '+23 Agility'),
(1101, '+24 Agility'),
(1102, '+25 Agility'),
(1103, '+26 Agility'),
(1104, '+27 Agility'),
(1105, '+28 Agility'),
(1106, '+29 Agility'),
(1107, '+30 Agility'),
(1108, '+31 Agility'),
(1109, '+32 Agility'),
(1110, '+33 Agility'),
(1111, '+34 Agility'),
(1112, '+35 Agility'),
(1113, '+36 Agility'),
(1114, '+37 Agility'),
(1115, '+38 Agility'),
(1116, '+39 Agility'),
(1117, '+40 Agility'),
(1118, '+15 Intellect'),
(1119, '+16 Intellect'),
(1120, '+17 Intellect'),
(1121, '+18 Intellect'),
(1122, '+19 Intellect'),
(1123, '+20 Intellect'),
(1124, '+21 Intellect'),
(1125, '+22 Intellect'),
(1126, '+23 Intellect'),
(1127, '+24 Intellect'),
(1128, '+25 Intellect'),
(1129, '+26 Intellect'),
(1130, '+27 Intellect'),
(1131, '+28 Intellect'),
(1132, '+29 Intellect'),
(1133, '+30 Intellect'),
(1134, '+31 Intellect'),
(1135, '+32 Intellect'),
(1136, '+33 Intellect'),
(1137, '+34 Intellect'),
(1138, '+35 Intellect'),
(1139, '+36 Intellect'),
(1140, '+37 Intellect'),
(1141, '+38 Intellect'),
(1142, '+39 Intellect'),
(1143, '+40 Intellect'),
(1144, '+15 Spirit'),
(1145, '+16 Spirit'),
(1146, '+17 Spirit'),
(1147, '+18 Spirit'),
(1148, '+19 Spirit'),
(1149, '+20 Spirit'),
(1150, '+21 Spirit'),
(1151, '+22 Spirit'),
(1152, '+23 Spirit'),
(1153, '+24 Spirit'),
(1154, '+25 Spirit'),
(1155, '+26 Spirit'),
(1156, '+27 Spirit'),
(1157, '+28 Spirit'),
(1158, '+29 Spirit'),
(1159, '+30 Spirit'),
(1160, '+31 Spirit'),
(1161, '+32 Spirit'),
(1162, '+33 Spirit'),
(1163, '+34 Spirit'),
(1164, '+36 Spirit'),
(1165, '+37 Spirit'),
(1166, '+38 Spirit'),
(1167, '+39 Spirit'),
(1168, '+40 Spirit'),
(1183, '+35 Spirit'),
(1203, '+41 Strength'),
(1204, '+42 Strength'),
(1205, '+43 Strength'),
(1206, '+44 Strength'),
(1207, '+45 Strength'),
(1208, '+46 Strength'),
(1209, '+41 Stamina'),
(1210, '+42 Stamina'),
(1211, '+43 Stamina'),
(1212, '+44 Stamina'),
(1213, '+45 Stamina'),
(1214, '+46 Stamina'),
(1215, '+41 Agility'),
(1216, '+42 Agility'),
(1217, '+43 Agility'),
(1218, '+44 Agility'),
(1219, '+45 Agility'),
(1220, '+46 Agility'),
(1221, '+41 Intellect'),
(1222, '+42 Intellect'),
(1223, '+43 Intellect'),
(1224, '+44 Intellect'),
(1225, '+45 Intellect'),
(1226, '+46 Intellect'),
(1227, '+41 Spirit'),
(1228, '+42 Spirit'),
(1229, '+43 Spirit'),
(1230, '+44 Spirit'),
(1231, '+45 Spirit'),
(1232, '+46 Spirit'),
(1243, '+1 Arcane Resistance'),
(1244, '+2 Arcane Resistance'),
(1245, '+3 Arcane Resistance'),
(1246, '+4 Arcane Resistance'),
(1247, '+5 Arcane Resistance'),
(1248, '+6 Arcane Resistance'),
(1249, '+7 Arcane Resistance'),
(1250, '+8 Arcane Resistance'),
(1251, '+9 Arcane Resistance'),
(1252, '+10 Arcane Resistance'),
(1253, '+11 Arcane Resistance'),
(1254, '+12 Arcane Resistance'),
(1255, '+13 Arcane Resistance'),
(1256, '+14 Arcane Resistance'),
(1257, '+15 Arcane Resistance'),
(1258, '+16 Arcane Resistance'),
(1259, '+17 Arcane Resistance'),
(1260, '+18 Arcane Resistance'),
(1261, '+19 Arcane Resistance'),
(1262, '+20 Arcane Resistance'),
(1263, '+21 Arcane Resistance'),
(1264, '+22 Arcane Resistance'),
(1265, '+23 Arcane Resistance'),
(1266, '+24 Arcane Resistance'),
(1267, '+25 Arcane Resistance'),
(1268, '+26 Arcane Resistance'),
(1269, '+27 Arcane Resistance'),
(1270, '+28 Arcane Resistance'),
(1271, '+29 Arcane Resistance'),
(1272, '+30 Arcane Resistance'),
(1273, '+31 Arcane Resistance'),
(1274, '+32 Arcane Resistance'),
(1275, '+33 Arcane Resistance'),
(1276, '+34 Arcane Resistance'),
(1277, '+35 Arcane Resistance'),
(1278, '+36 Arcane Resistance'),
(1279, '+37 Arcane Resistance'),
(1280, '+38 Arcane Resistance'),
(1281, '+39 Arcane Resistance'),
(1282, '+40 Arcane Resistance'),
(1283, '+41 Arcane Resistance'),
(1284, '+42 Arcane Resistance'),
(1285, '+43 Arcane Resistance'),
(1286, '+44 Arcane Resistance'),
(1287, '+45 Arcane Resistance'),
(1288, '+46 Arcane Resistance'),
(1289, '+1 Frost Resistance'),
(1290, '+2 Frost Resistance'),
(1291, '+3 Frost Resistance'),
(1292, '+4 Frost Resistance'),
(1293, '+5 Frost Resistance'),
(1294, '+6 Frost Resistance'),
(1295, '+7 Frost Resistance'),
(1296, '+8 Frost Resistance'),
(1297, '+9 Frost Resistance'),
(1298, '+10 Frost Resistance'),
(1299, '+11 Frost Resistance'),
(1300, '+12 Frost Resistance'),
(1301, '+13 Frost Resistance'),
(1302, '+14 Frost Resistance'),
(1303, '+15 Frost Resistance'),
(1304, '+16 Frost Resistance'),
(1305, '+17 Frost Resistance'),
(1306, '+18 Frost Resistance'),
(1307, '+19 Frost Resistance'),
(1308, '+20 Frost Resistance'),
(1309, '+21 Frost Resistance'),
(1310, '+22 Frost Resistance'),
(1311, '+23 Frost Resistance'),
(1312, '+24 Frost Resistance'),
(1313, '+25 Frost Resistance'),
(1314, '+26 Frost Resistance'),
(1315, '+27 Frost Resistance'),
(1316, '+28 Frost Resistance'),
(1317, '+29 Frost Resistance'),
(1318, '+30 Frost Resistance'),
(1319, '+31 Frost Resistance'),
(1320, '+32 Frost Resistance'),
(1321, '+33 Frost Resistance'),
(1322, '+34 Frost Resistance'),
(1323, '+35 Frost Resistance'),
(1324, '+36 Frost Resistance'),
(1325, '+37 Frost Resistance'),
(1326, '+38 Frost Resistance'),
(1327, '+39 Frost Resistance'),
(1328, '+40 Frost Resistance'),
(1329, '+41 Frost Resistance'),
(1330, '+42 Frost Resistance'),
(1331, '+43 Frost Resistance'),
(1332, '+44 Frost Resistance'),
(1333, '+45 Frost Resistance'),
(1334, '+46 Frost Resistance'),
(1335, '+1 Fire Resistance'),
(1336, '+2 Fire Resistance'),
(1337, '+3 Fire Resistance'),
(1338, '+4 Fire Resistance'),
(1339, '+5 Fire Resistance'),
(1340, '+6 Fire Resistance'),
(1341, '+7 Fire Resistance'),
(1342, '+8 Fire Resistance'),
(1343, '+9 Fire Resistance'),
(1344, '+10 Fire Resistance'),
(1345, '+11 Fire Resistance'),
(1346, '+12 Fire Resistance'),
(1347, '+13 Fire Resistance'),
(1348, '+14 Fire Resistance'),
(1349, '+15 Fire Resistance'),
(1350, '+16 Fire Resistance'),
(1351, '+17 Fire Resistance'),
(1352, '+18 Fire Resistance'),
(1353, '+19 Fire Resistance'),
(1354, '+20 Fire Resistance'),
(1355, '+21 Fire Resistance'),
(1356, '+22 Fire Resistance'),
(1357, '+23 Fire Resistance'),
(1358, '+24 Fire Resistance'),
(1359, '+25 Fire Resistance'),
(1360, '+26 Fire Resistance'),
(1361, '+27 Fire Resistance'),
(1362, '+28 Fire Resistance'),
(1363, '+29 Fire Resistance'),
(1364, '+30 Fire Resistance'),
(1365, '+31 Fire Resistance'),
(1366, '+32 Fire Resistance'),
(1367, '+33 Fire Resistance'),
(1368, '+34 Fire Resistance'),
(1369, '+35 Fire Resistance'),
(1370, '+36 Fire Resistance'),
(1371, '+37 Fire Resistance'),
(1372, '+38 Fire Resistance'),
(1373, '+39 Fire Resistance'),
(1374, '+40 Fire Resistance'),
(1375, '+41 Fire Resistance'),
(1376, '+42 Fire Resistance'),
(1377, '+43 Fire Resistance'),
(1378, '+44 Fire Resistance'),
(1379, '+45 Fire Resistance'),
(1380, '+46 Fire Resistance'),
(1381, '+1 Nature Resistance'),
(1382, '+2 Nature Resistance'),
(1383, '+3 Nature Resistance'),
(1384, '+4 Nature Resistance'),
(1385, '+5 Nature Resistance'),
(1386, '+6 Nature Resistance'),
(1387, '+7 Nature Resistance'),
(1388, '+8 Nature Resistance'),
(1389, '+9 Nature Resistance'),
(1390, '+10 Nature Resistance'),
(1391, '+11 Nature Resistance'),
(1392, '+12 Nature Resistance'),
(1393, '+13 Nature Resistance'),
(1394, '+14 Nature Resistance'),
(1395, '+15 Nature Resistance'),
(1396, '+16 Nature Resistance'),
(1397, '+17 Nature Resistance'),
(1398, '+18 Nature Resistance'),
(1399, '+19 Nature Resistance'),
(1400, '+20 Nature Resistance'),
(1401, '+21 Nature Resistance'),
(1402, '+22 Nature Resistance'),
(1403, '+23 Nature Resistance'),
(1404, '+24 Nature Resistance'),
(1405, '+25 Nature Resistance'),
(1406, '+26 Nature Resistance'),
(1407, '+27 Nature Resistance'),
(1408, '+28 Nature Resistance'),
(1409, '+29 Nature Resistance'),
(1410, '+30 Nature Resistance'),
(1411, '+31 Nature Resistance'),
(1412, '+32 Nature Resistance'),
(1413, '+33 Nature Resistance'),
(1414, '+34 Nature Resistance'),
(1415, '+35 Nature Resistance'),
(1416, '+36 Nature Resistance'),
(1417, '+37 Nature Resistance'),
(1418, '+38 Nature Resistance'),
(1419, '+39 Nature Resistance'),
(1420, '+40 Nature Resistance'),
(1421, '+41 Nature Resistance'),
(1422, '+42 Nature Resistance'),
(1423, '+43 Nature Resistance'),
(1424, '+44 Nature Resistance'),
(1425, '+45 Nature Resistance'),
(1426, '+46 Nature Resistance'),
(1427, '+1 Shadow Resistance'),
(1428, '+2 Shadow Resistance'),
(1429, '+3 Shadow Resistance'),
(1430, '+4 Shadow Resistance'),
(1431, '+5 Shadow Resistance'),
(1432, '+6 Shadow Resistance'),
(1433, '+7 Shadow Resistance'),
(1434, '+8 Shadow Resistance'),
(1435, '+9 Shadow Resistance'),
(1436, '+10 Shadow Resistance'),
(1437, '+11 Shadow Resistance'),
(1438, '+12 Shadow Resistance'),
(1439, '+13 Shadow Resistance'),
(1440, '+14 Shadow Resistance'),
(1441, '+15 Shadow Resistance'),
(1442, '+16 Shadow Resistance'),
(1443, '+17 Shadow Resistance'),
(1444, '+18 Shadow Resistance'),
(1445, '+19 Shadow Resistance'),
(1446, '+20 Shadow Resistance'),
(1447, '+21 Shadow Resistance'),
(1448, '+22 Shadow Resistance'),
(1449, '+23 Shadow Resistance'),
(1450, '+24 Shadow Resistance'),
(1451, '+25 Shadow Resistance'),
(1452, '+26 Resist Shadow'),
(1453, '+27 Shadow Resistance'),
(1454, '+28 Shadow Resistance'),
(1455, '+29 Shadow Resistance'),
(1456, '+30 Shadow Resistance'),
(1457, '+31 Shadow Resistance'),
(1458, '+32 Shadow Resistance'),
(1459, '+33 Shadow Resistance'),
(1460, '+34 Shadow Resistance'),
(1461, '+35 Shadow Resistance'),
(1462, '+36 Shadow Resistance'),
(1463, '+37 Shadow Resistance'),
(1464, '+38 Shadow Resistance'),
(1465, '+39 Shadow Resistance'),
(1466, '+40 Shadow Resistance'),
(1467, '+41 Shadow Resistance'),
(1468, '+42 Shadow Resistance'),
(1469, '+43 Shadow Resistance'),
(1470, '+44 Shadow Resistance'),
(1471, '+45 Shadow Resistance'),
(1472, '+46 Shadow Resistance'),
(1483, '+150 Mana'),
(1503, '+100 HP'),
(1504, '+125 Armor'),
(1505, '+20 Fire Resistance'),
(1506, '+8 Strength'),
(1507, '+8 Stamina'),
(1508, '+8 Agility'),
(1509, '+8 Intellect'),
(1510, '+8 Spirit'),
(1523, '+85/14 MANA/FR'),
(1524, '+75/14 HP/FR'),
(1525, '+110/14 AC/FR'),
(1526, '+10/14 STR/FR'),
(1527, '+10/14 STA/FR'),
(1528, '+10/14 AGI/FR'),
(1529, '+10/14 INT/FR'),
(1530, '+10/14 SPI/FR'),
(1531, '+10/10 STR/STA'),
(1532, '+10/10/110/15 STR/STA/AC/FR'),
(1543, '+10/10/100/15 INT/SPI/MANA/FR'),
(1563, '+2 Attack Power'),
(1583, '+4 Attack Power'),
(1584, '+6 Attack Power'),
(1585, '+8 Attack Power'),
(1586, '+10 Attack Power'),
(1587, '+12 Attack Power'),
(1588, '+14 Attack Power'),
(1589, '+16 Attack Power'),
(1590, '+18 Attack Power'),
(1591, '+20 Attack Power'),
(1592, '+22 Attack Power'),
(1593, '+24 Attack Power'),
(1594, '+26 Attack Power'),
(1595, '+28 Attack Power'),
(1596, '+30 Attack Power'),
(1597, '+32 Attack Power'),
(1598, '+34 Attack Power'),
(1599, '+36 Attack Power'),
(1600, '+38 Attack Power'),
(1601, '+40 Attack Power'),
(1602, '+42 Attack Power'),
(1603, '+44 Attack Power'),
(1604, '+46 Attack Power'),
(1605, '+48 Attack Power'),
(1606, '+50 Attack Power'),
(1607, '+52 Attack Power'),
(1608, '+54 Attack Power'),
(1609, '+56 Attack Power'),
(1610, '+58 Attack Power'),
(1611, '+60 Attack Power'),
(1612, '+62 Attack Power'),
(1613, '+64 Attack Power'),
(1614, '+66 Attack Power'),
(1615, '+68 Attack Power'),
(1616, '+70 Attack Power'),
(1617, '+72 Attack Power'),
(1618, '+74 Attack Power'),
(1619, '+76 Attack Power'),
(1620, '+78 Attack Power'),
(1621, '+80 Attack Power'),
(1622, '+82 Attack Power'),
(1623, '+84 Attack Power'),
(1624, '+86 Attack Power'),
(1625, '+88 Attack Power'),
(1626, '+90 Attack Power'),
(1627, '+92 Attack Power'),
(1643, 'Sharpened (+8 Damage)'),
(1663, 'Rockbiter 5'),
(1664, 'Rockbiter 7'),
(1665, 'Flametongue 5'),
(1666, 'Flametongue 6'),
(1667, 'Frostbrand 4'),
(1668, 'Frostbrand 5'),
(1669, 'Windfury 4'),
(1683, 'Flametongue Totem 4'),
(1703, 'Weighted (+8 Damage)'),
(1704, 'Thorium Spike (20-30)'),
(1723, 'Omen of Clarity'),
(1743, 'MHTest02'),
(1763, 'Cold Blood'),
(1783, 'Windfury Totem 1'),
(1803, 'Firestone 1'),
(1823, 'Firestone 2'),
(1824, 'Firestone 3'),
(1825, 'Firestone 4'),
(1843, 'Reinforced (+40 Armor)'),
(1863, 'Feedback 2'),
(1864, 'Feedback 3'),
(1865, 'Feedback 4'),
(1866, 'Feedback 5'),
(1883, '+7 Intellect'),
(1884, '+9 Spirit'),
(1885, '+9 Strength'),
(1886, '+9 Stamina'),
(1887, '+7 Agility'),
(1888, '+5 All Resistances'),
(1889, '+70 Armor'),
(1890, '+9 Spirit'),
(1891, '+4 All Stats'),
(1892, '+100 Health'),
(1893, '+100 Mana'),
(1894, 'Icy Weapon'),
(1895, '+9 Damage'),
(1896, '+9 Weapon Damage'),
(1897, '+5 Weapon Damage'),
(1898, 'Lifestealing'),
(1899, 'Unholy Weapon'),
(1900, 'Crusader'),
(1901, '+9 Intellect'),
(1903, '+9 Spirit'),
(1904, '+9 Intellect'),
(1923, '+3 Fire Resistance'),
(1943, '+12 Defense Rating'),
(1944, '+8 Defense Rating'),
(1945, '+9 Defense Rating'),
(1946, '+10 Defense Rating'),
(1947, '+11 Defense Rating'),
(1948, '+13 Defense Rating'),
(1949, '+14 Defense Rating'),
(1950, '+15 Defense Rating'),
(1951, '+16 Defense Rating'),
(1952, '+20 Defense Rating'),
(1953, '+22 Defense Rating'),
(1954, '+25 Defense Rating'),
(1955, '+32 Defense Rating'),
(1956, '+17 Defense Rating'),
(1957, '+18 Defense Rating'),
(1958, '+19 Defense Rating'),
(1959, '+21 Defense Rating'),
(1960, '+23 Defense Rating'),
(1961, '+24 Defense Rating'),
(1962, '+26 Defense Rating'),
(1963, '+27 Defense Rating'),
(1964, '+28 Defense Rating'),
(1965, '+29 Defense Rating'),
(1966, '+30 Defense Rating'),
(1967, '+31 Defense Rating'),
(1968, '+33 Defense Rating'),
(1969, '+34 Defense Rating'),
(1970, '+35 Defense Rating'),
(1971, '+36 Defense Rating'),
(1972, '+37 Defense Rating'),
(1973, '+38 Defense Rating'),
(1983, '+5 Block Rating'),
(1984, '+10 Block Rating'),
(1985, '+15 Block Rating'),
(1986, '+20 Block Rating'),
(1987, 'Block Level 14'),
(1988, 'Block Level 15'),
(1989, 'Block Level 16'),
(1990, 'Block Level 17'),
(1991, 'Block Level 18'),
(1992, 'Block Level 19'),
(1993, 'Block Level 20'),
(1994, 'Block Level 21'),
(1995, 'Block Level 22'),
(1996, 'Block Level 23'),
(1997, 'Block Level 24'),
(1998, 'Block Level 25'),
(1999, 'Block Level 26'),
(2000, 'Block Level 27'),
(2001, 'Block Level 28'),
(2002, 'Block Level 29'),
(2003, 'Block Level 30'),
(2004, 'Block Level 31'),
(2005, 'Block Level 32'),
(2006, 'Block Level 33'),
(2007, 'Block Level 34'),
(2008, 'Block Level 35'),
(2009, 'Block Level 36'),
(2010, 'Block Level 37'),
(2011, 'Block Level 38'),
(2012, 'Block Level 39'),
(2013, 'Block Level 40'),
(2014, 'Block Level 41'),
(2015, 'Block Level 42'),
(2016, 'Block Level 43'),
(2017, 'Block Level 44'),
(2018, 'Block Level 45'),
(2019, 'Block Level 46'),
(2020, 'Block Level 47'),
(2021, 'Block Level 48'),
(2022, 'Block Level 49'),
(2023, 'Block Level 50'),
(2024, 'Block Level 51'),
(2025, 'Block Level 52'),
(2026, 'Block Level 53'),
(2027, 'Block Level 54'),
(2028, 'Block Level 55'),
(2029, 'Block Level 56'),
(2030, 'Block Level 57'),
(2031, 'Block Level 58'),
(2032, 'Block Level 59'),
(2033, 'Block Level 60'),
(2034, 'Block Level 61'),
(2035, 'Block Level 62'),
(2036, 'Block Level 63'),
(2037, 'Block Level 64'),
(2038, 'Block Level 65'),
(2039, 'Block Level 66'),
(2040, '+2 Ranged Attack Power'),
(2041, '+5 Ranged Attack Power'),
(2042, '+7 Ranged Attack Power'),
(2043, '+10 Ranged Attack Power'),
(2044, '+12 Ranged Attack Power'),
(2045, '+14 Ranged Attack Power'),
(2046, '+17 Ranged Attack Power'),
(2047, '+19 Ranged Attack Power'),
(2048, '+22 Ranged Attack Power'),
(2049, '+24 Ranged Attack Power'),
(2050, '+26 Ranged Attack Power'),
(2051, '+29 Ranged Attack Power'),
(2052, '+31 Ranged Attack Power'),
(2053, '+34 Ranged Attack Power'),
(2054, '+36 Ranged Attack Power'),
(2055, '+38 Ranged Attack Power'),
(2056, '+41 Ranged Attack Power'),
(2057, '+43 Ranged Attack Power'),
(2058, '+46 Ranged Attack Power'),
(2059, '+48 Ranged Attack Power'),
(2060, '+50 Ranged Attack Power'),
(2061, '+53 Ranged Attack Power'),
(2062, '+55 Ranged Attack Power'),
(2063, '+58 Ranged Attack Power'),
(2064, '+60 Ranged Attack Power'),
(2065, '+62 Ranged Attack Power'),
(2066, '+65 Ranged Attack Power'),
(2067, '+67 Ranged Attack Power'),
(2068, '+70 Ranged Attack Power'),
(2069, '+72 Ranged Attack Power'),
(2070, '+74 Ranged Attack Power'),
(2071, '+77 Ranged Attack Power'),
(2072, '+79 Ranged Attack Power'),
(2073, '+82 Ranged Attack Power'),
(2074, '+84 Ranged Attack Power'),
(2075, '+86 Ranged Attack Power'),
(2076, '+89 Ranged Attack Power'),
(2077, '+91 Ranged Attack Power'),
(2078, '+12 Dodge Rating'),
(2079, '+1 Arcane Spell Damage'),
(2080, '+3 Arcane Spell Damage'),
(2081, '+4 Arcane Spell Damage'),
(2082, '+6 Arcane Spell Damage'),
(2083, '+7 Arcane Spell Damage'),
(2084, '+9 Arcane Spell Damage'),
(2085, '+10 Arcane Spell Damage'),
(2086, '+11 Arcane Spell Damage'),
(2087, '+13 Arcane Spell Damage'),
(2088, '+14 Arcane Spell Damage'),
(2089, '+16 Arcane Spell Damage'),
(2090, '+17 Arcane Spell Damage'),
(2091, '+19 Arcane Spell Damage'),
(2092, '+20 Arcane Spell Damage'),
(2093, '+21 Arcane Spell Damage'),
(2094, '+23 Arcane Spell Damage'),
(2095, '+24 Arcane Spell Damage'),
(2096, '+26 Arcane Spell Damage'),
(2097, '+27 Arcane Spell Damage'),
(2098, '+29 Arcane Spell Damage'),
(2099, '+30 Arcane Spell Damage'),
(2100, '+31 Arcane Spell Damage'),
(2101, '+33 Arcane Spell Damage'),
(2102, '+34 Arcane Spell Damage'),
(2103, '+36 Arcane Spell Damage'),
(2104, '+37 Arcane Spell Damage'),
(2105, '+39 Arcane Spell Damage'),
(2106, '+40 Arcane Spell Damage'),
(2107, '+41 Arcane Spell Damage'),
(2108, '+43 Arcane Spell Damage'),
(2109, '+44 Arcane Spell Damage'),
(2110, '+46 Arcane Spell Damage'),
(2111, '+47 Arcane Spell Damage'),
(2112, '+49 Arcane Spell Damage'),
(2113, '+50 Arcane Spell Damage'),
(2114, '+51 Arcane Spell Damage'),
(2115, '+53 Arcane Spell Damage'),
(2116, '+54 Arcane Spell Damage'),
(2117, '+1 Shadow Spell Damage'),
(2118, '+3 Shadow Spell Damage'),
(2119, '+4 Shadow Spell Damage'),
(2120, '+6 Shadow Spell Damage'),
(2121, '+7 Shadow Spell Damage'),
(2122, '+9 Shadow Spell Damage'),
(2123, '+10 Shadow Spell Damage'),
(2124, '+11 Shadow Spell Damage'),
(2125, '+13 Shadow Spell Damage'),
(2126, '+14 Shadow Spell Damage'),
(2127, '+16 Shadow Spell Damage'),
(2128, '+17 Shadow Spell Damage'),
(2129, '+19 Shadow Spell Damage'),
(2130, '+20 Shadow Spell Damage'),
(2131, '+21 Shadow Spell Damage'),
(2132, '+23 Shadow Spell Damage'),
(2133, '+24 Shadow Spell Damage'),
(2134, '+26 Shadow Spell Damage'),
(2135, '+27 Shadow Spell Damage'),
(2136, '+29 Shadow Spell Damage'),
(2137, '+30 Shadow Spell Damage'),
(2138, '+31 Shadow Spell Damage'),
(2139, '+33 Shadow Spell Damage'),
(2140, '+34 Shadow Spell Damage'),
(2141, '+36 Shadow Spell Damage'),
(2142, '+37 Shadow Spell Damage'),
(2143, '+39 Shadow Spell Damage'),
(2144, '+40 Shadow Spell Damage'),
(2145, '+41 Shadow Spell Damage'),
(2146, '+43 Shadow Spell Damage'),
(2147, '+44 Shadow Spell Damage'),
(2148, '+46 Shadow Spell Damage'),
(2149, '+47 Shadow Spell Damage'),
(2150, '+49 Shadow Spell Damage'),
(2151, '+50 Shadow Spell Damage'),
(2152, '+51 Shadow Spell Damage'),
(2153, '+53 Shadow Spell Damage'),
(2154, '+54 Shadow Spell Damage'),
(2155, '+1 Fire Spell Damage'),
(2156, '+3 Fire Spell Damage'),
(2157, '+4 Fire Spell Damage'),
(2158, '+6 Fire Spell Damage'),
(2159, '+7 Fire Spell Damage'),
(2160, '+9 Fire Spell Damage'),
(2161, '+10 Fire Spell Damage'),
(2162, '+11 Fire Spell Damage'),
(2163, '+13 Fire Spell Damage'),
(2164, '+14 Fire Spell Damage'),
(2165, '+16 Fire Spell Damage'),
(2166, '+17 Fire Spell Damage'),
(2167, '+19 Fire Spell Damage'),
(2168, '+20 Fire Spell Damage'),
(2169, '+21 Fire Spell Damage'),
(2170, '+23 Fire Spell Damage'),
(2171, '+24 Fire Spell Damage'),
(2172, '+26 Fire Spell Damage'),
(2173, '+27 Fire Spell Damage'),
(2174, '+29 Fire Spell Damage'),
(2175, '+30 Fire Spell Damage'),
(2176, '+31 Fire Spell Damage'),
(2177, '+33 Fire Spell Damage'),
(2178, '+34 Fire Spell Damage'),
(2179, '+36 Fire Spell Damage'),
(2180, '+37 Fire Spell Damage'),
(2181, '+39 Fire Spell Damage'),
(2182, '+40 Fire Spell Damage'),
(2183, '+41 Fire Spell Damage'),
(2184, '+43 Fire Spell Damage'),
(2185, '+44 Fire Spell Damage'),
(2186, '+46 Fire Spell Damage'),
(2187, '+47 Fire Spell Damage'),
(2188, '+49 Fire Spell Damage'),
(2189, '+50 Fire Spell Damage'),
(2190, '+51 Fire Spell Damage'),
(2191, '+53 Fire Spell Damage'),
(2192, '+54 Fire Spell Damage'),
(2193, '+1 Holy Spell Damage'),
(2194, '+3 Holy Spell Damage'),
(2195, '+4 Holy Spell Damage'),
(2196, '+6 Holy Spell Damage'),
(2197, '+7 Holy Spell Damage'),
(2198, '+9 Holy Spell Damage'),
(2199, '+10 Holy Spell Damage'),
(2200, '+11 Holy Spell Damage'),
(2201, '+13 Holy Spell Damage'),
(2202, '+14 Holy Spell Damage'),
(2203, '+16 Holy Spell Damage'),
(2204, '+17 Holy Spell Damage'),
(2205, '+19 Holy Spell Damage'),
(2206, '+20 Holy Spell Damage'),
(2207, '+21 Holy Spell Damage'),
(2208, '+23 Holy Spell Damage'),
(2209, '+24 Holy Spell Damage'),
(2210, '+26 Holy Spell Damage'),
(2211, '+27 Holy Spell Damage'),
(2212, '+29 Holy Spell Damage'),
(2213, '+30 Holy Spell Damage'),
(2214, '+31 Holy Spell Damage'),
(2215, '+33 Holy Spell Damage'),
(2216, '+34 Holy Spell Damage'),
(2217, '+36 Holy Spell Damage'),
(2218, '+37 Holy Spell Damage'),
(2219, '+39 Holy Spell Damage'),
(2220, '+40 Holy Spell Damage'),
(2221, '+41 Holy Spell Damage'),
(2222, '+43 Holy Spell Damage'),
(2223, '+44 Holy Spell Damage'),
(2224, '+46 Holy Spell Damage'),
(2225, '+47 Holy Spell Damage'),
(2226, '+49 Holy Spell Damage'),
(2227, '+50 Holy Spell Damage'),
(2228, '+51 Holy Spell Damage'),
(2229, '+53 Holy Spell Damage'),
(2230, '+54 Holy Spell Damage'),
(2231, '+1 Frost Spell Damage'),
(2232, '+3 Frost Spell Damage'),
(2233, '+4 Frost Spell Damage'),
(2234, '+6 Frost Spell Damage'),
(2235, '+7 Frost Spell Damage'),
(2236, '+9 Frost Spell Damage'),
(2237, '+10 Frost Spell Damage'),
(2238, '+11 Frost Spell Damage'),
(2239, '+13 Frost Spell Damage'),
(2240, '+14 Frost Spell Damage'),
(2241, '+16 Frost Spell Damage'),
(2242, '+17 Frost Spell Damage'),
(2243, '+19 Frost Spell Damage'),
(2244, '+20 Frost Spell Damage'),
(2245, '+21 Frost Spell Damage'),
(2246, '+23 Frost Spell Damage'),
(2247, '+24 Frost Spell Damage'),
(2248, '+26 Frost Spell Damage'),
(2249, '+27 Frost Spell Damage'),
(2250, '+29 Frost Spell Damage'),
(2251, '+30 Frost Spell Damage'),
(2252, '+31 Frost Spell Damage'),
(2253, '+33 Frost Spell Damage'),
(2254, '+34 Frost Spell Damage'),
(2255, '+36 Frost Spell Damage'),
(2256, '+37 Frost Spell Damage'),
(2257, '+39 Frost Spell Damage'),
(2258, '+40 Frost Spell Damage'),
(2259, '+41 Frost Spell Damage'),
(2260, '+43 Frost Spell Damage'),
(2261, '+44 Frost Spell Damage'),
(2262, '+46 Frost Spell Damage'),
(2263, '+47 Frost Spell Damage'),
(2264, '+49 Frost Spell Damage'),
(2265, '+50 Frost Spell Damage'),
(2266, '+51 Frost Spell Damage'),
(2267, '+53 Frost Spell Damage'),
(2268, '+54 Frost Spell Damage'),
(2269, '+1 Nature Spell Damage'),
(2270, '+3 Nature Spell Damage'),
(2271, '+4 Nature Spell Damage'),
(2272, '+6 Nature Spell Damage'),
(2273, '+7 Nature Spell Damage'),
(2274, '+9 Nature Spell Damage'),
(2275, '+10 Nature Spell Damage'),
(2276, '+11 Nature Spell Damage'),
(2277, '+13 Nature Spell Damage'),
(2278, '+14 Nature Spell Damage'),
(2279, '+16 Nature Spell Damage'),
(2280, '+17 Nature Spell Damage'),
(2281, '+19 Nature Spell Damage'),
(2282, '+20 Nature Spell Damage'),
(2283, '+21 Nature Spell Damage'),
(2284, '+23 Nature Spell Damage'),
(2285, '+24 Nature Spell Damage'),
(2286, '+26 Nature Spell Damage'),
(2287, '+27 Nature Spell Damage'),
(2288, '+29 Nature Spell Damage'),
(2289, '+30 Nature Spell Damage'),
(2290, '+31 Nature Spell Damage'),
(2291, '+33 Nature Spell Damage'),
(2292, '+34 Nature Spell Damage'),
(2293, '+36 Nature Spell Damage'),
(2294, '+37 Nature Spell Damage'),
(2295, '+39 Nature Spell Damage'),
(2296, '+40 Nature Spell Damage'),
(2297, '+41 Nature Spell Damage'),
(2298, '+43 Nature Spell Damage'),
(2299, '+44 Nature Spell Damage'),
(2300, '+46 Nature Spell Damage'),
(2301, '+47 Nature Spell Damage'),
(2302, '+49 Nature Spell Damage'),
(2303, '+50 Nature Spell Damage'),
(2304, '+51 Nature Spell Damage'),
(2305, '+53 Nature Spell Damage'),
(2306, '+54 Nature Spell Damage'),
(2307, '+2 Healing Spells and +1 Damage Spells'),
(2308, '+4 Healing Spells and +2 Damage Spells'),
(2309, '+7 Healing Spells and +3 Damage Spells'),
(2310, '+9 Healing Spells and +3 Damage Spells'),
(2311, '+11 Healing Spells and +4 Damage Spells'),
(2312, '+13 Healing Spells and +5 Damage Spells'),
(2313, '+15 Healing Spells and +5 Damage Spells'),
(2314, '+18 Healing Spells and +6 Damage Spells'),
(2315, '+20 Healing Spells and +7 Damage Spells'),
(2316, '+22 Healing Spells and +8 Damage Spells'),
(2317, '+24 Healing Spells and +8 Damage Spells'),
(2318, '+26 Healing Spells and +9 Damage Spells'),
(2319, '+29 Healing Spells and +10 Damage Spells'),
(2320, '+31 Healing Spells and +11 Damage Spells'),
(2321, '+33 Healing Spells and +11 Damage Spells'),
(2322, '+35 Healing Spells and +12 Damage Spells'),
(2323, '+37 Healing Spells and +13 Damage Spells'),
(2324, '+40 Healing Spells and +14 Damage Spells'),
(2325, '+42 Healing Spells and +14 Damage Spells'),
(2326, '+44 Healing Spells and +15 Damage Spells'),
(2327, '+46 Healing Spells and +16 Damage Spells'),
(2328, '+48 Healing Spells and +16 Damage Spells'),
(2329, '+51 Healing Spells and +17 Damage Spells'),
(2330, '+53 Healing Spells and +18 Damage Spells'),
(2331, '+55 Healing Spells and +19 Damage Spells'),
(2332, '+57 Healing Spells and +19 Damage Spells'),
(2333, '+59 Healing Spells and +20 Damage Spells'),
(2334, '+62 Healing Spells and +21 Damage Spells'),
(2335, '+64 Healing Spells and +22 Damage Spells'),
(2336, '+66 Healing Spells and +22 Damage Spells'),
(2337, '+68 Healing Spells and +23 Damage Spells'),
(2338, '+70 Healing Spells and +24 Damage Spells'),
(2339, '+73 Healing Spells and +25 Damage Spells'),
(2340, '+75 Healing Spells and +25 Damage Spells'),
(2341, '+77 Healing Spells and +26 Damage Spells'),
(2342, '+79 Healing Spells and +27 Damage Spells'),
(2343, '+81 Healing Spells and +27 Damage Spells'),
(2344, '+84 Healing Spells and +28 Damage Spells'),
(2363, '+1 mana every 5 sec.'),
(2364, '+1 mana every 5 sec.'),
(2365, '+1 mana every 5 sec.'),
(2366, '+2 mana every 5 sec.'),
(2367, '+2 mana every 5 sec.'),
(2368, '+2 mana every 5 sec.'),
(2369, '+3 mana every 5 sec.'),
(2370, '+3 mana every 5 sec.'),
(2371, '+4 mana every 5 sec.'),
(2372, '+4 mana every 5 sec.'),
(2373, '+4 mana every 5 sec.'),
(2374, '+5 mana every 5 sec.'),
(2375, '+5 mana every 5 sec.'),
(2376, '+6 mana every 5 sec.'),
(2377, '+6 mana every 5 sec.'),
(2378, '+6 mana every 5 sec.'),
(2379, '+7 mana every 5 sec.'),
(2380, '+7 mana every 5 sec.'),
(2381, '+8 mana every 5 sec.'),
(2382, '+8 mana every 5 sec.'),
(2383, '+8 mana every 5 sec.'),
(2384, '+9 mana every 5 sec.'),
(2385, '+9 mana every 5 sec.'),
(2386, '+10 mana every 5 sec.'),
(2387, '+10 mana every 5 sec.'),
(2388, '+10 mana every 5 sec.'),
(2389, '+11 mana every 5 sec.'),
(2390, '+11 mana every 5 sec.'),
(2391, '+12 mana every 5 sec.'),
(2392, '+12 mana every 5 sec.'),
(2393, '+12 mana every 5 sec.'),
(2394, '+13 mana every 5 sec.'),
(2395, '+13 mana every 5 sec.'),
(2396, '+14 mana every 5 sec.'),
(2397, '+14 mana every 5 sec.'),
(2398, '+14 mana every 5 sec.'),
(2399, '+15 mana every 5 sec.'),
(2400, '+15 mana every 5 sec.'),
(2401, '+1 health every 5 sec.'),
(2402, '+1 health every 5 sec.'),
(2403, '+1 health every 5 sec.'),
(2404, '+1 health every 5 sec.'),
(2405, '+1 health every 5 sec.'),
(2406, '+2 health every 5 sec.'),
(2407, '+2 health every 5 sec.'),
(2408, '+2 health every 5 sec.'),
(2409, '+2 health every 5 sec.'),
(2410, '+3 health every 5 sec.'),
(2411, '+3 health every 5 sec.'),
(2412, '+3 health every 5 sec.'),
(2413, '+3 health every 5 sec.'),
(2414, '+4 health every 5 sec.'),
(2415, '+4 health every 5 sec.'),
(2416, '+4 health every 5 sec.'),
(2417, '+4 health every 5 sec.'),
(2418, '+5 health every 5 sec.'),
(2419, '+5 health every 5 sec.'),
(2420, '+5 health every 5 sec.'),
(2421, '+5 health every 5 sec.'),
(2422, '+6 health every 5 sec.'),
(2423, '+6 health every 5 sec.'),
(2424, '+6 health every 5 sec.'),
(2425, '+6 health every 5 sec.'),
(2426, '+7 health every 5 sec.'),
(2427, '+7 health every 5 sec.'),
(2428, '+7 health every 5 sec.'),
(2429, '+7 health every 5 sec.'),
(2430, '+8 health every 5 sec.'),
(2431, '+8 health every 5 sec.'),
(2432, '+8 health every 5 sec.'),
(2433, '+8 health every 5 sec.'),
(2434, '+9 health every 5 sec.'),
(2435, '+9 health every 5 sec.'),
(2436, '+9 health every 5 sec.'),
(2437, '+9 health every 5 sec.'),
(2438, '+10 health every 5 sec.'),
(2443, '+7 Frost Spell Damage'),
(2463, '+7 Fire Resistance'),
(2483, '+5 Fire Resistance'),
(2484, '+5 Frost Resistance'),
(2485, '+5 Arcane Resistance'),
(2486, '+5 Nature Resistance'),
(2487, '+5 Shadow Resistance'),
(2488, '+5 All Resistances'),
(2503, '+5 Defense Rating'),
(2504, '+30 Spell Damage'),
(2505, '+55 Healing and +19 Spell Damage'),
(2506, '+28 Critical Rating'),
(2523, '+30 Hit Rating'),
(2543, '+10 Haste Rating'),
(2544, '+8 Healing and Spell Damage'),
(2545, '+12 Dodge Rating'),
(2563, '+15 Strength'),
(2564, '+15 Agility'),
(2565, 'Mana Regen 4 per 5 sec.'),
(2566, '+24 Healing and +8 Spell Damage'),
(2567, '+20 Spirit'),
(2568, '+22 Intellect'),
(2583, '+10 Defense Rating/+10 Stamina/+15 Block Value'),
(2584, '+7 Defense/+10 Stamina/+24 Healing Spells'),
(2585, '+28 Attack Power/+12 Dodge Rating'),
(2586, '+24 Ranged Attack Power/+10 Stamina/+10 Hit Rating'),
(2587, '+13 Healing and Spell Damage/+15 Intellect'),
(2588, '+18 Healing and Spell Damage/+8 Spell Hit'),
(2589, '+18 Healing and Spell Damage/+10 Stamina'),
(2590, '+4 Mana Regen/+10 Stamina/+24 Healing Spells'),
(2591, '+10 Intellect/+10 Stamina/+24 Healing Spells'),
(2603, 'Eternium Line'),
(2604, '+33 Healing Spells and +11 Damage Spells'),
(2605, '+18 Spell Damage and Healing'),
(2606, '+30 Attack Power'),
(2607, '+12 Damage and Healing Spells'),
(2608, '+13 Damage and Healing Spells'),
(2609, '+15 Damage and Healing Spells'),
(2610, '+14 Damage and Healing Spells'),
(2611, 'REUSE Random - 15 Spells All'),
(2612, '+18 Damage and Healing Spells'),
(2613, '+2% Threat'),
(2614, '+20 Shadow Spell Damage'),
(2615, '+20 Frost Spell Damage'),
(2616, '+20 Fire Spell Damage'),
(2617, '+30 Healing and +10 Spell Damage'),
(2618, '+15 Agility'),
(2619, '+15 Fire Resistance'),
(2620, '+15 Nature Resistance'),
(2621, 'Subtlety'),
(2622, '+12 Dodge Rating'),
(2623, 'Minor Wizard Oil'),
(2624, 'Minor Mana Oil'),
(2625, 'Lesser Mana Oil'),
(2626, 'Lesser Wizard Oil'),
(2627, 'Wizard Oil'),
(2628, 'Brilliant Wizard Oil'),
(2629, 'Brilliant Mana Oil'),
(2630, 'Deadly Poison V'),
(2631, 'Feedback 6'),
(2632, 'Rockbiter 8'),
(2633, 'Rockbiter 9'),
(2634, 'Flametongue 7'),
(2635, 'Frostbrand 6'),
(2636, 'Windfury 5'),
(2637, 'Flametongue Totem 5'),
(2638, 'Windfury Totem 4'),
(2639, 'Windfury Totem 5'),
(2640, 'Anesthetic Poison'),
(2641, 'Instant Poison VII'),
(2642, 'Deadly Poison VI'),
(2643, 'Deadly Poison VII'),
(2644, 'Wound Poison V'),
(2645, 'Firestone 5'),
(2646, '+25 Agility'),
(2647, '+12 Strength'),
(2648, '+12 Defense Rating'),
(2649, '+12 Stamina'),
(2650, '+15 Spell Damage'),
(2651, '+12 Spell Damage'),
(2652, '+20 Healing and +7 Spell Damage'),
(2653, '+18 Block Value'),
(2654, '+12 Intellect'),
(2655, '+15 Shield Block Rating'),
(2656, 'Vitality'),
(2657, '+12 Agility'),
(2658, 'Surefooted'),
(2659, '+150 Health'),
(2660, '+150 Mana'),
(2661, '+6 All Stats'),
(2662, '+120 Armor'),
(2663, '+7 Resist All'),
(2664, '+7 Resist All'),
(2665, '+35 Spirit'),
(2666, '+30 Intellect'),
(2667, 'Savagery'),
(2668, '+20 Strength'),
(2669, '+40 Spell Damage'),
(2670, '+35 Agility'),
(2671, 'Sunfire'),
(2672, 'Soulfrost'),
(2673, 'Mongoose'),
(2674, 'Spellsurge'),
(2675, 'Battlemaster'),
(2676, 'Superior Mana Oil'),
(2677, 'Superior Mana Oil'),
(2678, 'Superior Wizard Oil'),
(2679, '6 Mana per 5 Sec.'),
(2680, '+7 Resist All'),
(2681, '+10 Nature Resistance'),
(2682, '+10 Frost Resistance'),
(2683, '+10 Shadow Resistance'),
(2684, '+100 Attack Power vs Undead'),
(2685, '+60 Spell Damage vs Undead'),
(2686, '+8 Strength'),
(2687, '+8 Agility'),
(2688, '+8 Stamina'),
(2689, '+8 mana every 5 sec.'),
(2690, '+13 Healing and +5 Spell Damage'),
(2691, '+6 Strength'),
(2692, '+7 Spell Damage'),
(2693, '+6 Agility'),
(2694, '+6 Intellect'),
(2695, '+6 Spell Critical Rating'),
(2696, '+6 Defense Rating'),
(2697, '+6 Hit Rating'),
(2698, '+9 Stamina'),
(2699, '+6 Spirit'),
(2700, '+8 Spell Penetration'),
(2701, '+2 Mana every 5 seconds'),
(2702, '+12 Agility (2 Red Gems)'),
(2703, '+4 Agility per different colored gem'),
(2704, '+12 Strength if 4 blue gems equipped'),
(2705, '+7 Healing +3 Spell Damage and +3 Intellect'),
(2706, '+3 Defense Rating and +4 Stamina'),
(2707, '+1 Mana every 5 Sec and +3 Intellect'),
(2708, '+4 Spell Damage and +4 Stamina'),
(2709, '+7 Healing +3 Spell Damage and +1 Mana per 5 Seconds'),
(2710, '+3 Agility and +4 Stamina'),
(2711, '+3 Strength and +4 Stamina'),
(2712, 'Sharpened (+12 Damage)'),
(2713, 'Sharpened (+14 Crit Rating and +12 Damage)'),
(2714, 'Felsteel Spike (26-38)'),
(2715, '+31 Healing +11 Spell Damage and 5 mana per 5 sec.'),
(2716, '+16 Stamina and +100 Armor'),
(2717, '+26 Attack Power and +14 Critical Strike Rating'),
(2718, 'Lesser Rune of Warding'),
(2719, 'Lesser Ward of Shielding'),
(2720, 'Greater Ward of Shielding'),
(2721, '+15 Spell Damage and +14 Spell Critical Rating'),
(2722, 'Scope (+10 Damage)'),
(2723, 'Scope (+12 Damage)'),
(2724, 'Scope (+28 Critical Strike Rating)'),
(2725, '+8 Strength'),
(2726, '+8 Agility'),
(2727, '+18 Healing and +6 Spell Damage'),
(2728, '+9 Spell Damage'),
(2729, '+16 Attack Power'),
(2730, '+8 Dodge Rating'),
(2731, '+12 Stamina'),
(2732, '+8 Spirit'),
(2733, '+3 Mana every 5 seconds'),
(2734, '+8 Intellect'),
(2735, '+8 Critical Strike Rating'),
(2736, '+8 Spell Critical Rating'),
(2737, '+8 Defense Rating'),
(2738, '+4 Strength and +6 Stamina'),
(2739, '+4 Agility and +6 Stamina'),
(2740, '+5 Spell Damage and +6 Stamina'),
(2741, '+9 Healing +3 Spell Damage and +2 Mana every 5 seconds'),
(2742, '+9 Healing +3 Spell Damage and +4 Intellect'),
(2743, '+4 Defense Rating and +6 Stamina'),
(2744, '+4 Intellect and +2 Mana every 5 seconds'),
(2745, '+46 Healing +16 Spell Damage and +15 Stamina'),
(2746, '+66 Healing +22 Spell Damage and +20 Stamina'),
(2747, '+25 Spell Damage and +15 Stamina'),
(2748, '+35 Spell Damage and +20 Stamina'),
(2749, '+12 Intellect'),
(2750, '6 mana per 5 sec.'),
(2751, '+14 Critical Rating'),
(2752, '+3 Critical Strike Rating and +3 Strength'),
(2753, '+4 Critical Strike Rating and +4 Strength'),
(2754, '+8 Parry Rating'),
(2755, '+3 Hit Rating and +3 Agility'),
(2756, '+4 Hit Rating and +4 Agility'),
(2757, '+3 Critical Strike Rating and +4 Stamina'),
(2758, '+4 Critical Strike Rating and +6 Stamina'),
(2759, '+8 Resilience Rating'),
(2760, '+3 Spell Critical Rating and +4 Spell Damage '),
(2761, '+4 Spell Critical Rating and +5 Spell Damage'),
(2762, '+3 Spell Critical Rating and +4 Spell Penetration'),
(2763, '+4 Spell Critical Rating and +5 Spell Penetration'),
(2764, '+8 Hit Rating'),
(2765, '+10 Spell Penetration'),
(2766, '+8 Intellect'),
(2767, '+8 Spell Hit Rating'),
(2768, '+16 Spell Damage and Healing'),
(2769, '+11 Hit Rating'),
(2770, '+7 Spell Damage and Healing'),
(2771, '+8 Spell Critical Strike Rating'),
(2772, '+14 Critical Strike Rating'),
(2773, '+16 Critical Strike Rating'),
(2774, '+11 Intellect'),
(2775, '+11 Spell Critical Rating'),
(2776, '+3 Mana every 5 seconds'),
(2777, '+13 Spirit'),
(2778, '+13 Spell Penetration'),
(2779, '+16 Spirit'),
(2780, '+20 Spell Penetration'),
(2781, '+19 Stamina'),
(2782, '+10 Agility'),
(2783, '+14 Hit Rating'),
(2784, '+12 Hit Rating'),
(2785, '+13 Hit Rating'),
(2786, '+7 Hit Rating'),
(2787, '+8 Critical Strike Rating'),
(2788, '+9 Resilience'),
(2789, '+15 Resilience'),
(2790, 'ZZOLDLesser Rune of Warding'),
(2791, 'Greater Rune of Warding'),
(2792, '+8 Stamina'),
(2793, '+8 Defense Rating'),
(2794, '+3 Mana restored per 5 seconds'),
(2795, 'Comfortable Insoles'),
(2796, '+15 Dodge Rating'),
(2797, '+9 Dodge Rating'),
(2798, '+$i Intellect (+$n/+$f)'),
(2799, '+$i Stamina (+$n/+$f)'),
(2800, '+$i Armor (+$n/+$f)'),
(2801, '+8 Resilience'),
(2802, '+$i Agility'),
(2803, '+$i Stamina'),
(2804, '+$i Intellect'),
(2805, '+$i Strength'),
(2806, '+$i Spirit'),
(2807, '+$i Arcane Damage'),
(2808, '+$i Fire Damage'),
(2809, '+$i Nature Damage'),
(2810, '+$i Frost Damage'),
(2811, '+$i Shadow Damage'),
(2812, '+$i Healing'),
(2813, '+$i Defense Rating'),
(2814, '+$i Health per 5 sec.'),
(2815, '+$i Dodge Rating'),
(2816, '+$i Mana Per 5 sec.'),
(2817, '+$i Arcane Resistance'),
(2818, '+$i Fire Resistance'),
(2819, '+$i Frost Resistance'),
(2820, '+$i Nature Resistance'),
(2821, '+$i Shadow Resistance'),
(2822, '+$i Spell Critical Strike Rating'),
(2823, '+$i Critical Strike Rating'),
(2824, '+$i Spell Damage and Healing'),
(2825, '+$i Attack Power'),
(2826, '+$i Block Rating'),
(2827, '+14 Spell Crit Rating and 1% Spell Reflect'),
(2828, 'Chance to Increase Spell Cast Speed'),
(2829, '+24 Attack Power and Minor Run Speed Increase'),
(2830, '+12 Critical Strike Rating & 5% Snare and Root Resist'),
(2831, '+18 Stamina & 5% Stun Resist'),
(2832, '+26 Healing +9 Spell Damage and 2% Reduced Threat'),
(2833, '+12 Defense Rating & Chance to Restore Health on hit'),
(2834, '+3 Melee Damage & Chance to Stun Target'),
(2835, '+12 Intellect & Chance to restore mana on spellcast'),
(2836, '3 mana per 5 sec.'),
(2837, '+7 Spirit'),
(2838, '+7 Spell Critical Strike Rating'),
(2839, '+14 Spell Critical Strike Rating'),
(2840, '+21 Stamina'),
(2841, '+10 Stamina'),
(2842, '+8 Spirit'),
(2843, '+8 Spell Critical Strike Rating'),
(2844, '+8 Hit Rating'),
(2845, '+11 Hit Rating'),
(2846, '4 mana per 5 sec.'),
(2847, '4 mana per 5 sec.'),
(2848, '5 mana per 5 sec.'),
(2849, '+7 Dodge Rating'),
(2850, '+13 Spell Critical Strike Rating'),
(2851, '+19 Stamina'),
(2852, '7 mana per 5 sec'),
(2853, '8 mana per 5 sec'),
(2854, '3 mana per 5 sec'),
(2855, '5 mana per 5 sec.'),
(2856, '+4 Resilience Rating'),
(2857, '+2 Critical Strike Rating'),
(2858, '+2 Critical Strike Rating'),
(2859, '+3 Resilience Rating'),
(2860, '+3 Hit Rating'),
(2861, '+3 Defense Rating'),
(2862, '+3 Resilience Rating'),
(2863, '+3 Intellect'),
(2864, '+4 Spell Critical Strike Rating'),
(2865, '2 mana per 5 sec.'),
(2866, '+3 Spirit'),
(2867, '+2 Resilience Rating'),
(2868, '+6 Stamina'),
(2869, '+4 Intellect'),
(2870, '+3 Parry Rating'),
(2871, '+4 Dodge Rating'),
(2872, '+9 Healing and +3 Spell Damage'),
(2873, '+4 Hit Rating'),
(2874, '+4 Critical Strike Rating'),
(2875, '+3 Spell Critical Strike Rating'),
(2876, '+3 Dodge Rating'),
(2877, '+4 Agility'),
(2878, '+4 Resilience Rating'),
(2879, '+3 Strength'),
(2880, '+3 Spell Hit Rating'),
(2881, '1 Mana per 5 sec.'),
(2882, '+6 Stamina'),
(2883, '+4 Stamina'),
(2884, '+2 Spell Critical Strike Rating'),
(2885, '+2 Critical Strike Rating'),
(2886, '+2 Hit Rating'),
(2887, '+3 Critical Strike Rating'),
(2888, '+6 Block Value'),
(2889, '+5 Spell Damage and Healing'),
(2890, '+4 Spirit'),
(2891, '+10 Resilience Rating'),
(2892, '+4 Strength'),
(2893, '+3 Agility'),
(2894, '+7 Strength'),
(2895, '+4 Stamina'),
(2896, '+8 Spell Damage'),
(2897, '+3 Stamina, +4 Crit Rating'),
(2898, '+3 Stamina, +4 Spell Critical Strike Rating'),
(2899, '+3 Stamina, +4 Critical Strike Rating'),
(2900, '+4 Spell Damage and Healing'),
(2901, '+2 Damage and Healing Spells'),
(2902, '+2 Critical Strike Rating'),
(2906, '+$i Stamina and +$i Intellect'),
(2907, '+2 Parry Rating'),
(2908, '+4 Spell Hit Rating'),
(2909, '+2 Spell Hit Rating'),
(2910, '+3 Healing and Spell Damage'),
(2911, '+10 Strength'),
(2912, '+12 Spell Damage'),
(2913, '+10 Critical Strike Rating'),
(2914, '+10 Spell Critical Strike Rating'),
(2915, '+5 Strength, +5 Crit Rating'),
(2916, '+6 Spell Damage, +5 Spell Crit Rating'),
(2917, 'gem test enchantment'),
(2918, '+3 Stamina, +4 Crit Rating'),
(2919, '+7 Strength'),
(2921, '+3 Stamina, +4 Critical Strike Rating'),
(2922, '+7 Strength'),
(2923, '+3 Stamina, +4 Spell Critical Strike Rating'),
(2924, '+8 Spell Damage'),
(2925, '+3 Stamina'),
(2926, '+2 Dodge Rating'),
(2927, '+4 Strength'),
(2928, '+12 Spell Damage'),
(2929, '+2 Weapon Damage'),
(2930, '+20 Healing and +7 Spell Damage'),
(2931, '+4 All Stats'),
(2932, '+4 Defense Rating'),
(2933, '+15 Resilience Rating'),
(2934, '+10 Spell Critical Strike Rating'),
(2935, '+15 Spell Hit Rating'),
(2936, '+8 Attack Power'),
(2937, '+20 Spell Damage'),
(2938, '+20 Spell Penetration'),
(2939, 'Minor Speed and +6 Agility'),
(2940, 'Minor Speed and +9 Stamina'),
(2941, '+2 Hit Rating'),
(2942, '+6 Critical Strike Rating'),
(2943, '+14 Attack Power'),
(2944, '+14 Attack Power'),
(2945, '+20 Attack Power'),
(2946, '+10 Attack Power, +5 Critical Strike Rating'),
(2947, '+3 Resist All'),
(2948, '+4 Resist All'),
(2949, '+20 Attack Power'),
(2950, '+10 Critical Strike Rating'),
(2951, '+4 Spell Critical Strike Rating'),
(2952, '+4 Critical Strike Rating'),
(2953, '+2 Spell Damage'),
(2954, 'Weighted (+12 Damage)'),
(2955, 'Weighted (+14 Crit Rating and +12 Damage)'),
(2956, '+4 Strength'),
(2957, '+4 Agility'),
(2958, '+9 Healing and +3 Spell Damage'),
(2959, '+5 Spell Damage'),
(2960, '+8 Attack Power'),
(2961, '+6 Stamina'),
(2962, '+4 Spirit'),
(2963, '+1 Mana every 5 seconds'),
(2964, '+4 Intellect'),
(2965, '+4 Critical Strike Rating'),
(2966, '+4 Hit Rating'),
(2967, '+4 Spell Critical Rating'),
(2968, '+4 Defense Rating'),
(2969, '+20 Attack Power and Minor Run Speed Increase'),
(2970, '+12 Spell Damage and Minor Run Speed Increase'),
(2971, '+12 Attack Power'),
(2972, '+4 Block Rating'),
(2973, '+6 Attack Power'),
(2974, '+7 Healing +3 Spell Damage'),
(2975, '+5 Block Value'),
(2976, '+2 Defense Rating'),
(2977, '+13 Dodge Rating'),
(2978, '+15 Dodge Rating and +10 Defense Rating'),
(2979, '+29 Healing and +10 Spell Damage'),
(2980, '+33 Healing and +11 Spell Damage and +4 Mana Regen'),
(2981, '+15 Spell Power'),
(2982, '+18 Spell Power and +10 Spell Critical Strike Rating'),
(2983, '+26 Attack Power'),
(2984, '+8 Shadow Resist'),
(2985, '+8 Fire Resist'),
(2986, '+30 Attack Power and +10 Critical Strike Rating'),
(2987, '+8 Frost Resist'),
(2988, '+8 Nature Resist'),
(2989, '+8 Arcane Resist'),
(2990, '+13 Defense Rating'),
(2991, '+15 Defense Rating and +10 Dodge Rating'),
(2992, '+5 Mana Regen'),
(2993, '+6 Mana Regen and +22 Healing'),
(2994, '+13 Spell Critical Strike Rating'),
(2995, '+15 Spell Critical Strike Rating and +12 Spell Damage and Healing'),
(2996, '+13 Critical Strike Rating'),
(2997, '+15 Critical Strike Rating and +20 Attack Power'),
(2998, '+7 All Resistances'),
(2999, '+16 Defense Rating and +17 Dodge Rating'),
(3000, '+18 Stamina, +12 Dodge Rating, and +12 Resilience Rating'),
(3001, '+35 Healing +12 Spell Damage and 7 Mana Per 5 sec.'),
(3002, '+22 Spell Power and +14 Spell Hit Rating'),
(3003, '+34 Attack Power and +16 Hit Rating'),
(3004, '+18 Stamina and +20 Resilience Rating'),
(3005, '+20 Nature Resistance'),
(3006, '+20 Arcane Resistance'),
(3007, '+20 Fire Resistance'),
(3008, '+20 Frost Resistance'),
(3009, '+20 Shadow Resistance'),
(3010, '+40 Attack Power and +10 Critical Strike Rating'),
(3011, '+30 Stamina and +10 Agility'),
(3012, '+50 Attack Power and +12 Critical Strike Rating'),
(3013, '+40 Stamina and +12 Agility'),
(3014, 'Windfury Totem 5 (L70 Testing)'),
(3015, '+2 Strength'),
(3016, '+2 Intellect'),
(3017, '+3 Block Rating'),
(3018, 'Rockbiter 9'),
(3019, 'Rockbiter 9'),
(3020, 'Rockbiter 9'),
(3021, 'Rockbiter 1'),
(3022, 'Rockbiter 1'),
(3023, 'Rockbiter 1'),
(3024, 'Rockbiter 2'),
(3025, 'Rockbiter 2'),
(3026, 'Rockbiter 2'),
(3027, 'Rockbiter 3'),
(3028, 'Rockbiter 3'),
(3029, 'Rockbiter 3'),
(3030, 'Rockbiter 4'),
(3031, 'Rockbiter 4'),
(3032, 'Rockbiter 4'),
(3033, 'Rockbiter 5'),
(3034, 'Rockbiter 5'),
(3035, 'Rockbiter 5'),
(3036, 'Rockbiter 6'),
(3037, 'Rockbiter 6'),
(3038, 'Rockbiter 6'),
(3039, 'Rockbiter 7'),
(3040, 'Rockbiter 7'),
(3041, 'Rockbiter 7'),
(3042, 'Rockbiter 8'),
(3043, 'Rockbiter 8'),
(3044, 'Rockbiter 8'),
(3045, '+5 Strength and +6 Stamina '),
(3046, '+11 Healing +4 Spell Damage and +4 Intellect'),
(3047, '+6 Stamina and +5 Spell Crit Rating'),
(3048, '+5 Agility and +6 Stamina'),
(3049, '+5 Critical Strike Rating and +2 mana per 5 sec.'),
(3050, '+6 Spell Damage and +4 Intellect '),
(3051, '+11 Healing +4 Spell Damage and +6 Stamina'),
(3052, '+10 Attack Power and +4 Hit Rating'),
(3053, '+5 Defense Rating and +4 Dodge Rating'),
(3054, '+6 Spell Damage and +6 Stamina'),
(3055, '+5 Agility and +4 Hit Rating'),
(3056, '+5 Parry Rating and +4 Defense Rating'),
(3057, '+5 Strength and +4 Hit Rating'),
(3058, '+5 Spell Critical Rating and 2 mana per 5 sec.'),
(3059, 'Spell Critical Rating +5 and 2 mana per 5 sec.'),
(3060, '+5 Dodge Rating and +6 Stamina'),
(3061, '+6 Spell Damage and +5 Spell Hit Rating'),
(3062, '+6 Critical Rating and +5 Dodge Rating'),
(3063, '+5 Parry Rating and +6 Stamina'),
(3064, '+5 Spirit and +9 Healing +3 Spell Damage'),
(3065, '+8 Strength'),
(3066, '+6 Spell Damage and +5 Spell Penetration'),
(3067, '+10 Attack Power and +6 Stamina'),
(3068, '+5 Dodge Rating and +4 Hit Rating'),
(3069, '+11 Healing +4 Spell Damage and +4 Resilience Rating'),
(3070, '+8 Attack Power and +5 Critical Rating'),
(3071, '+5 Intellect and +6 Stamina'),
(3072, '+5 Strength and +4 Critical Rating'),
(3073, '+4 Agility and +5 Defense Rating'),
(3074, '+4 Intellect and +5 Spirit'),
(3075, '+5 Strength and +4 Defense Rating'),
(3076, '+6 Spell Damage and +4 Spell Critical Rating'),
(3077, '+5 Intellect and 2 mana per 5 sec.'),
(3078, '+6 Stamina and +5 Defense Rating'),
(3079, '+8 Attack Power and +5 Resilience Rating'),
(3080, '+6 Stamina and +5 Resilience Rating'),
(3081, '+11 Healing +4 Spell Damage and +4 Spell Critical Rating'),
(3082, '+5 Defense Rating and 2 mana per 5 sec.'),
(3083, '+6 Spell Damage and +4 Spirit'),
(3084, '+5 Dodge Rating and +4 Resilience Rating'),
(3085, '+6 Stamina and +5 Crit Rating'),
(3086, '+11 Healing +4 Spell Damage and 2 mana per 5 sec.'),
(3087, '+5 Strength and +4 Resilience Rating'),
(3088, '+5 Spell Hit Rating and +6 Stamina'),
(3089, '+5 Spell Hit Rating and 2 mana per 5 sec.'),
(3090, '+5 Parry Rating and +4 Resilience Rating'),
(3091, '+5 Spell Critical Rating and +5 Spell Penetration'),
(3092, '+3 Critical Strike Rating'),
(3093, '+150 Attack Power vs Undead and Demons'),
(3094, '+4 Expertise Rating'),
(3095, '+8 Resist All'),
(3096, '+17 Strength and +16 Intellect'),
(3097, '+2 Spirit'),
(3098, '+4 Healing +2 Spell Damage'),
(3099, '+6 Spell Damage and +6 Stamina'),
(3100, '+11 Healing +4 Spell Damage and +6 Stamina'),
(3101, '+10 Attack Power and +6 Stamina'),
(3102, 'Poison'),
(3103, '+8 Strength'),
(3104, '+6 Spell Hit Rating'),
(3105, '+8 Spell Hit Rating'),
(3106, '+6 Attack Power and +4 Stamina'),
(3107, '+8 Attack Power and +6 Stamina'),
(3108, '+6 Attack Power & +1 Mana per 5 Seconds'),
(3109, '+8 Attack Power and +2 Mana every 5 seconds'),
(3110, '+3 Spell Hit Rating and +4 Spell Damage '),
(3111, '+4 Spell Hit Rating and +5 Spell Damage'),
(3112, '+4 Critical Strike Rating and +8 Attack Power'),
(3113, '+3 Critical Strike Rating and +6 Attack Power'),
(3114, '+4 Attack Power'),
(3115, '+10 Strength'),
(3116, '+10 Agility'),
(3117, '+22 Healing and +8 Spell Damage'),
(3118, '+12 Spell Damage'),
(3119, '+20 Attack Power'),
(3120, '+10 Dodge Rating'),
(3121, '+10 Parry Rating'),
(3122, '+15 Stamina'),
(3123, '+10 Spirit'),
(3124, '+4 Mana every 5 seconds'),
(3125, '+13 Spell Penetration'),
(3126, '+10 Intellect'),
(3127, '+10 Critical Strike Rating'),
(3128, '+10 Hit Rating'),
(3129, '+10 Spell Critical Rating'),
(3130, '+10 Defense Rating'),
(3131, '+10 Resilience Rating'),
(3132, '+10 Spell Hit Rating'),
(3133, '+5 Strength and +7 Stamina'),
(3134, '+5 Agility and +7 Stamina'),
(3135, '+10 Attack Power and +7 Stamina'),
(3136, '+10 Attack Power & +2 Mana per 5 Seconds'),
(3137, '+6 Spell Damage and +7 Stamina'),
(3138, '+11 Healing +4 Spell Damage and +2 Mana every 5 seconds'),
(3139, '+5 Critical Strike Rating and +5 Strength'),
(3140, '+5 Spell Critical Rating and +6 Spell Damage'),
(3141, '+11 Healing +4 Spell Damage and +5 Intellect'),
(3142, '+5 Hit Rating and +5 Agility'),
(3143, '+5 Spell Hit Rating and +6 Spell Damage'),
(3144, '+5 Critical Strike Rating and +10 Attack Power'),
(3145, '+5 Defense Rating and +7 Stamina'),
(3146, '+5 Spell Critical Rating and +6 Spell Penetration'),
(3147, '+5 Intellect and +2 Mana every 5 seconds'),
(3148, '+5 Critical Strike Rating and +7 Stamina'),
(3149, '+2 Agility'),
(3150, '+6 mana every 5 sec.'),
(3151, '+4 Healing +2 Spell Damage'),
(3152, '+2 Spell Critical Strike Rating'),
(3153, '+2 Spell Damage and Healing'),
(3154, '+12 Agility & 3% Increased Critical Damage'),
(3155, 'Chance to Increase Melee/Ranged Attack Speed '),
(3156, '+8 Attack Power and +6 Stamina'),
(3157, '+4 Intellect and +6 Stamina'),
(3158, '+9 Healing +3 Spell Damage and +4 Spirit'),
(3159, '+8 Attack Power and +4 Critical Rating'),
(3160, '+5 Spell Damage and +4 Intellect'),
(3161, '+4 Stamina and +4 Spell Critical Strike Rating'),
(3162, '+24 Attack Power and 5% Stun Resistance'),
(3163, '+14 Spell Damage & 5% Stun Resistance'),
(3164, '+3 Stamina'),
(3197, '+20 Attack Power'),
(3198, '+5 Spell Damage and Healing'),
(3199, '+170 Armor'),
(3200, '+4 Spirit and +9 Healing'),
(3201, '+7 Healing +3 Spell Damage and +3 Spirit'),
(3202, '+9 Healing +3 Spell Damage and +4 Spirit'),
(3204, '+3 Spell Critical Strike Rating'),
(3205, '+3 Critical Strike Rating'),
(3206, '+8 Agility'),
(3207, '+12 Strength'),
(3208, '+24 Attack Power'),
(3209, '+12 Agility'),
(3210, '+14 Spell Damage'),
(3211, '+26 Healing and +9 Spell Damage'),
(3212, '+18 Stamina'),
(3213, '+5 Mana every 5 seconds'),
(3214, '+12 Spirit'),
(3215, '+12 Resilience Rating'),
(3216, '+12 Intellect'),
(3217, '+12 Spell Critical Rating'),
(3218, '+12 Spell Hit Rating'),
(3219, '+12 Hit Rating'),
(3220, '+12 Critical Strike Rating'),
(3221, '+12 Defense Rating'),
(3222, '+20 Agility'),
(3223, 'Adamantite Weapon Chain'),
(3224, '+6 Agility'),
(3225, 'Executioner'),
(3226, '+4 Resilience Rating and +6 Stamina'),
(3229, '+12 Resilience Rating'),
(3260, '+240 Armor'),
(3261, '+12 Spell Critical & 3% Increased Critical Damage'),
(3262, '+15 Stamina'),
(3263, '+4 Critical Strike Rating'),
(3264, '+150 Armor, -10% Speed'),
(3265, 'Blessed Weapon Coating'),
(3266, 'Righteous Weapon Coating'),
(3267, '+4 Haste Rating'),
(3268, '+15 Stamina'),
(3269, 'Truesilver Line'),
(3270, '+8 Spell Haste Rating'),
(3271, '+4 Spell Haste Rating and +5 Spell Damage'),
(3272, '+4 Spell Haste Rating and +6 Stamina'),
(3273, 'Deathfrost'),
(3274, '+12 Defense Rating & +10% Shield Block Value'),
(3275, '+14 Spell Damage & +2% Intellect'),
(3280, '+4 Dodge Rating and +6 Stamina'),
(3281, '+20 Attack Power'),
(3282, '+12 Spell Damage'),
(3283, '+22 Healing and +8 Spell Damage'),
(3284, '+5 Resilience Rating and +7 Stamina'),
(3285, '+5 Spell Haste Rating and +7 Stamina'),
(3286, '+5 Spell Haste Rating and +6 Spell Damage'),
(3287, '+10 Spell Haste Rating'),
(3289, '+10% Mount Speed'),
(3315, '+3% Mount Speed'),
(3318, '+11 Healing +4 Spell Damage and +5 Spirit'),
(3335, '+20 Attack Power'),
(3336, '+10 Spell Critical Strike Rating'),
(3337, '+10 Attack Power, +5 Critical Strike Rating'),
(3338, '+6 Spell Damage, +5 Spell Crit Rating'),
(3339, '+12 Spell Damage'),
(3340, '+10 Critical Strike Rating');

CREATE TABLE `aowow_factions` (
  `factionID` integer unsigned NOT NULL,
  `reputationListID` integer NOT NULL,
  `team` integer unsigned NOT NULL,
  `side` tinyint(1) NOT NULL,
  `name` varchar(40) NOT NULL,
  `description1` text COMMENT 'Description from client',
  `description2` text COMMENT 'Description from wowwiki.com',
  PRIMARY KEY  (`factionID`)
) ENGINE=MyISAM DEFAULT CHARSET=utf8 ROW_FORMAT=FIXED;

INSERT INTO `aowow_factions` VALUES
(1, -1, 0, 1, 'PLAYER, Human', '', ''),
(2, -1, 0, 2, 'PLAYER, Orc', '', ''),
(3, -1, 0, 1, 'PLAYER, Dwarf', '', ''),
(4, -1, 0, 1, 'PLAYER, Night Elf', '', ''),
(5, -1, 0, 2, 'PLAYER, Undead', '', ''),
(6, -1, 0, 2, 'PLAYER, Tauren ', '', ''),
(7, -1, 0, 0, 'Creature', '', ''),
(8, -1, 0, 1, 'PLAYER, Gnome', '', ''),
(9, -1, 0, 2, 'PLAYER, Troll', '', ''),
(14, -1, 0, 0, 'Monster', '', ''),
(15, -1, 0, 0, 'Defias Brotherhood', '', ''),
(16, -1, 0, 0, 'Gnoll - Riverpaw', '', ''),
(17, -1, 0, 0, 'Gnoll - Redridge', '', ''),
(18, -1, 0, 0, 'Gnoll - Shadowhide', '', ''),
(19, -1, 0, 0, 'Murloc', '', ''),
(20, -1, 0, 0, 'Undead, Scourge', '', ''),
(21, 1, 169, 0, 'Booty Bay', 'This booming coastal city is run by Baron Revilgaz of the Blackwater Raiders.  Mortal enemies of the Bloodsail Buccaneers and part of the Steamwheedle Cartel.', ''),
(22, -1, 0, 0, 'Beast - Spider', '', ''),
(23, -1, 0, 0, 'Beast - Boar', '', ''),
(24, -1, 0, 0, 'Worgen', '', ''),
(25, -1, 0, 0, 'Kobold', '', ''),
(26, -1, 0, 0, 'Troll, Bloodscalp', '', ''),
(27, -1, 0, 0, 'Troll, Skullsplitter', '', ''),
(28, -1, 0, 0, 'Prey', '', ''),
(29, -1, 0, 0, 'Beast - Wolf', '', ''),
(30, -1, 0, 0, 'Defias Brotherhood Traitor', '', ''),
(31, -1, 0, 0, 'Friendly', '', ''),
(32, -1, 0, 0, 'Trogg', '', ''),
(33, -1, 0, 0, 'Troll, Frostmane', '', ''),
(34, -1, 0, 0, 'Orc, Blackrock', '', ''),
(35, -1, 0, 0, 'Villian', '', ''),
(36, -1, 0, 0, 'Victim', '', ''),
(37, -1, 0, 0, 'Beast - Bear', '', ''),
(38, -1, 0, 0, 'Ogre', '', ''),
(39, -1, 0, 0, 'Kurzen''s Mercenaries', '', ''),
(40, -1, 0, 0, 'Escortee', '', ''),
(41, -1, 0, 0, 'Venture Company', '', ''),
(42, -1, 0, 0, 'Beast - Raptor', '', ''),
(43, -1, 0, 0, 'Basilisk', '', ''),
(44, -1, 0, 0, 'Dragonflight, Green', '', ''),
(45, -1, 0, 0, 'Lost Ones', '', ''),
(46, 29, 0, 0, ' Blacksmithing - Armorsmithing', '', ''),
(47, 20, 469, 1, 'Ironforge', 'This Alliance capital is the pride of the Dun Morogh dwarves.  Home to King Magni.', ''),
(48, -1, 0, 0, 'Dark Iron Dwarves', '', ''),
(49, -1, 0, 1, 'Human, Night Watch', '', ''),
(50, -1, 0, 0, 'Dragonflight, Red', '', ''),
(51, -1, 0, 0, 'Gnoll - Mosshide', '', ''),
(52, -1, 0, 0, 'Orc, Dragonmaw', '', ''),
(53, -1, 0, 0, 'Gnome - Leper', '', ''),
(54, 18, 469, 1, 'Gnomeregan Exiles', 'The former denizens of Gnomeregan, now living in exile in Ironforge and in league with the Alliance.', ''),
(55, -1, 0, 0, 'Leopard', '', ''),
(56, -1, 0, 0, 'Scarlet Crusade', '', ''),
(57, -1, 0, 0, 'Gnoll - Rothide', '', ''),
(58, -1, 0, 0, 'Beast - Gorilla', '', ''),
(59, 4, 0, 0, 'Thorium Brotherhood', 'The dwarves of the Thorium Brotherhood epitomize excellence in craftsmanship and are bent on unlocking the secrets of Blackrock Mountain.', ''),
(60, -1, 0, 0, 'Naga', '', ''),
(61, -1, 0, 1, 'Dalaran', '', ''),
(62, -1, 0, 0, 'Forlorn Spirit', '', ''),
(63, -1, 0, 0, 'Darkhowl', '', ''),
(64, -1, 0, 0, 'Grell', '', ''),
(65, -1, 0, 0, 'Furbolg', '', ''),
(66, -1, 0, 2, 'Horde Generic', '', ''),
(67, 12, 0, 2, 'Horde', '', ''),
(68, 17, 67, 2, 'Undercity', 'Led by Sylvanas Windrunner, the Forsaken have joined a tenuous alliance with the Horde and established this capital in the vast depths under the Ruins of Lordaeron.', ''),
(69, 21, 469, 1, 'Darnassus', 'The Alliance capital is populated by Night Elves and is located in the Island of Teldrassil.  Ruled by the Priestess of the Moon, Tyrande Whisperwind.', ''),
(70, 6, 0, 0, 'Syndicate', 'A primarily human criminal organization that operates mostly out of the Alterac Mountains and Hillsbrad Foothills.', ''),
(71, -1, 0, 1, 'Hillsbrad Militia', '', ''),
(72, 19, 469, 1, 'Stormwind', 'One of the last bastions of human power, this Alliance capital is ruled by the child king, Anduin Wrynn.', ''),
(73, -1, 0, 0, 'Demon', '', ''),
(74, -1, 0, 0, 'Elemental', '', ''),
(75, -1, 0, 0, 'Spirit', '', ''),
(76, 14, 67, 2, 'Orgrimmar', 'Founded by Thrall, this Horde capital city is home to many of the proud orc clans of Durotar.', ''),
(77, -1, 0, 0, 'Treasure', '', ''),
(78, -1, 0, 0, 'Gnoll - Mudsnout', '', ''),
(79, -1, 0, 0, 'HIllsbrad, Southshore Mayor', '', ''),
(80, -1, 0, 0, 'Dragonflight, Black', '', ''),
(81, 16, 67, 2, 'Thunder Bluff', 'Cairne Bloodhoof leads his people, the proud Tauren, from this mighty Horde capital.', ''),
(82, -1, 0, 0, 'Troll, Witherbark', '', ''),
(83, 23, 0, 0, ' Leatherworking - Elemental', '', ''),
(84, -1, 0, 0, 'Quilboar, Razormane', '', ''),
(85, -1, 0, 0, 'Quilboar, Bristleback', '', ''),
(86, 22, 0, 0, ' Leatherworking - Dragonscale', '', ''),
(87, 0, 0, 0, 'Bloodsail Buccaneers', 'These bloodthirsty corsairs are the bane of many a merchant in the high seas.  Sworn enemies of Booty Bay.', ''),
(88, -1, 0, 0, 'Blackfathom', '', ''),
(89, -1, 0, 0, 'Makrura', '', ''),
(90, -1, 0, 0, 'Centaur, Kolkar', '', ''),
(91, -1, 0, 0, 'Centaur, Galak', '', ''),
(92, 2, 0, 0, 'Gelkis Clan Centaur', 'These centaur have made their home in the southern region of Desolace.  Mortal enemies of the Magram Centaur.', ''),
(93, 3, 0, 0, 'Magram Clan Centaur', 'These centaur have made their home in the eastern region of Desolace.  Mortal enemies of the Gelkis Centaur.', ''),
(94, -1, 0, 0, 'Maraudine', '', ''),
(108, -1, 0, 0, 'Theramore', '', ''),
(109, -1, 0, 0, 'Quilboar, Razorfen', '', ''),
(110, -1, 0, 0, 'Quilboar, Razormane 2', '', ''),
(111, -1, 0, 0, 'Quilboar, Deathshead', '', ''),
(128, -1, 0, 0, 'Enemy', '', ''),
(148, -1, 0, 0, 'Ambient', '', ''),
(168, -1, 0, 0, 'Nethergarde Caravan', '', ''),
(169, 10, 0, 0, 'Steamwheedle Cartel', '', ''),
(189, -1, 0, 1, 'Alliance Generic', '', ''),
(209, -1, 0, 0, 'Nethergarde', '', ''),
(229, -1, 0, 0, 'Wailing Caverns', '', ''),
(249, -1, 0, 0, 'Silithid', '', ''),
(269, -1, 0, 1, 'Silvermoon Remnant', '', ''),
(270, 51, 0, 0, 'Zandalar Tribe', 'These trolls have come to Yojamba Isle in an effort to recruit help against the resurrected Blood God and his Atal''ai Priests in Zul''Gurub.', ''),
(289, 30, 0, 0, ' Blacksmithing - Weaponsmithing', '', ''),
(309, -1, 0, 0, 'Scorpid', '', ''),
(310, -1, 0, 0, 'Beast - Bat', '', ''),
(311, -1, 0, 0, 'Titan', '', ''),
(329, -1, 0, 0, 'Taskmaster Fizzule', '', ''),
(349, 5, 0, 0, 'Ravenholdt', 'This guild of thieves and assassins welcomes only those of extraordinary prowess into its fold.  Sworn rivals of the Syndicate.', ''),
(369, 7, 169, 0, 'Gadgetzan', 'Capital of the Steamwheedle Cartel and home to goblinhood''s finest engineers, alchemists and merchants.', ''),
(389, -1, 0, 0, 'Gnomeregan Bug', '', ''),
(409, -1, 0, 0, 'Harpy', '', ''),
(429, -1, 0, 0, 'Burning Blade', '', ''),
(449, -1, 0, 0, 'Shadowsilk Poacher', '', ''),
(450, -1, 0, 0, 'Searing Spider', '', ''),
(469, 11, 0, 1, 'Alliance', '', ''),
(470, 9, 169, 0, 'Ratchet', 'Part of the Steamwheedle Cartel, this goblin city provides a neutral haven for those that wish to trade goods and services in the Barrens.', ''),
(471, 8, 0, 0, 'Wildhammer Clan', 'Though not a part of the Alliance, the dwarves of Aerie Peak have opened their doors to it and hold the Horde as enemies.', ''),
(489, -1, 0, 0, 'Goblin, Dark Iron Bar Patron', '', ''),
(509, 53, 891, 1, 'The League of Arathor', 'The League of Arathor seeks to reclaim lost land of Arathi Basin for their benefactors in Stormwind.', ''),
(510, 52, 892, 2, 'The Defilers', 'The Defilers seek to claim Arathi Basin''s valuable resources for the Horde.', ''),
(511, -1, 0, 0, 'Giant', '', ''),
(529, 13, 0, 0, 'Argent Dawn', 'An organization focused on protecting Azeroth from the threat of the Scourge.  Strongholds of the Argent Dawn can be found in the Eastern and Western Plaguelands.', ''),
(530, 15, 67, 2, 'Darkspear Trolls', 'This tribe of exiled trolls has joined forces with Thrall and the Horde.  They now call Durotar their home, which they share with their orc allies.', ''),
(531, -1, 0, 0, 'Dragonflight, Bronze', '', ''),
(532, -1, 0, 0, 'Dragonflight, Blue', '', ''),
(549, 24, 0, 0, ' Leatherworking - Tribal', '', ''),
(550, 26, 0, 0, ' Engineering - Goblin', '', ''),
(551, 25, 0, 0, ' Engineering - Gnome', '', ''),
(569, 33, 0, 0, ' Blacksmithing - Hammersmithing', '', ''),
(570, 31, 0, 0, ' Blacksmithing - Axesmithing', '', ''),
(571, 32, 0, 0, ' Blacksmithing - Swordsmithing', '', ''),
(572, -1, 0, 0, 'Troll, Vilebranch', '', ''),
(573, -1, 0, 0, 'Southsea Freebooters', '', ''),
(574, 34, 0, 0, 'Caer Darrow', '', ''),
(575, -1, 0, 0, 'Furbolg, Uncorrupted', '', ''),
(576, 35, 0, 0, 'Timbermaw Hold', 'As the last uncorrupted furbolg tribe, the Timbermaw seek to preserve their spiritual ways and end the suffering of their brethren.', ''),
(577, 28, 169, 0, 'Everlook', 'This trading post is run by the goblins of the Steamwheedle Cartel and it sits in the crossroads of Winterspring''s main trade routes.', ''),
(589, 27, 0, 1, 'Wintersaber Trainers', 'This small group of reclusive night elves raises and trains wintersabers in the Winterspring area.', ''),
(609, 36, 0, 0, 'Cenarion Circle', 'The druids of Cenarion Circle are guardians of nature and make their home in tranquil Moonglade.', ''),
(629, -1, 0, 0, 'Shatterspear Trolls', '', ''),
(630, -1, 0, 0, 'Ravasaur Trainers', '', ''),
(649, -1, 0, 0, 'Majordomo Executus', '', ''),
(669, -1, 0, 0, 'Beast - Carrion Bird', '', ''),
(670, -1, 0, 0, 'Beast - Cat', '', ''),
(671, -1, 0, 0, 'Beast - Crab', '', ''),
(672, -1, 0, 0, 'Beast - Crocilisk', '', ''),
(673, -1, 0, 0, 'Beast - Hyena', '', ''),
(674, -1, 0, 0, 'Beast - Owl', '', ''),
(675, -1, 0, 0, 'Beast - Scorpid', '', ''),
(676, -1, 0, 0, 'Beast - Tallstrider', '', ''),
(677, -1, 0, 0, 'Beast - Turtle', '', ''),
(678, -1, 0, 0, 'Beast - Wind Serpent', '', ''),
(679, -1, 0, 0, 'Training Dummy', '', ''),
(689, -1, 0, 0, 'Dragonflight, Black - Bait', '', ''),
(709, -1, 0, 0, 'Battleground Neutral', '', ''),
(729, 41, 892, 2, 'Frostwolf Clan', 'The Frostwolf Clan seeks to drive out the dwarves of the Stormpike Expedition from Alterac Valley.', ''),
(730, 40, 891, 1, 'Stormpike Guard', 'The Stormpike Dwarves have set up residence in Alterac Valley, where they''re locked in battle with the Frostwolf Orcs.', ''),
(749, 42, 0, 0, 'Hydraxian Waterlords', 'These elementals have made their home on the islands east of Azshara.  Sworn enemies of the armies of Ragnaros.', ''),
(750, -1, 0, 0, 'Sulfuron Firelords', '', ''),
(769, -1, 0, 0, 'Gizlock''s Dummy', '', ''),
(770, -1, 0, 0, 'Gizlock''s Charm', '', ''),
(771, -1, 0, 0, 'Gizlock', '', ''),
(789, -1, 0, 0, 'Moro''gai', '', ''),
(790, -1, 0, 0, 'Spirit Guide - Alliance', '', ''),
(809, 44, 0, 0, 'Shen''dralar', 'A remnant of the once powerful elves living in Dire Maul, yet still wise and knowledgeable about great secrets. ', ''),
(829, -1, 0, 0, 'Ogre (Captain Kromcrush)', '', ''),
(849, -1, 0, 0, 'Spirit Guide - Horde', '', ''),
(869, -1, 0, 0, 'Jaedenar', '', ''),
(889, 46, 892, 2, 'Warsong Outriders', 'Fierce orcs of the Warsong Clan, locked in battle against the Silverwing Sentinels in Warsong Gulch.', ''),
(890, 45, 891, 1, 'Silverwing Sentinels', 'Staunch defenders of Ashenvale, locked in battle against the Warsong Outriders in Warsong Gulch.', ''),
(891, 47, 0, 0, 'Alliance Forces', '', ''),
(892, 48, 0, 0, 'Horde Forces', '', ''),
(893, -1, 0, 0, 'Revantusk Trolls', '', ''),
(909, 50, 0, 0, 'Darkmoon Faire', 'A traveling fair that showcases the weird and the extraordinary.  Often spotted in Elwynn Forest and Mulgore.', ''),
(910, 54, 0, 0, 'Brood of Nozdormu', 'The descendants of the Bronze Dragonflight are the guardians of time and care little for the mortal races.', ''),
(911, 55, 67, 2, 'Silvermoon City', 'The capital of Quel''Thalas, home of the blood elves.  Though nearly destroyed by Arthas'' attack on the Sunwell, Silvermoon is once again a thriving city.', ''),
(912, -1, 0, 0, 'Might of Kalimdor', '', ''),
(914, -1, 0, 2, 'PLAYER, Blood Elf', '', ''),
(915, -1, 0, 0, 'Armies of C''Thun', '', ''),
(916, -1, 0, 0, 'Silithid Attackers', '', ''),
(917, -1, 0, 0, 'The Ironforge Brigade', '', ''),
(918, -1, 0, 0, 'RC Enemies', '', ''),
(919, -1, 0, 0, 'RC Objects', '', ''),
(920, -1, 0, 0, 'Red', '', ''),
(921, -1, 0, 0, 'Blue', '', ''),
(922, 56, 0, 2, 'Tranquillien', 'Once a high elf town, Tranquillien became abandoned after the Scourge invaded Quel''Thalas.  It has now been reclaimed by the Forsaken and the blood elves who seek to rid the Ghostlands of the Scourge.', ''),
(923, -1, 0, 2, 'Farstriders', '', ''),
(924, -1, 0, 0, 'DEPRECATED', '', ''),
(925, -1, 0, 0, 'Sunstriders', '', ''),
(926, -1, 0, 0, 'Magister''s Guild', '', ''),
(927, -1, 0, 1, 'PLAYER, Draenei', '', ''),
(928, -1, 0, 0, 'Scourge Invaders', '', ''),
(929, -1, 469, 0, 'Bloodmaul Clan', '', ''),
(930, 49, 469, 1, 'Exodar', 'The naaru vessel that brought the draenei to Azeroth.  Though stranded in the Azuremyst Isles, it acts as a home city for this noble race.', ''),
(931, -1, 0, 0, 'Test Faction (not a real faction)', 'This faction only exists to test the editing of faction names and descriptions...', ''),
(932, 58, 936, 0, 'The Aldor', 'An ancient order of draenei priests once run by Velen, the Aldor are currently led by High Priestess Ishanah.  They are servants of the naaru in Shattrath City known as the Sha''tar.  Rivals of the Scryers.', ''),
(933, 60, 980, 0, 'The Consortium', 'Led by Nexus-Prince Haramad, the Consortium is a loosely affiliated cartel of ethereal smugglers, traders and thieves that has come to Outland to benefit from its riches.', ''),
(934, 62, 936, 0, 'The Scryers', 'Voren''thal the Seer leads the dissident blood elves who''ve rejected Kael''thas'' path to power.  They''ve joined forces with the naaru of Shattrath City, much to the dismay of the Aldor.', ''),
(935, 39, 936, 0, 'The Sha''tar', 'The Sha''tar are a group of powerful naaru who rule over a rebuilt Shattrath City.  With the help of the Aldor and the Scryers, they lead the battle against Illidan and the Burning Legion.', ''),
(936, 59, 0, 0, 'Shattrath City', '', ''),
(937, -1, 0, 0, 'Troll, Forest', '', ''),
(938, -1, 0, 0, 'The Omenai', '', ''),
(939, -1, 0, 0, 'DEPRECATED', '', ''),
(940, -1, 0, 1, 'The Sons of Lothar', '', ''),
(941, 61, 980, 2, 'The Mag''har', 'This reclusive group of brown-skinned orcs has escaped any form of demonic corruption.  They have retained their traditional way of life in the face of great changes in Outland.', ''),
(942, 64, 980, 0, 'Cenarion Expedition', 'An exploratory force sent to Outland by the Cenarion Circle to study surviving life forms.  The Cenarion Expedition has quickly gained in size and autonomy since the opening of the Dark Portal.', ''),
(943, -1, 0, 0, 'Fel Orc', '', ''),
(944, -1, 0, 0, 'Fel Orc Ghost', '', ''),
(945, -1, 0, 0, 'Sons of Lothar Ghosts', '', ''),
(946, 38, 980, 1, 'Honor Hold', 'Vestiges of the Sons of Lothar, veterans of the Alliance that first came into Draenor, have steadfastly held on to this Hellfire outpost.  They are now joined by the armies from Stormwind and Ironforge.', ''),
(947, 37, 980, 2, 'Thrallmar', 'The expedition sent through the Dark Portal by Thrall has built a stronghold in Hellfire Peninsula.  Thrallmar serves as a base of operations for much of the Horde''s activities in Outland.', ''),
(948, -1, 0, 0, 'Test Faction 2', '', ''),
(949, -1, 0, 0, 'Test Faction 1', '', ''),
(950, -1, 0, 0, 'ToWoW - Flag', '', ''),
(951, -1, 0, 0, 'ToWoW - Flag Trigger Alliance (DND)', '', ''),
(952, -1, 0, 0, 'Test Faction 3', '', ''),
(953, -1, 0, 0, 'Test Faction 4', '', ''),
(954, -1, 0, 0, 'ToWoW - Flag Trigger Horde (DND)', '', ''),
(955, -1, 0, 0, 'Broken', '', ''),
(956, -1, 0, 0, 'Ethereum', '', ''),
(957, -1, 0, 0, 'Earth Elemental', '', ''),
(958, -1, 0, 0, 'Fighting Robots', '', ''),
(959, -1, 0, 0, 'Actor Good', '', ''),
(960, -1, 0, 0, 'Actor Evil', '', ''),
(961, -1, 0, 0, 'Stillpine Furbolg', '', ''),
(962, -1, 0, 0, 'Crazed Owlkin', '', ''),
(963, -1, 0, 0, 'Chess Alliance', '', ''),
(964, -1, 0, 0, 'Chess Horde', '', ''),
(965, -1, 0, 0, 'Monster Spar', '', ''),
(966, -1, 0, 0, 'Monster Spar Buddy', '', ''),
(967, 63, 0, 0, 'The Violet Eye', 'A secret sect of the Kirin Tor founded to spy on Medivh and his activities.', ''),
(968, -1, 0, 0, 'Sunhawks', '', ''),
(969, -1, 0, 0, 'Hand of Argus', '', ''),
(970, 65, 980, 0, 'Sporeggar', 'The sporelings are a mostly peaceful race of mushroom-men native to Outland. Their home is located in the southern bogs of Zangarmarsh. ', ''),
(971, -1, 0, 0, 'Fungal Giant', '', ''),
(972, -1, 0, 0, 'Spore Bat', '', ''),
(973, -1, 0, 0, 'Monster, Predator', '', ''),
(974, -1, 0, 0, 'Monster, Prey', '', ''),
(975, -1, 0, 0, 'Void Anomaly', '', ''),
(976, -1, 0, 0, 'Hyjal Defenders', '', ''),
(977, -1, 0, 0, 'Hyjal Invaders', '', ''),
(978, 66, 980, 1, 'Kurenai', 'Draenei for "redeemed."  These Broken have escaped the grasp of their various slavers in Outland and have made their home in Nagrand.  It is there that they seek to rediscover their destiny.', ''),
(979, -1, 0, 0, 'Earthen Ring', '', ''),
(980, 43, 0, 0, 'Outland', '', ''),
(981, -1, 0, 0, 'Arakkoa', '', ''),
(982, -1, 0, 0, 'Zangarmarsh Banner (Alliance)', '', ''),
(983, -1, 0, 0, 'Zangarmarsh Banner (Horde)', '', ''),
(984, -1, 0, 0, 'Zangarmarsh Banner (Neutral)', '', ''),
(985, -1, 0, 0, 'Caverns of Time - Thrall', '', ''),
(986, -1, 0, 0, 'Caverns of Time - Durnholde', '', ''),
(987, -1, 0, 0, 'Caverns of Time - Southshore Guards', '', ''),
(988, -1, 0, 0, 'Shadow Council Covert', '', ''),
(989, 67, 0, 0, 'Keepers of Time', 'The Keepers of Time are bronze dragons hand-picked by Nozdormu to watch over the Caverns of Time.', ''),
(990, 57, 0, 0, 'The Scale of the Sands', 'A secretive subgroup of the Bronze Dragonflight, led by Soridormi, prime mate of Nozdormu.', ''),
(991, -1, 0, 0, 'Dark Portal Defender, Alliance', '', ''),
(992, -1, 0, 0, 'Dark Portal Defender, Horde', '', ''),
(993, -1, 0, 0, 'Dark Portal Attacker, Legion', '', ''),
(994, -1, 0, 0, 'Inciter Trigger', 'Used for the Blackheart the Inciter event.', ''),
(995, -1, 0, 0, 'Inciter Trigger 2', 'Used for the Blackheart the Inciter event.', ''),
(996, -1, 0, 0, 'Inciter Trigger 3', 'Used for the Blackheart the Inciter event.', ''),
(997, -1, 0, 0, 'Inciter Trigger 4', 'Used for the Blackheart the Inciter event.', ''),
(998, -1, 0, 0, 'Inciter Trigger 5', 'Used for the Blackheart the Inciter event.', ''),
(999, -1, 0, 0, 'Mana Creature', '', ''),
(1000, -1, 0, 0, 'Khadgar''s Servant', '', ''),
(1001, -1, 0, 0, 'Bladespire Clan', '', ''),
(1002, -1, 0, 0, 'Ethereum Sparbuddy', '', ''),
(1003, -1, 0, 0, 'Protectorate', '', ''),
(1004, -1, 0, 0, 'Arcane Annihilator (DNR)', '', ''),
(1005, 68, 0, 0, 'Friendly, Hidden', '', ''),
(1006, -1, 0, 0, 'Kirin''Var - Dathric', '', ''),
(1007, -1, 0, 0, 'Kirin''Var - Belmara', '', ''),
(1008, -1, 0, 0, 'Kirin''Var - Luminrath', '', ''),
(1009, -1, 0, 0, 'Kirin''Var - Cohlien', '', ''),
(1010, -1, 0, 0, 'Servant of Illidan', '', ''),
(1011, 69, 936, 0, 'Lower City', 'The refugees of Shattrath come from diverse backgrounds and races.  Word of helpful deeds spreads quickly among the Denizens of Lower City.', ''),
(1012, 70, 980, 0, 'Ashtongue Deathsworn', 'The elite of the Broken tribe known as the Ashtongue, officially aligned with Illidan. The Deathsworn are Akama''s most trusted lieutenants and are privy to their leader''s mysterious motivations.', ''),
(1013, -1, 0, 0, 'Spirits of Shadowmoon 1', '', ''),
(1014, -1, 0, 0, 'Spirits of Shadowmoon 2', '', ''),
(1015, 71, 980, 0, 'Netherwing', 'This unusual brood of dragons was spawned from the eggs of Deathwing''s black dragonflight, and infused with raw nether-energies.  Now, they seek to find their identity beyond the shadows of their father''s destructive heritage.', ''),
(1016, -1, 0, 0, 'Wyrmcult', '', ''),
(1017, -1, 0, 0, 'Treant', '', ''),
(1018, -1, 0, 0, 'Leotheras Demon I', '', ''),
(1019, -1, 0, 0, 'Leotheras Demon II', '', ''),
(1020, -1, 0, 0, 'Leotheras Demon III', '', ''),
(1021, -1, 0, 0, 'Leotheras Demon IV', '', ''),
(1022, -1, 0, 0, 'Leotheras Demon V', '', ''),
(1023, -1, 0, 0, 'Azaloth', '', ''),
(1024, -1, 0, 0, 'Rock Flayer', '', ''),
(1025, -1, 0, 0, 'Flayer Hunter', '', ''),
(1026, -1, 0, 0, 'Shadowmoon Shade', '', ''),
(1027, -1, 0, 0, 'Legion Communicator', '', ''),
(1028, -1, 0, 0, 'Ravenswood Ancients', '', ''),
(1029, -1, 0, 0, 'Chess, Friendly to All Chess', '', ''),
(1030, -1, 0, 0, 'Black Temple Gates - Illidari', '', ''),
(1031, 72, 936, 0, 'Sha''tari Skyguard', 'An airborne military force created by Shattrath City to deal with the threats that loom in the highest reaches of Outland.', ''),
(1032, -1, 0, 0, 'Area 52', '', ''),
(1033, -1, 0, 0, 'Maiev', '', ''),
(1034, -1, 0, 0, 'Skettis Shadowy Arakkoa', '', ''),
(1035, -1, 0, 0, 'Skettis Arakkoa', '', ''),
(1036, -1, 0, 0, 'Dragonmaw Enemy', '', ''),
(1037, -1, 0, 0, 'REUSE', '', ''),
(1038, 73, 980, 0, 'Ogri''la', 'The enlightened denizens of Ogri''la have made their dwelling in the western Blade''s Edge Mountains, where proximity to apexis crystals has caused them to transcend their brutish ogre nature.', ''),
(1039, -1, 0, 0, 'Ravager', '', ''),
(1040, -1, 0, 0, 'REUSE', '', ''),
(1041, -1, 0, 0, 'Frenzy', '', ''),
(1042, -1, 0, 0, 'Skyguard Enemy', '', ''),
(1043, -1, 0, 0, 'Skunk, Petunia', '', ''),
(1044, -1, 0, 0, 'Theramore Deserter', '', ''),
(1049, -1, 0, 0, 'Troll, Amani', '', ''),
(1059, -1, 0, 0, 'CTF - Flags', '', ''),
(1069, -1, 0, 0, 'Ram Racing Powerup DND', '', ''),
(1070, -1, 0, 0, 'Ram Racing Trap DND', '', ''),
(1071, -1, 0, 0, 'Craig''s Squirrels', 'A test faction.', ''),
(1074, -1, 0, 0, 'Holiday - Water Barrel', '', ''),
(1075, -1, 0, 0, 'Holiday - Generic', '', ''),
(1077, 80, 936, 0, 'Shattered Sun Offensive', 'Shattrath City''s final push against Prince Kael''thas'' operations in the Sunwell.', ''),
(1078, -1, 0, 0, 'Fighting Vanity Pet', '', ''),
(1080, -1, 0, 0, 'Monster, Force Reaction', '', ''),
(1081, -1, 0, 0, 'Object, Force Reaction', '', ''),
(1087, -1, 0, 0, 'Holiday Monster', '', '');
CREATE TABLE `aowow_factiontemplate` (
  `factiontemplateID` smallint(4) unsigned NOT NULL,
  `factionID` smallint(4) NOT NULL,
  `A` smallint(1) NOT NULL COMMENT 'Aliance: -1 - hostile, 1 - friendly, 0 - neutral',
  `H` smallint(1) NOT NULL COMMENT 'Horde: -1 - hostile, 1 - friendly, 0 - neutral',
  PRIMARY KEY  (`factiontemplateID`)
) ENGINE=MyISAM DEFAULT CHARSET=utf8 ROW_FORMAT=FIXED;

INSERT INTO `aowow_factiontemplate` VALUES
(1, 1, 1, -1),
(2, 2, -1, 1),
(3, 3, 1, -1),
(4, 4, 1, -1),
(5, 5, -1, 1),
(6, 6, -1, 1),
(7, 7, 0, 0),
(10, 40, 1, 0),
(11, 72, 1, -1),
(12, 72, 1, -1),
(14, 14, -1, -1),
(15, 7, 0, 0),
(16, 14, -1, -1),
(17, 15, -1, -1),
(18, 19, -1, -1),
(19, 17, -1, -1),
(20, 16, -1, -1),
(21, 20, -1, -1),
(22, 22, -1, -1),
(23, 54, 1, -1),
(24, 24, -1, -1),
(25, 25, 0, 0),
(26, 25, -1, -1),
(27, 15, -1, -1),
(28, 26, -1, -1),
(29, 76, -1, 1),
(30, 27, -1, -1),
(31, 28, 0, 0),
(32, 29, 0, 0),
(33, 40, 0, 1),
(34, 15, 0, 0),
(35, 31, 1, 1),
(36, 32, 0, 0),
(37, 33, -1, -1),
(38, 29, -1, -1),
(39, 18, -1, -1),
(40, 34, -1, -1),
(41, 35, -1, -1),
(42, 36, 1, 1),
(43, 35, 0, 0),
(44, 37, -1, -1),
(45, 38, -1, -1),
(46, 39, -1, -1),
(47, 41, -1, -1),
(48, 42, -1, -1),
(49, 43, -1, -1),
(50, 44, -1, -1),
(51, 45, -1, -1),
(52, 769, 0, 0),
(53, 49, 1, -1),
(54, 48, -1, -1),
(55, 47, 1, -1),
(56, 49, 1, -1),
(57, 47, 1, -1),
(58, 7, 0, 0),
(59, 32, -1, -1),
(60, 50, -1, -1),
(61, 51, -1, -1),
(62, 52, -1, -1),
(63, 53, -1, -1),
(64, 54, 1, -1),
(65, 76, 0, 0),
(66, 55, -1, -1),
(67, 56, -1, -1),
(68, 68, -1, 1),
(69, 470, 0, 0),
(70, 57, -1, -1),
(71, 68, -1, 1),
(72, 58, -1, -1),
(73, 669, -1, -1),
(74, 60, -1, -1),
(76, 61, 1, -1),
(77, 62, 0, 0),
(78, 63, -1, -1),
(79, 69, 1, -1),
(80, 69, 1, -1),
(81, 64, -1, -1),
(82, 65, -1, -1),
(83, 66, -1, 1),
(84, 189, 1, -1),
(85, 76, -1, 1),
(86, 770, 1, 1),
(87, 70, -1, -1),
(88, 71, 1, -1),
(89, 56, -1, -1),
(90, 73, -1, -1),
(91, 74, -1, -1),
(92, 75, -1, -1),
(93, 14, -1, -1),
(94, 77, 0, 0),
(95, 78, -1, -1),
(96, 79, 1, 0),
(97, 70, 0, 0),
(98, 68, -1, 1),
(99, 36, 0, 0),
(100, 77, -1, -1),
(101, 77, 0, -1),
(102, 77, -1, 0),
(103, 80, -1, -1),
(104, 81, -1, 1),
(105, 81, -1, 1),
(106, 66, -1, 1),
(107, 33, -1, -1),
(108, 70, 0, 0),
(109, 110, -1, -1),
(110, 110, -1, -1),
(111, 85, -1, -1),
(112, 85, -1, -1),
(113, 40, 1, 1),
(114, 77, -1, -1),
(115, 8, 1, -1),
(116, 9, -1, 1),
(118, 68, -1, 1),
(119, 87, -1, -1),
(120, 21, 0, 0),
(121, 21, 0, 0),
(122, 47, 1, -1),
(123, 72, 1, -1),
(124, 69, 1, -1),
(125, 76, -1, 1),
(126, 530, -1, 1),
(127, 35, -1, -1),
(128, 88, -1, -1),
(129, 89, -1, -1),
(130, 90, -1, -1),
(131, 91, -1, -1),
(132, 92, -1, -1),
(133, 93, -1, -1),
(134, 94, -1, -1),
(148, 14, -1, -1),
(149, 108, 1, 0),
(150, 108, 1, -1),
(151, 108, 0, -1),
(152, 109, -1, -1),
(153, 109, 0, 0),
(154, 111, -1, -1),
(168, 128, -1, -1),
(188, 148, 0, 0),
(189, 7, 0, 0),
(190, 148, 0, 0),
(208, 168, 1, 0),
(209, 168, 1, 0),
(210, 189, 1, -1),
(230, 573, -1, -1),
(231, 40, 1, 0),
(232, 40, 0, 1),
(233, 20, -1, -1),
(250, 40, 1, 1),
(270, 229, -1, -1),
(290, 40, 1, 1),
(310, 249, -1, -1),
(311, 249, 0, 0),
(312, 22, -1, -1),
(330, 229, 0, 0),
(350, 88, 0, 0),
(370, 915, -1, -1),
(371, 269, 1, -1),
(390, 21, 0, 0),
(410, 43, -1, -1),
(411, 310, -1, -1),
(412, 510, -1, 1),
(413, 309, -1, -1),
(414, 576, -1, -1),
(415, 311, -1, -1),
(416, 311, 0, 0),
(430, 329, 0, 0),
(450, 229, -1, -1),
(470, 311, -1, -1),
(471, 349, 0, 0),
(472, 70, -1, -1),
(473, 349, 0, 0),
(474, 369, 0, 0),
(475, 369, 0, 0),
(494, 389, -1, -1),
(495, 40, 1, 1),
(514, 409, -1, -1),
(534, 189, 1, 0),
(554, 429, -1, -1),
(574, 449, -1, -1),
(575, 450, -1, -1),
(594, 32, 0, 0),
(614, 36, 1, 1),
(634, 14, 0, 0),
(635, 609, 0, 0),
(636, 576, -1, -1),
(637, 470, 0, 0),
(654, 82, -1, -1),
(655, 90, -1, -1),
(674, 48, 0, 0),
(694, 189, 1, -1),
(695, 749, 0, 0),
(714, 66, 0, 1),
(734, 48, 1, 1),
(735, 489, 1, 1),
(736, 489, -1, -1),
(754, 48, -1, -1),
(774, 40, 1, 0),
(775, 40, 0, 1),
(776, 910, 0, 0),
(777, 912, 1, 1),
(778, 511, -1, -1),
(794, 529, 0, 0),
(795, 572, -1, -1),
(814, 529, 0, 0),
(834, 74, -1, -1),
(854, 577, 0, 0),
(855, 577, 0, 0),
(874, 589, 1, -1),
(875, 54, 1, -1),
(876, 530, -1, 1),
(877, 530, -1, 1),
(894, 108, 1, -1),
(914, 679, 0, 0),
(934, 575, -1, -1),
(954, 73, -1, -1),
(974, 20, -1, -1),
(994, 609, 0, 0),
(995, 81, -1, 1),
(996, 609, 0, 0),
(1014, 629, 0, 0),
(1015, 629, 0, 0),
(1034, 66, -1, 0),
(1054, 189, 1, -1),
(1055, 189, 1, -1),
(1074, 76, -1, 1),
(1075, 108, 1, -1),
(1076, 69, 1, -1),
(1077, 108, 1, -1),
(1078, 72, 1, -1),
(1080, 31, 1, 1),
(1081, 74, -1, -1),
(1094, 23, 0, 0),
(1095, 679, 0, 0),
(1096, 108, 1, -1),
(1097, 69, 1, -1),
(1114, 689, -1, -1),
(1134, 68, -1, 1),
(1154, 68, -1, 1),
(1174, 76, -1, 1),
(1194, 709, 0, 0),
(1214, 729, -1, 1),
(1215, 729, -1, 1),
(1216, 730, 1, -1),
(1217, 730, 1, -1),
(1234, 750, -1, -1),
(1235, 750, -1, -1),
(1236, 750, -1, -1),
(1254, 609, 0, 0),
(1274, 7, 0, -1),
(1275, 7, -1, 0),
(1294, 771, -1, -1),
(1314, 66, -1, 1),
(1315, 189, 1, -1),
(1334, 730, 1, -1),
(1335, 729, -1, 1),
(1354, 809, 0, 0),
(1355, 809, 0, 0),
(1374, 829, -1, -1),
(1375, 77, -1, -1),
(1394, 80, -1, -1),
(1395, 916, -1, -1),
(1414, 790, 0, -1),
(1415, 849, -1, 0),
(1434, 869, -1, -1),
(1454, 36, 1, 1),
(1474, 59, 0, 0),
(1475, 59, 0, 0),
(1494, 66, -1, 1),
(1495, 66, -1, 1),
(1496, 66, -1, 1),
(1514, 890, 1, -1),
(1515, 889, -1, 1),
(1534, 730, 1, -1),
(1554, 729, 0, 1),
(1555, 909, 0, 0),
(1574, 270, 0, 0),
(1575, 72, 1, -1),
(1576, 269, 1, -1),
(1577, 509, 1, -1),
(1594, 69, 1, -1),
(1595, 76, -1, 1),
(1596, 730, 1, -1),
(1597, 729, -1, 1),
(1598, 510, -1, 1),
(1599, 509, 1, -1),
(1600, 69, 1, 0),
(1601, 910, 0, 0),
(1602, 911, -1, 1),
(1603, 911, -1, 1),
(1604, 911, -1, 1),
(1605, 531, -1, -1),
(1606, 7, -1, 1),
(1607, 7, -1, 1),
(1608, 609, 0, 0),
(1610, 914, -1, 1),
(1611, 47, 1, -1),
(1612, 76, -1, 1),
(1613, 912, 1, 1),
(1614, 14, -1, -1),
(1615, 169, 0, 0),
(1616, 919, 1, 1),
(1617, 918, -1, -1),
(1618, 47, 1, -1),
(1619, 76, -1, 1),
(1620, 128, -1, -1),
(1621, 921, 0, -1),
(1622, 920, 0, -1),
(1623, 922, -1, 1),
(1624, 529, 0, 0),
(1625, 529, 0, 0),
(1626, 20, -1, -1),
(1627, 923, -1, 1),
(1628, 922, -1, 1),
(1629, 927, 1, -1),
(1630, 928, -1, -1),
(1634, 928, 0, 0),
(1635, 169, 0, 0),
(1636, 923, -1, 1),
(1637, 923, -1, 1),
(1638, 930, 1, -1),
(1639, 930, 1, -1),
(1640, 930, 1, -1),
(1641, 889, -1, 1),
(1642, 890, 1, -1),
(1643, 937, -1, -1),
(1644, 940, 1, -1),
(1645, 940, 1, -1),
(1646, 930, 1, -1),
(1647, 930, 1, -1),
(1648, 940, 1, -1),
(1649, 940, 1, -1),
(1650, 941, -1, 1),
(1651, 941, -1, 1),
(1652, 941, -1, 1),
(1653, 941, -1, 1),
(1654, 930, 1, -1),
(1655, 930, 1, -1),
(1656, 911, -1, 1),
(1657, 911, -1, 1),
(1658, 911, -1, 1),
(1659, 942, 0, 0),
(1660, 942, 0, 0),
(1661, 942, 0, 0),
(1662, 943, -1, -1),
(1663, 944, -1, -1),
(1664, 945, -1, -1),
(1665, 0, 1, 1),
(1666, 946, 1, -1),
(1667, 946, 1, -1),
(1668, 947, -1, 1),
(1669, 947, -1, 1),
(1670, 947, -1, 1),
(1671, 946, 1, -1),
(1672, 949, 1, 1),
(1673, 950, 0, 0),
(1674, 953, 1, 1),
(1675, 952, 1, 1),
(1676, 954, 1, 1),
(1677, 951, 1, 1),
(1678, 956, -1, -1),
(1679, 955, -1, -1),
(1680, 74, 1, 1),
(1681, 957, -1, -1),
(1682, 958, 0, 0),
(1683, 959, 0, 0),
(1684, 960, 0, 0),
(1685, 961, 0, -1),
(1686, 961, 1, -1),
(1687, 962, -1, -1),
(1688, 963, 1, 1),
(1689, 964, 1, 1),
(1690, 963, 1, 1),
(1691, 964, 1, 1),
(1692, 965, -1, -1),
(1693, 966, -1, -1),
(1694, 930, 1, -1),
(1695, 911, -1, 1),
(1696, 967, 0, 0),
(1697, 943, -1, -1),
(1698, 930, 1, -1),
(1699, 930, 1, -1),
(1700, 930, 1, -1),
(1701, 968, -1, -1),
(1702, 968, -1, -1),
(1703, 679, 0, 0),
(1704, 943, -1, -1),
(1705, 943, -1, -1),
(1706, 971, -1, -1),
(1707, 970, 0, 0),
(1708, 970, 0, 0),
(1709, 970, 0, 0),
(1710, 942, 0, 0),
(1711, 973, -1, -1),
(1712, 974, -1, -1),
(1713, 974, -1, -1),
(1714, 968, -1, -1),
(1715, 975, -1, -1),
(1716, 976, 1, 1),
(1717, 976, 1, 1),
(1718, 976, 1, 1),
(1719, 976, 1, 1),
(1720, 977, -1, -1),
(1721, 978, 1, -1),
(1722, 978, 1, -1),
(1723, 978, 1, -1),
(1724, 978, 1, -1),
(1725, 979, 1, 1),
(1726, 979, 1, 1),
(1727, 979, 1, 1),
(1728, 942, 0, 0),
(1729, 947, -1, 1),
(1730, 933, 0, 0),
(1731, 933, 0, 0),
(1732, 189, 1, -1),
(1733, 189, 1, -1),
(1734, 66, -1, 1),
(1735, 66, -1, 1),
(1736, 966, 0, 0),
(1737, 946, 1, -1),
(1738, 981, -1, -1),
(1739, 982, -1, -1),
(1740, 983, -1, -1),
(1741, 935, 0, 0),
(1742, 984, -1, -1),
(1743, 932, 0, 0),
(1744, 934, 0, 0),
(1745, 911, -1, 1),
(1746, 934, 0, 0),
(1747, 985, 1, 1),
(1748, 986, -1, -1),
(1749, 987, 0, 0),
(1750, 988, -1, -1),
(1751, 14, -1, -1),
(1752, 993, -1, -1),
(1753, 993, -1, -1),
(1754, 993, -1, -1),
(1755, 991, 1, 0),
(1756, 991, 1, 0),
(1757, 991, 1, 0),
(1758, 992, 0, 1),
(1759, 992, 0, 1),
(1760, 992, 0, 1),
(1761, 994, -1, -1),
(1762, 995, -1, -1),
(1763, 996, -1, -1),
(1764, 997, -1, -1),
(1765, 998, -1, -1),
(1766, 529, 0, 0),
(1767, 529, 0, 0),
(1768, 73, -1, -1),
(1769, 73, -1, -1),
(1770, 959, 1, 1),
(1771, 960, -1, -1),
(1772, 999, -1, -1),
(1773, 1000, 1, 1),
(1774, 31, 1, 1),
(1775, 935, 0, 0),
(1776, 932, 0, 0),
(1777, 932, 0, 0),
(1778, 990, 0, 0),
(1779, 989, 0, 0),
(1780, 1001, -1, -1),
(1781, 929, -1, -1),
(1782, 1001, -1, -1),
(1783, 929, -1, -1),
(1784, 1001, -1, -1),
(1785, 929, -1, -1),
(1786, 73, -1, -1),
(1787, 14, -1, -1),
(1788, 933, 0, 0),
(1789, 968, -1, -1),
(1790, 1001, -1, -1),
(1791, 929, -1, -1),
(1792, 943, -1, -1),
(1793, 968, -1, -1),
(1794, 1003, 1, 1),
(1795, 1003, 1, 1),
(1796, 956, -1, -1),
(1797, 1003, 1, 1),
(1798, 1004, -1, -1),
(1799, 1002, -1, -1),
(1800, 956, -1, -1),
(1801, 67, -1, 1),
(1802, 469, 1, -1),
(1803, 148, 0, -1),
(1804, 148, -1, 0),
(1805, 932, 1, 1),
(1806, 31, 1, 1),
(1807, 1003, 1, 1),
(1808, 1007, -1, -1),
(1809, 1009, -1, -1),
(1810, 1006, -1, -1),
(1811, 1008, -1, -1),
(1812, 31, 1, 1),
(1813, 1010, -1, -1),
(1814, 966, -1, -1),
(1815, 29, -1, -1),
(1816, 31, 1, 1),
(1818, 1011, 0, 0),
(1819, 189, 1, -1),
(1820, 1012, 0, 0),
(1821, 1013, 1, 1),
(1822, 1014, 1, 1),
(1823, 956, -1, -1),
(1824, 1015, 0, 0),
(1825, 73, -1, -1),
(1826, 1010, -1, -1),
(1827, 1016, -1, -1),
(1828, 1017, 0, 0),
(1829, 1018, 1, 1),
(1830, 1019, 1, 1),
(1831, 1020, 1, 1),
(1832, 1021, 1, 1),
(1833, 1022, 1, 1),
(1834, 1023, -1, -1),
(1835, 66, -1, 1),
(1836, 933, 0, 0),
(1837, 970, 0, 0),
(1838, 934, 0, 0),
(1839, 1024, -1, -1),
(1840, 1025, 1, 1),
(1841, 1026, 1, 1),
(1842, 1027, -1, -1),
(1843, 1010, -1, -1),
(1844, 932, 0, 0),
(1845, 934, 0, 0),
(1846, 1028, -1, -1),
(1847, 965, -1, -1),
(1848, 966, -1, -1),
(1849, 1010, -1, -1),
(1850, 1015, 0, 0),
(1851, 1011, 0, 0),
(1852, 1029, 1, 1),
(1853, 1010, -1, -1),
(1854, 932, 0, 0),
(1855, 934, 0, 0),
(1856, 1031, 0, 0),
(1857, 31, 1, 1),
(1858, 1012, 1, 1),
(1859, 1033, 1, 1),
(1860, 1034, 1, 1),
(1862, 1035, -1, -1),
(1863, 52, -1, -1),
(1864, 1036, -1, -1),
(1865, 52, -1, -1),
(1866, 1012, 0, 0),
(1867, 1033, 1, 1),
(1868, 966, 1, 1),
(1869, 981, 0, 0),
(1870, 1031, 0, 0),
(1871, 1035, -1, -1),
(1872, 1038, 0, 0),
(1873, 1024, -1, -1),
(1874, 1038, 0, 0),
(1875, 932, 0, 0),
(1876, 934, 0, 0),
(1877, 52, -1, -1),
(1878, 1041, -1, -1),
(1879, 1042, -1, -1),
(1880, 52, -1, -1),
(1881, 1035, -1, -1),
(1882, 1010, -1, -1),
(1883, 1044, -1, -1),
(1890, 1049, -1, -1),
(1896, 909, 1, 1),
(1909, 42, -1, -1),
(1913, 1059, 1, 1),
(1916, 1033, 1, 1),
(1930, 1069, 0, 0),
(1931, 1070, 0, 0),
(1934, 959, 1, -1),
(1935, 959, -1, 1),
(1936, 1071, 0, 0),
(1937, 1071, 0, 0),
(1938, 1071, 0, 0),
(1939, 1071, 0, 0),
(1940, 1071, 0, 0),
(1941, 1071, 0, 0),
(1942, 1071, 0, 0),
(1943, 1071, 0, 0),
(1944, 1071, 0, 0),
(1945, 1071, 0, 0),
(1951, 69, 1, -1),
(1952, 1074, 1, 1),
(1956, 1077, 0, 0),
(1957, 1077, 0, 0),
(1958, 960, -1, -1),
(1959, 960, 1, 1),
(1960, 1077, 0, 0),
(1961, 1078, 1, 1),
(1962, 20, -1, -1),
(1963, 73, -1, -1),
(1964, 20, -1, -1),
(1965, 965, -1, -1),
(1966, 19, 0, 0),
(1967, 1077, 0, 0),
(1971, 1080, 1, 1),
(1972, 1081, 0, 0),
(1990, 148, -1, -1),
(1992, 14, -1, -1),
(1995, 1059, 1, 1),
(1997, 1059, 1, 1),
(1998, 1087, -1, -1),
(2029, 973, -1, -1);
CREATE TABLE `aowow_zones` (
  `mapID` smallint(3) unsigned NOT NULL COMMENT 'Map Identifier',
  `areatableID`  smallint(3) unsigned NOT NULL COMMENT 'Zone Id',
  `name` varchar(40) NOT NULL COMMENT 'Map Name',
  `x_min` float NOT NULL DEFAULT 0.0,
  `y_min` float NOT NULL DEFAULT 0.0,
  `x_max` float NOT NULL DEFAULT 0.0,
  `y_max` float NOT NULL DEFAULT 0.0
) ENGINE=MyISAM DEFAULT CHARSET=utf8 ROW_FORMAT=FIXED COMMENT='Maps';

INSERT INTO `aowow_zones` VALUES
(29, 0, 'CashTest', 0, 0, 0, 0),
(30, 0, 'Alterac Valley', 0, 0, 0, 0),
(33, 0, 'Shadowfang Keep', 0, 0, 0, 0),
(34, 717, 'Stormwind Stockade', 0, 0, 0, 0),
(36, 0, 'Deadmines', 0, 0, 0, 0),
(43, 718, 'Wailing Caverns', 0, 0, 0, 0),
(44, 0, '<unused> Monastery', 0, 0, 0, 0),
(47, 0, 'Razorfen Kraul', 0, 0, 0, 0),
(48, 719, 'Blackfathom Deeps', 0, 0, 0, 0),
(70, 1337, 'Uldaman', 0, 0, 0, 0),
(90, 721, 'Gnomeregan', 0, 0, 0, 0),
(109, 1477, 'Sunken Temple', 0, 0, 0, 0),
(129, 0, 'Razorfen Downs', 0, 0, 0, 0),
(169, 0, 'Emerald Dream', 0, 0, 0, 0),
(189, 0, 'Scarlet Monastery', 0, 0, 0, 0),
(209, 0, 'Zul''Farrak', 0, 0, 0, 0),
(229, 1583, 'Blackrock Spire', 0, 0, 0, 0),
(230, 1584, 'Blackrock Depths', 0, 0, 0, 0),
(249, 2159, 'Onyxia''s Lair', 0, 0, 0, 0),
(269, 0, 'Opening of the Dark Portal', 0, 0, 0, 0),
(289, 0, 'Scholomance', 0, 0, 0, 0),
(309, 1977, 'Zul''Gurub', 0, 0, 0, 0),
(329, 0, 'Stratholme', 0, 0, 0, 0),
(349, 2100, 'Maraudon', 0, 0, 0, 0),
(389, 2437, 'Ragefire Chasm', 0, 0, 0, 0),
(409, 2717, 'Molten Core', 0, 0, 0, 0),
(429, 2557, 'Dire Maul', 0, 0, 0, 0),
(469, 2677, 'Blackwing Lair', 0, 0, 0, 0),
(489, 3277, 'Warsong Gulch', 0, 0, 0, 0),
(509, 3429, 'Ruins of Ahn''Qiraj', 0, 0, 0, 0),
(529, 3358, 'Arathi Basin', 0, 0, 0, 0),
(531, 3428, 'Ahn''Qiraj Temple', 0, 0, 0, 0),
(532, 3457, 'Karazhan', 0, 0, 0, 0),
(533, 3456, 'Naxxramas', 0, 0, 0, 0),
(534, 616, 'The Battle for Mount Hyjal', 0, 0, 0, 0),
(540, 3714, 'Hellfire Citadel: The Shattered Halls', 0, 0, 0, 0),
(542, 3713, 'Hellfire Citadel: The Blood Furnace', 0, 0, 0, 0),
(543, 3562, 'Hellfire Citadel: Ramparts', 0, 0, 0, 0),
(544, 3836, 'Magtheridon''s Lair', 0, 0, 0, 0),
(545, 3715, 'Coilfang: The Steamvault', 0, 0, 0, 0),
(546, 3716, 'Coilfang: The Underbog', 0, 0, 0, 0),
(547, 3717, 'Coilfang: The Slave Pens', 0, 0, 0, 0),
(548, 3607, 'Coilfang: Serpentshrine Cavern', 0, 0, 0, 0),
(550, 3845, 'Tempest Keep', 0, 0, 0, 0),
(552, 3848, 'Tempest Keep: The Arcatraz', 0, 0, 0, 0),
(553, 3847, 'Tempest Keep: The Botanica', 0, 0, 0, 0),
(554, 3849, 'Tempest Keep: The Mechanar', 0, 0, 0, 0),
(555, 3789, 'Auchindoun: Shadow Labyrinth', 0, 0, 0, 0),
(556, 3791, 'Auchindoun: Sethekk Halls', 0, 0, 0, 0),
(557, 3792, 'Auchindoun: Mana-Tombs', 0, 0, 0, 0),
(558, 3790, 'Auchindoun: Auchenai Crypts', 0, 0, 0, 0),
(559, 0, 'Nagrand Arena', 0, 0, 0, 0),
(560, 267, 'The Escape From Durnholde', 0, 0, 0, 0),
(562, 3702, 'Blade''s Edge Arena', 0, 0, 0, 0),
(564, 0, 'Black Temple', 0, 0, 0, 0),
(565, 3923, 'Gruul''s Lair', 0, 0, 0, 0),
(566, 0, 'Eye of the Storm', 0, 0, 0, 0),
(568, 0, 'Zul''Aman', 0, 0, 0, 0),
(572, 0, 'Ruins of Lordaeron', 0, 0, 0, 0),
(580, 0, 'The Sunwell', 0, 0, 0, 0),
(585, 0, 'Magister''s Terrace', 0, 0, 0, 0),
(598, 0, 'Sunwell Fix (Unused)', 0, 0, 0, 0),
(1, 14, 'Durotar', -1716.67, -7250, 1808.33, -1962.5),
(1, 215, 'Mulgore', -3697.92, -3089.58, -272.917, 2047.92),
(1, 17, 'The Barrens', -5143.75, -7510.42, 1612.5, 2622.92),
(0, 36, 'Alterac Mountains', -366.667, -2016.67, 1500, 783.333),
(0, 45, 'Arathi Highlands', -2533.33, -4466.67, -133.333, -866.667),
(0, 3, 'Badlands', -7547.92, -4566.67, -5889.58, -2079.17),
(0, 4, 'Blasted Lands', -12800, -4591.67, -10566.7, -1241.67),
(0, 85, 'Tirisfal Glades', 825, -1485.42, 3837.5, 3033.33),
(0, 130, 'Silverpine Forest', -1133.33, -750, 1666.67, 3450),
(0, 28, 'Western Plaguelands', 500, -3883.33, 3366.67, 416.667),
(0, 139, 'Eastern Plaguelands', 1218.75, -6056.25, 3800, -2185.42),
(0, 267, 'Hillsbrad Foothills', -1733.33, -2133.33, 400, 1066.67),
(0, 47, 'The Hinterlands', -1100, -5425, 1466.67, -1575),
(0, 1, 'Dun Morogh', -7160.42, -3122.92, -3877.08, 1802.08),
(0, 51, 'Searing Gorge', -7587.5, -2554.17, -6100, -322.917),
(0, 46, 'Burning Steppes', -8983.33, -3195.83, -7031.25, -266.667),
(0, 12, 'Elwynn Forest', -10254.2, -1935.42, -7939.58, 1535.42),
(0, 41, 'Deadwind Pass', -11533.3, -3333.33, -9866.67, -833.333),
(0, 10, 'Duskwood', -11516.7, -1866.67, -9716.67, 833.333),
(0, 38, 'Loch Modan', -6327.08, -4752.08, -4487.5, -1993.75),
(0, 44, 'Redridge Mountains', -10022.9, -3741.67, -8575, -1570.83),
(0, 33, 'Stranglethorn Vale', -15422.9, -4160.42, -11168.8, 2220.83),
(0, 8, 'Swamp of Sorrows', -11150, -4516.67, -9620.83, -2222.92),
(0, 40, 'Westfall', -11733.3, -483.333, -9400, 3016.67),
(0, 11, 'Wetlands', -4904.17, -4525, -2147.92, -389.583),
(1, 141, 'Teldrassil', 8437.5, -1277.08, 11831.2, 3814.58),
(1, 148, 'Darkshore', 3966.67, -3608.33, 8333.33, 2941.67),
(1, 331, 'Ashenvale', 829.167, -4066.67, 4672.92, 1700),
(1, 400, 'Thousand Needles', -6900, -4833.33, -3966.67, -433.333),
(1, 406, 'Stonetalon Mountains', -339.583, -1637.5, 2916.67, 3245.83),
(1, 405, 'Desolace', -2545.83, -262.5, 452.083, 4233.33),
(1, 357, 'Feralas', -7000, -1508.33, -2366.67, 5441.67),
(1, 15, 'Dustwallow Marsh', -5533.33, -6225, -2033.33, -975),
(1, 440, 'Tanaris', -10475, -7118.75, -5875, -218.75),
(1, 16, 'Azshara', 1960.42, -8347.92, 5341.67, -3277.08),
(1, 361, 'Felwood', 3300, -4108.33, 7133.33, 1641.67),
(1, 490, 'Un''Goro Crater', -8433.33, -3166.67, -5966.67, 533.333),
(1, 493, 'Moonglade', 6952.08, -3689.58, 8491.67, -1381.25),
(1, 1377, 'Silithus', -8281.25, -945.834, -5958.33, 2537.5),
(1, 618, 'Winterspring', 3800, -7416.67, 8533.33, -316.667),
(0, 1519, 'Stormwind City', -9175.21, 36.7006, -8278.85, 1380.97),
(1, 1637, 'Orgrimmar', 1338.46, -5083.21, 2273.88, -3680.6),
(0, 1537, 'Ironforge', -5096.85, -1504.22, -4569.24, -713.591),
(1, 1638, 'Thunder Bluff', -1545.83, -527.083, -850, 516.667),
(1, 1657, 'Darnassus', 9532.59, 1880.03, 10238.3, 2938.36),
(0, 1497, 'Undercity', 1237.84, -86.1824, 1877.95, 873.193),
(30, 2597, 'Alterac Valley', -1739.58, -2456.25, 1085.42, 1781.25),
(489, 3277, 'Warsong Gulch', 862.5, 895.833, 1627.08, 2041.67),
(529, 3358, 'Arathi Basin', 337.5, 102.083, 1508.33, 1858.33),
(530, 3430, 'Eversong Woods', 7758.33, -9412.5, 11041.7, -4487.5),
(530, 3433, 'Ghostlands', 6066.67, -8583.33, 8266.67, -5283.33),
(530, 3524, 'Azuremyst Isle', -5508.33, -14570.8, -2793.75, -10500),
(530, 3483, 'Hellfire Peninsula', -1962.5, 375, 1481.25, 5539.58),
(530, 3521, 'Zangarmarsh', -1416.67, 4447.92, 1935.42, 9475),
(530, 3557, 'The Exodar', -4314.37, -12123.1, -3609.68, -11066.4),
(530, 3520, 'Shadowmoon Valley', -5614.58, -1275, -1947.92, 4225),
(530, 3522, 'Blade''s Edge Mountains', 791.667, 3420.83, 4408.33, 8845.83),
(530, 3525, 'Bloodmyst Isle', -2933.33, -13337.5, -758.333, -10075),
(530, 3518, 'Nagrand', -3641.67, 4770.83, 41.6667, 10295.8),
(530, 3519, 'Terokkar Forest', -4600, 1683.33, -1000, 7083.33),
(530, 3523, 'Netherstorm', 1739.58, -91.6667, 5456.25, 5483.33),
(530, 3487, 'Silvermoon City', 9346.94, -7612.21, 10153.7, -6400.75),
(530, 3703, 'Shattrath City', -2344.79, 4829.01, -1473.95, 6135.26),
(566, 3820, 'Eye of the Storm', 1404.17, 389.583, 2918.75, 2660.42),
(530, 4080, 'Isle of Quel''Danas', 11350, -8629.17, 13568.7, -5302.08);
-- Alterac Valley
UPDATE aowow_zones SET areatableID=2597 WHERE mapID=30;

-- Shadowfang Keep
UPDATE aowow_zones SET areatableID=209 WHERE mapID=33;

-- Deadmines
UPDATE aowow_zones SET areatableID=1581 WHERE mapID=36;

-- Razorfen Kraul
UPDATE aowow_zones SET areatableID=491 WHERE mapID=47;

-- Razorfen Downs
UPDATE aowow_zones SET areatableID=722 WHERE mapID=129;

-- Emerald Dream
-- UPDATE aowow_zones SET areatableID=111 WHERE mapID=169;

-- Scarlet Monastery
UPDATE aowow_zones SET areatableID=796 WHERE mapID=189;

-- Zul'Farrak
UPDATE aowow_zones SET areatableID=978 WHERE mapID=209;

-- Opening of the Dark Portal
-- UPDATE aowow_zones SET areatableID=111 WHERE mapID=269;

-- Scholomance
UPDATE aowow_zones SET areatableID=2057 WHERE mapID=289;

-- Zul'Gurub
UPDATE aowow_zones SET areatableID=19 WHERE mapID=309;

-- Stratholme
UPDATE aowow_zones SET areatableID=2017 WHERE mapID=329;

-- Tempest Keep
UPDATE aowow_zones SET areatableID=3842 WHERE mapID=550;

-- Nagrand Arena
UPDATE aowow_zones SET areatableID=3698 WHERE mapID=559;

-- Black Temple
UPDATE aowow_zones SET areatableID=3959 WHERE mapID=564;

-- Eye of the Storm
UPDATE aowow_zones SET areatableID=3820 WHERE mapID=566;

-- Zul'Aman
UPDATE aowow_zones SET areatableID=3805 WHERE mapID=568;

-- Ruins of Lordaeron
UPDATE aowow_zones SET areatableID=3968 WHERE mapID=572;

-- The Sunwell
UPDATE aowow_zones SET areatableID=4075 WHERE mapID=580;

-- Magister's Terrace
UPDATE aowow_zones SET areatableID=4095 WHERE mapID=585;


-- Champions' Hall
INSERT INTO aowow_zones(mapID, areatableID, name) VALUES (449, 2918, "Champions' Hall");
