-- phpMyAdmin SQL Dump
-- version 3.4.10.1deb1
-- http://www.phpmyadmin.net
--
-- Počítač: localhost
-- Vygenerováno: Ned 27. led 2013, 20:16
-- Verze MySQL: 5.5.29
-- Verze PHP: 5.3.10-1ubuntu3.5

SET SQL_MODE="NO_AUTO_VALUE_ON_ZERO";
SET time_zone = "+00:00";

--
-- Databáze: `web`
--

--
-- Vypisuji data pro tabulku `ClientVersion`
--

INSERT INTO `ClientVersion` (`Id`, `Version`, `BuildNumber`, `ReleaseDate`, `Title`, `Imported`) VALUES
(1, '3.1.3', 9947, '2009-06-02', '', 1),
(2, '3.1.2', 9901, '2009-05-15', '', 0),
(3, '3.1.1a', 9835, '2009-04-28', '', 0),
(4, '3.1.1', 9806, '2009-04-21', '', 0),
(5, '3.1.0', 9767, '2009-04-14', 'Secrets of Ulduar', 0),
(6, '3.0.9', 9551, '2009-02-10', '', 1),
(7, '3.0.8a', 9506, '2009-01-27', '', 0),
(8, '3.0.8', 9464, '2009-01-20', '', 0),
(9, '3.0.3', 9183, '2008-11-04', '', 1),
(10, '3.0.2', 9056, '2008-10-14', 'Echoes of Doom', 0),
(11, '2.4.3', 8606, '2008-07-15', '', 1),
(12, '2.4.2', 8209, '2008-06-13', '', 0),
(13, '2.4.1', 8125, '2008-04-01', '', 0),
(14, '2.4.0', 8089, '2008-03-25', 'Fury of the Sunwell', 0),
(15, '2.3.3', 7799, '2008-01-22', '', 0),
(16, '2.3.2', 7741, '2008-01-08', '', 0),
(17, '2.3.0', 7561, '2007-11-13', 'The Gods of Zul''Aman', 0),
(18, '2.2.3', 7359, '2007-10-09', '', 0),
(19, '2.2.2', 7318, '2007-10-02', '', 0),
(20, '2.2.0', 7272, '2007-09-25', 'Voice Chat!', 0),
(21, '2.1.3', 6898, '2007-07-10', '', 0),
(22, '2.1.2', 6803, '2007-06-19', '', 0),
(23, '2.1.1', 6739, '2007-06-05', '', 0),
(24, '2.1.0a', 6729, '2007-05-22', '', 0),
(25, '2.1.0', 6692, '2007-05-22', 'The Black Temple', 0),
(26, '2.0.12', 6546, '2007-04-03', '', 0),
(27, '2.0.10', 6448, '2007-03-06', '', 0),
(28, '2.0.8', 6403, '2007-02-16', '', 0),
(29, '2.0.7', 6383, '2007-02-13', '', 0),
(30, '2.0.6', 6337, '2007-01-23', '', 0),
(31, '2.0.5', 6320, '2007-01-14', '', 0),
(32, '2.0.4', 6320, '2007-01-12', '', 0),
(33, '2.0.3', 6299, '2007-01-09', '', 0),
(34, '2.0.1', 6180, '2006-12-05', 'Before the Storm', 0),
(35, '1.12.2', 6005, '2006-11-13', '', 0),
(36, '1.12.1', 5875, '2006-09-26', '', 0),
(37, '1.12.0', 5595, '2006-09-22', 'Drums of War', 0),
(38, '1.11.2', 5464, '2006-07-11', '', 0),
(39, '1.11.1', 5462, '2006-06-28', '', 0),
(40, '1.11.0', 5428, '2006-06-20', 'Shadow of the Necropolis', 0),
(41, '1.10.2', 5302, '2006-05-02', '', 0),
(42, '1.10.1', 5230, '2006-04-11', '', 0),
(43, '1.10.0', 5195, '2006-03-28', 'Storms of Azeroth', 0),
(44, '1.9.4', 5086, '2006-03-14', '', 0),
(45, '1.9.3', 5059, '2006-02-07', 'Love is in the Air', 0),
(46, '1.9.2', 4996, '2006-01-12', '', 0),
(47, '1.9.1', 4983, '2006-01-10', '', 0),
(48, '1.9.0', 4937, '2006-01-03', 'The Gates of Ahn''Qiraj', 0),
(49, '1.8.4', 4878, '2005-12-05', '', 0),
(50, '1.8.3', 4807, '2005-11-15', '', 0),
(51, '1.8.2', 4784, '2005-10-27', '', 0),
(52, '1.8.1', 4769, '2005-10-25', '', 0),
(53, '1.8.0', 4735, '2005-10-10', 'Dragons of Nightmare', 0),
(54, '1.7.1', 4695, '2005-09-22', '', 0),
(55, '1.7.0', 4671, '2006-09-13', 'Rise of the Blood God', 0),
(56, '1.6.1', 4544, '2005-08-02', '', 0),
(57, '1.6.0', 4500, '2005-07-12', 'Assault on Blackwing Lair', 0),
(58, '1.5.1', 4449, '2005-06-14', '', 0),
(59, '1.5.0', 4442, '2005-06-07', 'Battlegrounds', 0),
(60, '1.4.2', 4375, '2005-05-03', '', 0),
(61, '1.4.1', 4364, '2005-05-03', '', 0),
(62, '1.4.0', 4341, '2005-04-08', 'The Call to War', 0),
(63, '1.3.2', 4299, '2005-03-22', '', 0),
(64, '1.3.1', 4297, '2005-03-22', '', 0),
(65, '1.3.0', 4284, '2005-03-07', 'Ruins of the Dire Maul', 0),
(66, '1.2.4', 4222, '2005-02-22', '', 0),
(67, '1.2.3', 4211, '2005-02-22', '', 0),
(68, '1.2.2', 4196, '2005-02-15', '', 0),
(69, '1.2.1', 4150, '2004-12-21', '', 0),
(70, '1.2.0', 4149, '2004-12-18', 'Mysteries of Maraudon', 0),
(71, '1.1.2', 4125, '2004-12-06', '', 0),
(72, '1.1.1', 4062, '2004-11-17', '', 0),
(73, '1.1.0', 4044, '2004-11-07', 'World of Warcraft', 0),
(74, '3.2.0', 10192, '2009-08-05', 'Call of the Crusade', 1),
(75, '3.3.0', 10958, '2009-11-08', 'Fall of the Lich King', 1),
(76, '3.2.2a', 10505, '2009-09-25', '', 1),
(77, '3.2.2', 10482, '2009-09-22', '', 0),
(78, '3.2.0a', 10314, '2009-08-19', '', 0),
(79, '3.3.0a', 11159, '2009-11-14', '', 0),
(80, '3.3.2', 11403, '2010-02-02', '', 1),
(81, '3.3.3', 11685, '2010-03-23', '', 0),
(82, '3.3.3a', 11723, '2010-03-26', '', 1),
(83, '3.3.5', 12213, '2010-06-22', 'Defending the Ruby Sanctum', 0),
(84, '3.3.5a', 12340, '2010-06-29', '', 1),
(85, '4.0.1', 13164, '2010-10-12', 'Cataclysm Systems', 0),
(86, '4.0.3', 13329, '2010-11-17', 'The Shattering', 0),
(87, '4.0.1a', 13205, '2010-10-26', '', 0);

--
-- Vypisuji data pro tabulku `Group`
--

INSERT INTO `Group` (`Id`, `Name`, `TablePrefix`, `PrimaryKeyItem`, `SourceType`, `MangosDatabase`, `MangosTable`, `MangosTableIndex`, `DBCFileName`, `DBCIndex`, `WowheadName`, `LuaFileName`, `LuaMPQFolder`, `LastImport`, `LastVersion`) VALUES
(1, 'Výpravy', 'TextQuest', 'Entry', 'sql', 'mangos', 'quest_template', 'entry', '', '0', 'quest', '', '', '2010-08-23 21:50:13', 12340),
(2, 'Knížky', 'TextPage', 'Entry', 'sql', 'mangos', 'page_text', 'entry', '', '0', '', '', '', '2010-08-23 21:48:56', 12340),
(3, 'Slova NPC', 'TextNPC', 'Entry', 'sql', 'mangos', 'npc_text', 'ID', '', '0', '', '', '', '2010-08-23 21:53:24', 12340),
(4, 'Věci', 'TextItem', 'Entry', 'sql', 'mangos', 'item_template', 'entry', '', '0', 'item', '', '', '2010-08-23 21:52:50', 12340),
(5, 'Herní objekty', 'TextGameObject', 'Entry', 'sql', 'mangos', 'gameobject_template', 'entry', '', '0', 'gameobject', '', '', '2010-08-23 21:47:50', 12340),
(6, 'Jména bytostí', 'TextCreature', 'Entry', 'sql', 'mangos', 'creature_template', 'entry', '', '0', 'npc', '', '', '2010-08-23 21:48:32', 12340),
(7, 'Zprávy MaNGOSu', 'TextMangosString', 'Entry', 'sql', 'mangos', 'mangos_string', 'entry', '', '0', '', '', '', '2010-08-23 21:49:50', 12340),
(8, 'Popis GM příkazů', 'TextMangosCommand', 'Name', 'sql', 'mangos', 'command', 'name', '', '0', '', '', '', '2010-08-23 21:53:45', 12340),
(10, 'Skripty ScriptDev2', 'TextSD2Script', 'Entry', 'sql', 'scriptdev2', 'script_texts', 'entry', '', '0', '', '', '', '2010-08-23 22:56:08', 12340),
(11, 'EventAI', 'TextSD2EventAI', 'Entry', 'sql', 'scriptdev2', 'creature_ai_texts', 'entry', '', '0', '', '', '', '2010-08-23 23:00:34', 12340),
(12, 'Herní tipy', 'TextGameTip', 'Entry', 'dbc', '', '', '', 'GameTips', '0', '', '', '', '2010-08-23 22:49:42', 12340),
(13, 'Kouzla', 'TextSpell', 'Entry', 'dbc', 'aowow', 'aowow_spell', 'spellID', 'Spell', '0', 'spell', '', '', '2010-08-23 22:49:19', 12340),
(14, 'Rozhraní klienta', 'TextGlobalString', 'ShortCut', 'lua', '', '', '', '', '0', '', 'GlobalStrings', 'Interface/FrameXML', '2010-12-04 16:24:30', 12340),
(15, 'Rozhraní přihlašování', 'TextGlueString', 'ShortCut', 'lua', '', '', '', '', '0', '', 'GlueStrings', 'Interface/GlueXML', '2010-12-04 16:24:43', 12340),
(16, 'Možnosti NPC', 'TextNPCOption', 'Index', 'sql', 'mangos', 'gossip_menu_option', 'menu_id,id', '', '0', '', '', '', '2010-08-23 21:54:02', 12340),
(17, 'Doprava', 'TextTransport', 'Entry', 'sql', 'mangos', 'transports', 'entry', '', '0', '', '', '', '2010-08-23 21:47:09', 12340),
(18, 'Krčmy', 'TextAreaTriggerTavern', 'Entry', 'sql', 'mangos', 'areatrigger_tavern', 'id', '', '0', '', '', '', '2010-08-23 21:49:13', 12340),
(19, 'Teleporty', 'TextAreaTriggerTeleport', 'Entry', 'sql', 'mangos', 'areatrigger_teleport', 'id', '', '0', '', '', '', '2010-08-23 21:53:11', 12340),
(20, 'Úspěchy', 'TextAchievement', 'Entry', 'dbc', '', '', '', 'Achievement', '0', 'achievement', '', '', '2010-08-23 22:47:43', 12340),
(21, 'Kategorie úspěchů', 'TextAchievementCategory', 'Entry', 'dbc', '', '', '', 'Achievement_Category', '0', '', '', '', '2010-08-23 22:47:36', 12340),
(22, 'Kritéria úspěchů', 'TextAchievementCriteria', 'Entry', 'dbc', '', '', '', 'Achievement_Criteria', '0', '', '', '', '2010-08-23 22:47:31', 12340),
(23, 'Rozhraní národní', 'TextGlueLocalization', 'ShortCut', 'lua', '', '', '', '', '0', '', 'GlueLocalization', 'Interface/GlueXML', '2010-08-23 22:02:58', 12340),
(24, 'Body zájmu oblastí', 'TextAreaPOI', 'Entry', 'dbc', '', '', '', 'AreaPOI', '0', '', '', '', '2010-08-23 22:47:23', 12340),
(25, 'Stav světa', 'TextWorldStateUI', 'Entry', 'dbc', '', '', '', 'WorldStateUI', '0', '', '', '', '2010-08-23 22:47:17', 12340),
(26, 'Kategorie totemů', 'TextTotemCategory', 'Entry', 'dbc', '', '', '', 'TotemCategory', '0', '', '', '', '2010-08-23 22:47:13', 12340),
(27, 'Záložky talentů', 'TextTalentTab', 'Entry', 'dbc', '', '', '', 'TalentTab', '0', '', '', '', '2010-08-23 22:47:09', 12340),
(28, 'Dovednosti', 'TextSkillLine', 'Entry', 'dbc', '', '', '', 'SkillLine', '0', '', '', '', '2010-08-23 22:47:05', 12340),
(29, 'Třídy postav', 'TextCharacterClass', 'Entry', 'dbc', '', '', '', 'ChrClasses', '0', '', '', '', '2010-08-23 22:47:00', 12340),
(30, 'Kanály pro povídání', 'TextChatChannel', 'Entry', 'dbc', '', '', '', 'ChatChannels', '0', '', '', '', '2010-08-23 22:46:55', 12340),
(31, 'Rasy postav', 'TextCharacterRace', 'Entry', 'dbc', '', '', '', 'ChrRaces', '0', '', '', '', '2010-08-23 22:46:50', 12340),
(32, 'Emoce', 'TextEmote', 'Entry', 'dbc', '', '', '', 'EmotesTextData', '0', '', '', '', '2010-08-23 22:46:45', 12340),
(33, 'Místa', 'TextArea', 'Entry', 'dbc', '', '', '', 'AreaTable', '0', '', '', '', '2010-08-23 22:46:34', 12340),
(34, 'Kategorie dovedností', 'TextSkillCategory', 'Entry', 'dbc', '', '', '', 'SkillLineCategory', '0', '', '', '', '2010-08-23 22:45:49', 12340),
(35, 'Podtřídy věcí', 'TextItemSubClass', 'Index', 'dbc', '', '', '', 'ItemSubClass', '0,1', '', '', '', '2010-08-23 22:45:25', 12340),
(36, 'Druh bytostí', 'TextCreatureType', 'Entry', 'dbc', '', '', '', 'CreatureType', '0', '', '', '', '2010-08-23 22:43:57', 12340);

--
-- Vypisuji data pro tabulku `GroupItem`
--

INSERT INTO `GroupItem` (`Id`, `Group`, `Sequence`, `Name`, `Column`, `Visible`, `MangosColumn`, `AddonFileName`) VALUES
(1, 1, 1, 'Titulek', 'Title', 1, 'Title', 'QuestTitle'),
(2, 1, 2, 'Podrobnosti', 'Details', 1, 'Details', 'QuestDescription'),
(3, 1, 3, 'Úkol', 'Objectives', 1, 'Objectives', 'QuestObjective'),
(4, 1, 4, 'Text slíbené odměny', 'OfferRewardText', 1, 'OfferRewardText', 'QuestReward'),
(5, 1, 5, 'Popis požadovaných předmětů', 'RequestItemsText', 1, 'RequestItemsText', 'QuestProgress'),
(6, 1, 6, 'Závěrečný text', 'EndText', 1, 'EndText', ''),
(7, 1, 7, 'Text úkolu 1', 'ObjectiveText1', 1, 'ObjectiveText1', ''),
(8, 1, 8, 'Text úkolu 2', 'ObjectiveText2', 1, 'ObjectiveText2', ''),
(9, 1, 9, 'Text úkolu 3', 'ObjectiveText3', 1, 'ObjectiveText3', ''),
(10, 1, 10, 'Text úkolu 4', 'ObjectiveText4', 1, 'ObjectiveText4', ''),
(11, 2, 1, 'Obsah', 'Text', 1, 'text', 'BookPage'),
(12, 3, 1, 'Text 0.0', 'Text0_0', 1, 'text0_0', 'NPCText'),
(13, 3, 2, 'Text 0.1', 'Text0_1', 1, 'text0_1', 'NPCText'),
(14, 3, 3, 'Text 1.0', 'Text1_0', 1, 'text1_0', ''),
(15, 3, 4, 'Text 1.1', 'Text1_1', 1, 'text1_1', ''),
(16, 3, 5, 'Text 2.0', 'Text2_0', 1, 'text2_0', ''),
(17, 3, 6, 'Text 2.1', 'Text2_1', 1, 'text2_1', ''),
(18, 3, 7, 'Text 3.0', 'Text3_0', 1, 'text3_0', ''),
(19, 3, 8, 'Text 3.1', 'Text3_1', 1, 'text3_1', ''),
(20, 3, 9, 'Text 4.0', 'Text4_0', 1, 'text4_0', ''),
(21, 3, 10, 'Text 4.1', 'Text4_1', 1, 'text4_1', ''),
(22, 3, 11, 'Text 5.0', 'Text5_0', 1, 'text5_0', ''),
(23, 3, 12, 'Text 5.1', 'Text5_1', 1, 'text5_1', ''),
(24, 3, 13, 'Text 6.0', 'Text6_0', 1, 'text6_0', ''),
(25, 3, 14, 'Text 6.1', 'Text6_1', 1, 'text6_1', ''),
(26, 3, 15, 'Text 7.0', 'Text7_0', 1, 'text7_0', ''),
(27, 3, 16, 'Text 7.1', 'Text7_1', 1, 'text7_1', ''),
(28, 4, 1, 'Jméno', 'Name', 1, 'name', ''),
(29, 4, 2, 'Popis', 'Description', 1, 'description', ''),
(30, 5, 1, 'Jméno', 'Name', 1, 'name', ''),
(31, 5, 2, 'Popisek', 'CastBarCaption', 1, 'castBarCaption', ''),
(32, 6, 1, 'Jméno', 'Name', 1, 'name', ''),
(33, 6, 2, 'Druhé jméno', 'SubName', 1, 'subname', ''),
(34, 7, 1, 'Obsah', 'ContentDefault', 1, 'content_default', ''),
(35, 8, 1, 'Nápověda', 'Help', 1, 'help', ''),
(38, 10, 1, 'Výchozí obsah', 'ContentDefault', 1, 'content_default', 'Creature'),
(39, 10, 2, 'Komentář', 'Comment', 1, 'comment', ''),
(40, 11, 1, 'Výchozí obsah', 'ContentDefault', 1, 'content_default', 'Creature'),
(41, 11, 2, 'Komentář', 'Comment', 1, 'comment', ''),
(42, 12, 1, 'Text', 'Text', 1, '', ''),
(43, 13, 1, 'Název', 'Name', 1, 'spellname', ''),
(46, 13, 2, 'Popis', 'Description', 1, 'buff', ''),
(44, 13, 3, 'Hodnost', 'Rank', 1, 'rank', ''),
(45, 13, 4, 'Popisek', 'ToolTip', 1, 'tooltip', ''),
(47, 14, 1, 'Text', 'Text', 1, '', ''),
(48, 14, 2, 'Komentář', 'Comment', 1, '', ''),
(49, 15, 1, 'Text', 'Text', 1, '', ''),
(50, 15, 2, 'Komentář', 'Comment', 1, '', ''),
(51, 14, 3, 'Zkratka', 'ShortCut', 0, '', ''),
(52, 15, 3, 'Zkratka', 'ShortCut', 0, '', ''),
(53, 8, 2, 'Name', 'Name', 0, 'name', ''),
(54, 16, 1, 'Text možnosti', 'OptionText', 1, 'option_text', 'NPCAction'),
(55, 17, 1, 'Jméno', 'Name', 1, 'name', ''),
(56, 18, 1, 'Jméno', 'Name', 1, 'name', ''),
(57, 19, 1, 'Jméno', 'Name', 1, 'name', ''),
(58, 20, 1, 'Název', 'Name', 1, '', ''),
(59, 20, 2, 'Popis', 'Description', 1, '', ''),
(60, 20, 3, 'Odměna', 'Reward', 1, '', ''),
(61, 21, 1, 'Název', 'Name', 1, '', ''),
(62, 22, 1, 'Kritérium', 'Text', 1, '', ''),
(63, 23, 1, 'Text', 'Text', 1, '', ''),
(64, 23, 2, 'Komentář', 'Comment', 1, '', ''),
(65, 23, 3, 'Zkratka', 'ShortCut', 0, '', ''),
(66, 16, 2, 'Index', 'Index', 0, '', ''),
(67, 24, 1, 'Název', 'Name', 1, '', ''),
(68, 25, 1, 'Text 1', 'Text1', 1, '', ''),
(69, 25, 2, 'Text 2', 'Text2', 1, '', ''),
(70, 26, 1, 'Název', 'Name', 1, '', ''),
(71, 27, 1, 'Název', 'Name', 1, '', ''),
(72, 28, 1, 'Název', 'Name', 1, '', ''),
(73, 28, 2, 'Popis', 'Description', 1, '', ''),
(74, 29, 1, 'Název', 'Name', 1, '', ''),
(75, 29, 2, 'Zkratka', 'ShortCut', 0, '', ''),
(76, 25, 3, 'Umístění', 'Frame', 0, '', ''),
(77, 25, 4, 'Umístění 2', 'Frame2', 0, '', ''),
(78, 24, 2, 'Stav', 'State', 1, '', ''),
(79, 30, 1, 'Název', 'Name', 1, '', ''),
(80, 30, 2, 'Zkrácené jméno', 'ShortName', 1, '', ''),
(81, 31, 2, 'Zhuštěný název', 'Name1', 0, '', ''),
(82, 31, 1, 'Název', 'Name2', 1, '', ''),
(83, 31, 3, 'Zkratka', 'ShortCut', 0, '', ''),
(84, 31, 4, 'Vzhled 1', 'Facial1', 0, '', ''),
(85, 31, 5, 'Vzhled 2', 'Facial2', 0, '', ''),
(86, 31, 6, 'Vzhled 3', 'Facial3', 0, '', ''),
(87, 32, 1, 'Text', 'Text', 1, '', ''),
(88, 33, 1, 'Jméno', 'Name', 1, '', ''),
(89, 34, 1, 'Jméno', 'Name', 1, '', ''),
(90, 35, 1, 'Jednotné', 'Name', 1, '', ''),
(91, 35, 2, 'Množné', 'Name2', 1, '', ''),
(92, 36, 1, 'Název', 'Name', 1, '', ''),
(93, 35, 3, 'Index', 'Index', 0, '', '');

--
-- Vypisuji data pro tabulku `GroupItemDBC`
--

INSERT INTO `GroupItemDBC` (`Id`, `ClientVersion`, `GroupItem`, `ColumnIndex`) VALUES
(1, 80, 42, 1),
(2, 75, 42, 1),
(3, 74, 42, 1),
(4, 1, 42, 1),
(5, 6, 42, 1),
(6, 9, 42, 1),
(7, 11, 42, 1),
(8, 80, 43, 142),
(9, 75, 43, 142),
(10, 74, 43, 142),
(11, 1, 43, 139),
(12, 6, 43, 130),
(13, 9, 43, 139),
(14, 11, 43, 127),
(15, 80, 46, 176),
(16, 75, 46, 176),
(17, 74, 46, 176),
(18, 1, 46, 173),
(19, 6, 46, 164),
(20, 9, 46, 173),
(21, 11, 46, 161),
(22, 80, 44, 159),
(23, 75, 44, 159),
(24, 74, 44, 159),
(25, 1, 44, 156),
(26, 6, 44, 147),
(27, 9, 44, 156),
(28, 11, 44, 144),
(29, 80, 45, 193),
(30, 75, 45, 193),
(31, 74, 45, 193),
(32, 1, 45, 190),
(33, 6, 45, 181),
(34, 9, 45, 190),
(35, 11, 45, 173),
(36, 80, 58, 4),
(37, 75, 58, 4),
(38, 74, 58, 4),
(39, 1, 58, 4),
(40, 80, 59, 21),
(41, 75, 59, 21),
(42, 74, 59, 21),
(43, 1, 59, 21),
(48, 80, 61, 2),
(49, 75, 61, 2),
(50, 74, 61, 2),
(51, 1, 61, 2),
(52, 80, 62, 9),
(53, 75, 62, 9),
(54, 74, 62, 9),
(55, 1, 62, 9),
(56, 80, 67, 18),
(57, 80, 60, 43),
(58, 75, 60, 43),
(59, 74, 60, 43),
(60, 1, 60, 43),
(61, 80, 68, 5),
(62, 80, 69, 22),
(63, 80, 70, 1),
(64, 80, 71, 1),
(65, 80, 72, 3),
(66, 80, 73, 20),
(67, 80, 74, 4),
(68, 80, 75, 55),
(69, 80, 76, 4),
(70, 80, 77, 41),
(71, 80, 78, 35),
(72, 80, 79, 3),
(73, 80, 80, 20),
(74, 80, 81, 11),
(75, 80, 82, 14),
(76, 80, 83, 6),
(77, 80, 84, 65),
(78, 80, 85, 66),
(79, 80, 86, 67),
(80, 80, 87, 1),
(81, 80, 88, 11),
(82, 80, 89, 1),
(83, 80, 90, 10),
(84, 80, 91, 27),
(85, 80, 92, 1),
(86, 82, 42, 1),
(87, 82, 43, 136),
(88, 82, 46, 170),
(89, 82, 44, 153),
(90, 82, 45, 187),
(91, 82, 58, 4),
(92, 82, 59, 21),
(93, 82, 61, 2),
(94, 82, 62, 9),
(95, 82, 67, 18),
(96, 82, 60, 43),
(97, 82, 68, 5),
(98, 82, 69, 22),
(99, 82, 70, 1),
(100, 82, 71, 1),
(101, 82, 72, 3),
(102, 82, 73, 20),
(103, 82, 74, 4),
(104, 82, 75, 55),
(105, 82, 76, 4),
(106, 82, 77, 41),
(107, 82, 78, 35),
(108, 82, 79, 3),
(109, 82, 80, 20),
(110, 82, 81, 11),
(111, 82, 82, 14),
(112, 82, 83, 6),
(113, 82, 84, 65),
(114, 82, 85, 66),
(115, 82, 86, 67),
(116, 82, 87, 1),
(117, 82, 88, 11),
(118, 82, 89, 1),
(119, 82, 90, 10),
(120, 82, 91, 27),
(121, 82, 92, 1),
(124, 84, 42, 1),
(125, 84, 43, 136),
(126, 84, 46, 170),
(127, 84, 44, 153),
(128, 84, 45, 187),
(129, 84, 58, 4),
(130, 84, 59, 21),
(131, 84, 61, 2),
(132, 84, 62, 9),
(133, 84, 67, 18),
(134, 84, 60, 43),
(135, 84, 68, 5),
(136, 84, 69, 22),
(137, 84, 70, 1),
(138, 84, 71, 1),
(139, 84, 72, 3),
(140, 84, 73, 20),
(141, 84, 74, 4),
(142, 84, 75, 55),
(143, 84, 76, 4),
(144, 84, 77, 41),
(145, 84, 78, 35),
(146, 84, 79, 3),
(147, 84, 80, 20),
(148, 84, 81, 11),
(149, 84, 82, 14),
(150, 84, 83, 6),
(151, 84, 84, 65),
(152, 84, 85, 66),
(153, 84, 86, 67),
(154, 84, 87, 1),
(155, 84, 88, 11),
(156, 84, 89, 1),
(157, 84, 90, 10),
(158, 84, 91, 27),
(159, 84, 92, 1);

--
-- Vypisuji data pro tabulku `Language`
--

INSERT INTO `Language` (`Id`, `Name`, `Enabled`) VALUES
(1, 'Čeština', 1),
(2, 'Slovenština', 1),
(0, 'Angličtina', 0);
